41.41.116.63 - - [02/Aug/2026:00:56:36 -0600] "POST /xmlrpc.php HTTP/1.1" 200 403 "-" "Jetpack by WordPress.com (Jetpack 12.5; WordPress 6.4)"
41.41.116.63 - - [02/Aug/2026:00:56:48 -0600] "POST /xmlrpc.php HTTP/1.1" 200 403 "-" "Jetpack/13.0; WordPress/6.2; http://site30810014.com"
162.240.68.55 - - [02/Aug/2026:00:57:01 -0600] "POST /wp-cron.php?doing_wp_cron=1785653821.5999720096588134765625 HTTP/1.1" 200 - "-" "WordPress/7.0.2; https://nrfwomencouncil.org"
41.41.116.63 - - [02/Aug/2026:00:57:00 -0600] "POST /xmlrpc.php HTTP/1.1" 200 403 "-" "Jetpack by WordPress.com (Jetpack 12.1; WordPress 6.4)"
41.41.116.63 - - [02/Aug/2026:00:57:12 -0600] "POST /xmlrpc.php HTTP/1.1" 200 403 "-" "Jetpack by WordPress.com (Jetpack 12.1; WordPress 6.4)"
41.41.116.63 - - [02/Aug/2026:00:57:24 -0600] "POST /xmlrpc.php HTTP/1.1" 200 403 "-" "Jetpack/12.5; WordPress/6.1; http://site46496723.com"
41.41.116.63 - - [02/Aug/2026:00:57:36 -0600] "POST /xmlrpc.php HTTP/1.1" 200 403 "-" "Jetpack by WordPress.com (Jetpack 13.0; WordPress 6.2)"
41.41.116.63 - - [02/Aug/2026:00:57:49 -0600] "POST /xmlrpc.php HTTP/1.1" 200 403 "-" "Jetpack by WordPress.com (Jetpack 12.5; WordPress 6.4)"
162.240.68.55 - - [02/Aug/2026:00:58:01 -0600] "POST /wp-cron.php?doing_wp_cron=1785653881.9317219257354736328125 HTTP/1.1" 200 - "-" "WordPress/7.0.2; https://nrfwomencouncil.org"
41.41.116.63 - - [02/Aug/2026:00:58:01 -0600] "POST /xmlrpc.php HTTP/1.1" 200 403 "-" "Jetpack by WordPress.com"
41.41.116.63 - - [02/Aug/2026:00:58:13 -0600] "POST /xmlrpc.php HTTP/1.1" 200 403 "-" "WordPress.com; https://wordpress.com"
41.41.116.63 - - [02/Aug/2026:00:58:25 -0600] "POST /xmlrpc.php HTTP/1.1" 200 403 "-" "WordPress.com; https://wordpress.com"
41.41.116.63 - - [02/Aug/2026:00:58:37 -0600] "POST /xmlrpc.php HTTP/1.1" 200 403 "-" "Jetpack by WordPress.com (Jetpack 12.1; WordPress 6.2)"
41.41.116.63 - - [02/Aug/2026:00:58:49 -0600] "POST /xmlrpc.php HTTP/1.1" 200 403 "-" "Jetpack by WordPress.com (Jetpack 12.5; WordPress 6.2)"
162.240.68.55 - - [02/Aug/2026:00:59:02 -0600] "POST /wp-cron.php?doing_wp_cron=1785653942.0450820922851562500000 HTTP/1.1" 200 - "-" "WordPress/7.0.2; https://nrfwomencouncil.org"
41.41.116.63 - - [02/Aug/2026:00:59:01 -0600] "POST /xmlrpc.php HTTP/1.1" 200 403 "-" "Jetpack by WordPress.com"
41.41.116.63 - - [02/Aug/2026:00:59:13 -0600] "POST /xmlrpc.php HTTP/1.1" 200 403 "-" "Jetpack by WordPress.com (Jetpack 12.1; WordPress 6.4)"
41.41.116.63 - - [02/Aug/2026:00:59:25 -0600] "POST /xmlrpc.php HTTP/1.1" 200 403 "-" "Jetpack/12.1; WordPress/6.1; http://site42575209.com"
41.41.116.63 - - [02/Aug/2026:00:59:37 -0600] "POST /xmlrpc.php HTTP/1.1" 200 403 "-" "Jetpack/12.0; WordPress/6.3; http://site82778993.com"
41.41.116.63 - - [02/Aug/2026:00:59:49 -0600] "POST /xmlrpc.php HTTP/1.1" 200 403 "-" "WordPress.com; https://wordpress.com"
162.240.68.55 - - [02/Aug/2026:01:00:02 -0600] "POST /wp-cron.php?doing_wp_cron=1785654002.5144979953765869140625 HTTP/1.1" 200 - "-" "WordPress/7.0.2; https://nrfwomencouncil.org"
41.41.116.63 - - [02/Aug/2026:01:00:01 -0600] "POST /xmlrpc.php HTTP/1.1" 200 403 "-" "Jetpack by WordPress.com"
41.41.116.63 - - [02/Aug/2026:01:00:13 -0600] "POST /xmlrpc.php HTTP/1.1" 200 403 "-" "Jetpack by WordPress.com (Jetpack 12.0; WordPress 6.4)"
41.41.116.63 - - [02/Aug/2026:01:00:25 -0600] "POST /xmlrpc.php HTTP/1.1" 200 403 "-" "Jetpack by WordPress.com"
41.41.116.63 - - [02/Aug/2026:01:00:37 -0600] "POST /xmlrpc.php HTTP/1.1" 200 403 "-" "WordPress.com; https://wordpress.com"
41.41.116.63 - - [02/Aug/2026:01:00:49 -0600] "POST /xmlrpc.php HTTP/1.1" 200 403 "-" "Jetpack by WordPress.com (Jetpack 12.5; WordPress 6.3)"
162.240.68.55 - - [02/Aug/2026:01:01:02 -0600] "POST /wp-cron.php?doing_wp_cron=1785654062.4106020927429199218750 HTTP/1.1" 200 - "-" "WordPress/7.0.2; https://nrfwomencouncil.org"
41.41.116.63 - - [02/Aug/2026:01:01:01 -0600] "POST /xmlrpc.php HTTP/1.1" 200 403 "-" "WordPress.com; https://wordpress.com"
41.41.116.63 - - [02/Aug/2026:01:01:13 -0600] "POST /xmlrpc.php HTTP/1.1" 200 403 "-" "Jetpack by WordPress.com"
41.41.116.63 - - [02/Aug/2026:01:01:25 -0600] "POST /xmlrpc.php HTTP/1.1" 200 403 "-" "WordPress.com; https://wordpress.com"
41.41.116.63 - - [02/Aug/2026:01:01:37 -0600] "POST /xmlrpc.php HTTP/1.1" 200 403 "-" "Jetpack by WordPress.com"
41.41.116.63 - - [02/Aug/2026:01:01:49 -0600] "POST /xmlrpc.php HTTP/1.1" 200 403 "-" "Jetpack by WordPress.com (Jetpack 12.0; WordPress 6.1)"
162.240.68.55 - - [02/Aug/2026:01:02:02 -0600] "POST /wp-cron.php?doing_wp_cron=1785654122.4941239356994628906250 HTTP/1.1" 200 - "-" "WordPress/7.0.2; https://nrfwomencouncil.org"
41.41.116.63 - - [02/Aug/2026:01:02:01 -0600] "POST /xmlrpc.php HTTP/1.1" 200 403 "-" "Jetpack by WordPress.com"
41.41.116.63 - - [02/Aug/2026:01:02:13 -0600] "POST /xmlrpc.php HTTP/1.1" 200 403 "-" "Jetpack by WordPress.com (Jetpack 12.1; WordPress 6.4)"
41.41.116.63 - - [02/Aug/2026:01:02:25 -0600] "POST /xmlrpc.php HTTP/1.1" 200 403 "-" "Jetpack/13.0; WordPress/6.4; http://site45561223.com"
41.41.116.63 - - [02/Aug/2026:01:02:37 -0600] "POST /xmlrpc.php HTTP/1.1" 200 403 "-" "WordPress.com; https://wordpress.com"
41.41.116.63 - - [02/Aug/2026:01:02:49 -0600] "POST /xmlrpc.php HTTP/1.1" 200 403 "-" "Jetpack by WordPress.com"
162.240.68.55 - - [02/Aug/2026:01:03:02 -0600] "POST /wp-cron.php?doing_wp_cron=1785654182.5897209644317626953125 HTTP/1.1" 200 - "-" "WordPress/7.0.2; https://nrfwomencouncil.org"
41.41.116.63 - - [02/Aug/2026:01:03:01 -0600] "POST /xmlrpc.php HTTP/1.1" 200 403 "-" "WordPress.com; https://wordpress.com"
41.41.116.63 - - [02/Aug/2026:01:03:13 -0600] "POST /xmlrpc.php HTTP/1.1" 200 403 "-" "Jetpack by WordPress.com"
41.41.116.63 - - [02/Aug/2026:01:03:25 -0600] "POST /xmlrpc.php HTTP/1.1" 200 403 "-" "Jetpack by WordPress.com (Jetpack 12.1; WordPress 6.3)"
35.95.140.189 - - [02/Aug/2026:01:03:34 -0600] "GET / HTTP/1.1" 200 62762 "-" "Mozilla/5.0 (Macintosh; Intel Mac OS X 10_15_7) AppleWebKit/537.36 (KHTML, like Gecko) Chrome/134.0.0.0 Safari/537.36"
41.41.116.63 - - [02/Aug/2026:01:03:37 -0600] "POST /xmlrpc.php HTTP/1.1" 200 403 "-" "Jetpack by WordPress.com"
41.41.116.63 - - [02/Aug/2026:01:03:49 -0600] "POST /xmlrpc.php HTTP/1.1" 200 403 "-" "Jetpack by WordPress.com (Jetpack 12.1; WordPress 6.2)"
162.240.68.55 - - [02/Aug/2026:01:04:02 -0600] "POST /wp-cron.php?doing_wp_cron=1785654242.6459960937500000000000 HTTP/1.1" 200 - "-" "WordPress/7.0.2; https://nrfwomencouncil.org"
41.41.116.63 - - [02/Aug/2026:01:04:01 -0600] "POST /xmlrpc.php HTTP/1.1" 200 403 "-" "Jetpack/12.0; WordPress/6.1; http://site85968916.com"
41.41.116.63 - - [02/Aug/2026:01:04:13 -0600] "POST /xmlrpc.php HTTP/1.1" 200 403 "-" "Jetpack/13.0; WordPress/6.2; http://site59797750.com"
41.41.116.63 - - [02/Aug/2026:01:04:25 -0600] "POST /xmlrpc.php HTTP/1.1" 200 403 "-" "Jetpack by WordPress.com"
41.41.116.63 - - [02/Aug/2026:01:04:37 -0600] "POST /xmlrpc.php HTTP/1.1" 200 403 "-" "Jetpack by WordPress.com"
41.41.116.63 - - [02/Aug/2026:01:04:50 -0600] "POST /xmlrpc.php HTTP/1.1" 200 403 "-" "Jetpack/12.5; WordPress/6.2; http://site32771602.com"
162.240.68.55 - - [02/Aug/2026:01:05:02 -0600] "POST /wp-cron.php?doing_wp_cron=1785654302.8908219337463378906250 HTTP/1.1" 200 - "-" "WordPress/7.0.2; https://nrfwomencouncil.org"
41.41.116.63 - - [02/Aug/2026:01:05:02 -0600] "POST /xmlrpc.php HTTP/1.1" 200 403 "-" "Jetpack by WordPress.com (Jetpack 12.5; WordPress 6.4)"
41.41.116.63 - - [02/Aug/2026:01:05:14 -0600] "POST /xmlrpc.php HTTP/1.1" 200 403 "-" "WordPress.com; https://wordpress.com"
41.41.116.63 - - [02/Aug/2026:01:05:26 -0600] "POST /xmlrpc.php HTTP/1.1" 200 403 "-" "WordPress.com; https://wordpress.com"
41.41.116.63 - - [02/Aug/2026:01:05:38 -0600] "POST /xmlrpc.php HTTP/1.1" 200 403 "-" "Jetpack/12.0; WordPress/6.4; http://site98672420.com"
41.41.116.63 - - [02/Aug/2026:01:05:50 -0600] "POST /xmlrpc.php HTTP/1.1" 200 403 "-" "WordPress.com; https://wordpress.com"
41.41.116.63 - - [02/Aug/2026:01:06:02 -0600] "POST /xmlrpc.php HTTP/1.1" 200 403 "-" "Jetpack by WordPress.com"
162.240.68.55 - - [02/Aug/2026:01:06:03 -0600] "POST /wp-cron.php?doing_wp_cron=1785654363.1501638889312744140625 HTTP/1.1" 200 - "-" "WordPress/7.0.2; https://nrfwomencouncil.org"
41.41.116.63 - - [02/Aug/2026:01:06:14 -0600] "POST /xmlrpc.php HTTP/1.1" 200 403 "-" "Jetpack/12.5; WordPress/6.4; http://site56116414.com"
41.41.116.63 - - [02/Aug/2026:01:06:26 -0600] "POST /xmlrpc.php HTTP/1.1" 200 403 "-" "Jetpack by WordPress.com"
41.41.116.63 - - [02/Aug/2026:01:06:38 -0600] "POST /xmlrpc.php HTTP/1.1" 200 403 "-" "Jetpack/12.1; WordPress/6.3; http://site87292367.com"
41.41.116.63 - - [02/Aug/2026:01:06:50 -0600] "POST /xmlrpc.php HTTP/1.1" 200 403 "-" "WordPress.com; https://wordpress.com"
162.240.68.55 - - [02/Aug/2026:01:07:03 -0600] "POST /wp-cron.php?doing_wp_cron=1785654423.2433319091796875000000 HTTP/1.1" 200 - "-" "WordPress/7.0.2; https://nrfwomencouncil.org"
41.41.116.63 - - [02/Aug/2026:01:07:02 -0600] "POST /xmlrpc.php HTTP/1.1" 200 403 "-" "Jetpack by WordPress.com (Jetpack 13.0; WordPress 6.4)"
41.41.116.63 - - [02/Aug/2026:01:07:14 -0600] "POST /xmlrpc.php HTTP/1.1" 200 403 "-" "WordPress.com; https://wordpress.com"
41.41.116.63 - - [02/Aug/2026:01:07:26 -0600] "POST /xmlrpc.php HTTP/1.1" 200 403 "-" "Jetpack/12.5; WordPress/6.3; http://site54413769.com"
41.41.116.63 - - [02/Aug/2026:01:07:38 -0600] "POST /xmlrpc.php HTTP/1.1" 200 403 "-" "Jetpack by WordPress.com (Jetpack 13.0; WordPress 6.2)"
41.41.116.63 - - [02/Aug/2026:01:07:50 -0600] "POST /xmlrpc.php HTTP/1.1" 200 403 "-" "Jetpack by WordPress.com (Jetpack 13.0; WordPress 6.2)"
41.41.116.63 - - [02/Aug/2026:01:08:02 -0600] "POST /xmlrpc.php HTTP/1.1" 200 403 "-" "Jetpack by WordPress.com"
162.240.68.55 - - [02/Aug/2026:01:08:05 -0600] "POST /wp-cron.php?doing_wp_cron=1785654485.0306000709533691406250 HTTP/1.1" 200 - "-" "WordPress/7.0.2; https://nrfwomencouncil.org"
41.41.116.63 - - [02/Aug/2026:01:08:14 -0600] "POST /xmlrpc.php HTTP/1.1" 200 403 "-" "Jetpack/12.5; WordPress/6.2; http://site33192286.com"
41.41.116.63 - - [02/Aug/2026:01:08:26 -0600] "POST /xmlrpc.php HTTP/1.1" 200 403 "-" "Jetpack by WordPress.com (Jetpack 12.1; WordPress 6.1)"
41.41.116.63 - - [02/Aug/2026:01:08:38 -0600] "POST /xmlrpc.php HTTP/1.1" 200 403 "-" "Jetpack by WordPress.com (Jetpack 12.0; WordPress 6.4)"
41.41.116.63 - - [02/Aug/2026:01:08:50 -0600] "POST /xmlrpc.php HTTP/1.1" 200 403 "-" "Jetpack/12.1; WordPress/6.2; http://site56606928.com"
162.240.68.55 - - [02/Aug/2026:01:09:03 -0600] "POST /wp-cron.php?doing_wp_cron=1785654543.3576340675354003906250 HTTP/1.1" 200 - "-" "WordPress/7.0.2; https://nrfwomencouncil.org"
41.41.116.63 - - [02/Aug/2026:01:09:02 -0600] "POST /xmlrpc.php HTTP/1.1" 200 403 "-" "Jetpack/12.0; WordPress/6.2; http://site92581651.com"
54.39.210.20 - - [02/Aug/2026:01:09:05 -0600] "GET /events/2025-03-15/index.html HTTP/1.1" 404 37150 "-" "Mozilla/5.0 (compatible; AhrefsBot/7.0; +http://ahrefs.com/robot/)"
162.240.68.55 - - [02/Aug/2026:01:09:15 -0600] "POST /wp-cron.php?doing_wp_cron=1785654555.3291139602661132812500 HTTP/1.1" 200 - "-" "WordPress/7.0.2; https://nrfwomencouncil.org"
41.41.116.63 - - [02/Aug/2026:01:09:14 -0600] "POST /xmlrpc.php HTTP/1.1" 200 403 "-" "Jetpack by WordPress.com (Jetpack 12.0; WordPress 6.4)"
41.41.116.63 - - [02/Aug/2026:01:09:26 -0600] "POST /xmlrpc.php HTTP/1.1" 200 403 "-" "Jetpack/12.1; WordPress/6.2; http://site97552383.com"
41.41.116.63 - - [02/Aug/2026:01:09:38 -0600] "POST /xmlrpc.php HTTP/1.1" 200 403 "-" "Jetpack/12.0; WordPress/6.3; http://site95785106.com"
162.240.68.55 - - [02/Aug/2026:01:09:39 -0600] "POST /wp-cron.php?doing_wp_cron=1785654579.3121759891510009765625 HTTP/1.1" 200 - "-" "WordPress/7.0.2; https://nrfwomencouncil.org"
41.41.116.63 - - [02/Aug/2026:01:09:50 -0600] "POST /xmlrpc.php HTTP/1.1" 200 403 "-" "Jetpack by WordPress.com"
162.240.68.55 - - [02/Aug/2026:01:10:03 -0600] "POST /wp-cron.php?doing_wp_cron=1785654603.4388899803161621093750 HTTP/1.1" 200 - "-" "WordPress/7.0.2; https://nrfwomencouncil.org"
41.41.116.63 - - [02/Aug/2026:01:10:02 -0600] "POST /xmlrpc.php HTTP/1.1" 200 403 "-" "WordPress.com; https://wordpress.com"
41.41.116.63 - - [02/Aug/2026:01:10:14 -0600] "POST /xmlrpc.php HTTP/1.1" 200 403 "-" "Jetpack by WordPress.com"
41.41.116.63 - - [02/Aug/2026:01:10:26 -0600] "POST /xmlrpc.php HTTP/1.1" 200 403 "-" "Jetpack/12.0; WordPress/6.2; http://site45279627.com"
41.41.116.63 - - [02/Aug/2026:01:10:38 -0600] "POST /xmlrpc.php HTTP/1.1" 200 403 "-" "Jetpack/13.0; WordPress/6.3; http://site39478430.com"
41.41.116.63 - - [02/Aug/2026:01:10:50 -0600] "POST /xmlrpc.php HTTP/1.1" 200 403 "-" "Jetpack/13.0; WordPress/6.3; http://site95013180.com"
162.240.68.55 - - [02/Aug/2026:01:11:03 -0600] "POST /wp-cron.php?doing_wp_cron=1785654663.4954869747161865234375 HTTP/1.1" 200 - "-" "WordPress/7.0.2; https://nrfwomencouncil.org"
41.41.116.63 - - [02/Aug/2026:01:11:02 -0600] "POST /xmlrpc.php HTTP/1.1" 200 403 "-" "Jetpack by WordPress.com (Jetpack 12.1; WordPress 6.4)"
41.41.116.63 - - [02/Aug/2026:01:11:14 -0600] "POST /xmlrpc.php HTTP/1.1" 200 403 "-" "WordPress.com; https://wordpress.com"
41.41.116.63 - - [02/Aug/2026:01:11:26 -0600] "POST /xmlrpc.php HTTP/1.1" 200 403 "-" "Jetpack by WordPress.com (Jetpack 12.0; WordPress 6.2)"
41.41.116.63 - - [02/Aug/2026:01:11:38 -0600] "POST /xmlrpc.php HTTP/1.1" 200 403 "-" "Jetpack/12.5; WordPress/6.4; http://site47715907.com"
41.41.116.63 - - [02/Aug/2026:01:11:50 -0600] "POST /xmlrpc.php HTTP/1.1" 200 403 "-" "Jetpack/12.1; WordPress/6.1; http://site54233827.com"
162.240.68.55 - - [02/Aug/2026:01:12:03 -0600] "POST /wp-cron.php?doing_wp_cron=1785654723.8848409652709960937500 HTTP/1.1" 200 - "-" "WordPress/7.0.2; https://nrfwomencouncil.org"
41.41.116.63 - - [02/Aug/2026:01:12:03 -0600] "POST /xmlrpc.php HTTP/1.1" 200 403 "-" "Jetpack by WordPress.com"
41.41.116.63 - - [02/Aug/2026:01:12:15 -0600] "POST /xmlrpc.php HTTP/1.1" 200 403 "-" "WordPress.com; https://wordpress.com"
41.41.116.63 - - [02/Aug/2026:01:12:27 -0600] "POST /xmlrpc.php HTTP/1.1" 200 403 "-" "WordPress.com; https://wordpress.com"
41.41.116.63 - - [02/Aug/2026:01:12:39 -0600] "POST /xmlrpc.php HTTP/1.1" 200 403 "-" "Jetpack by WordPress.com"
41.41.116.63 - - [02/Aug/2026:01:12:51 -0600] "POST /xmlrpc.php HTTP/1.1" 200 403 "-" "Jetpack by WordPress.com (Jetpack 12.0; WordPress 6.1)"
162.240.68.55 - - [02/Aug/2026:01:13:04 -0600] "POST /wp-cron.php?doing_wp_cron=1785654784.0790469646453857421875 HTTP/1.1" 200 - "-" "WordPress/7.0.2; https://nrfwomencouncil.org"
41.41.116.63 - - [02/Aug/2026:01:13:03 -0600] "POST /xmlrpc.php HTTP/1.1" 200 403 "-" "Jetpack/13.0; WordPress/6.2; http://site65496589.com"
162.240.68.55 - - [02/Aug/2026:01:13:16 -0600] "POST /wp-cron.php?doing_wp_cron=1785654796.1122369766235351562500 HTTP/1.1" 200 - "-" "WordPress/7.0.2; https://nrfwomencouncil.org"
41.41.116.63 - - [02/Aug/2026:01:13:15 -0600] "POST /xmlrpc.php HTTP/1.1" 200 403 "-" "Jetpack by WordPress.com (Jetpack 12.5; WordPress 6.1)"
41.41.116.63 - - [02/Aug/2026:01:13:27 -0600] "POST /xmlrpc.php HTTP/1.1" 200 403 "-" "Jetpack/12.0; WordPress/6.1; http://site72258641.com"
41.41.116.63 - - [02/Aug/2026:01:13:39 -0600] "POST /xmlrpc.php HTTP/1.1" 200 403 "-" "Jetpack by WordPress.com"
41.41.116.63 - - [02/Aug/2026:01:13:51 -0600] "POST /xmlrpc.php HTTP/1.1" 200 403 "-" "WordPress.com; https://wordpress.com"
162.240.68.55 - - [02/Aug/2026:01:14:04 -0600] "POST /wp-cron.php?doing_wp_cron=1785654844.2244350910186767578125 HTTP/1.1" 200 - "-" "WordPress/7.0.2; https://nrfwomencouncil.org"
41.41.116.63 - - [02/Aug/2026:01:14:03 -0600] "POST /xmlrpc.php HTTP/1.1" 200 403 "-" "Jetpack/12.1; WordPress/6.2; http://site34190454.com"
41.41.116.63 - - [02/Aug/2026:01:14:15 -0600] "POST /xmlrpc.php HTTP/1.1" 200 403 "-" "Jetpack by WordPress.com"
41.41.116.63 - - [02/Aug/2026:01:14:27 -0600] "POST /xmlrpc.php HTTP/1.1" 200 403 "-" "Jetpack by WordPress.com (Jetpack 12.5; WordPress 6.3)"
41.41.116.63 - - [02/Aug/2026:01:14:39 -0600] "POST /xmlrpc.php HTTP/1.1" 200 403 "-" "Jetpack by WordPress.com"
41.41.116.63 - - [02/Aug/2026:01:14:51 -0600] "POST /xmlrpc.php HTTP/1.1" 200 403 "-" "Jetpack by WordPress.com"
162.240.68.55 - - [02/Aug/2026:01:15:04 -0600] "POST /wp-cron.php?doing_wp_cron=1785654904.3840029239654541015625 HTTP/1.1" 200 - "-" "WordPress/7.0.2; https://nrfwomencouncil.org"
41.41.116.63 - - [02/Aug/2026:01:15:03 -0600] "POST /xmlrpc.php HTTP/1.1" 200 403 "-" "WordPress.com; https://wordpress.com"
41.41.116.63 - - [02/Aug/2026:01:15:15 -0600] "POST /xmlrpc.php HTTP/1.1" 200 403 "-" "Jetpack/12.5; WordPress/6.1; http://site60523698.com"
41.41.116.63 - - [02/Aug/2026:01:15:27 -0600] "POST /xmlrpc.php HTTP/1.1" 200 403 "-" "Jetpack/12.1; WordPress/6.3; http://site31406133.com"
41.41.116.63 - - [02/Aug/2026:01:15:39 -0600] "POST /xmlrpc.php HTTP/1.1" 200 403 "-" "Jetpack by WordPress.com"
41.41.116.63 - - [02/Aug/2026:01:15:51 -0600] "POST /xmlrpc.php HTTP/1.1" 200 403 "-" "Jetpack by WordPress.com"
41.41.116.63 - - [02/Aug/2026:01:16:03 -0600] "POST /xmlrpc.php HTTP/1.1" 200 403 "-" "WordPress.com; https://wordpress.com"
41.41.116.63 - - [02/Aug/2026:01:16:15 -0600] "POST /xmlrpc.php HTTP/1.1" 200 403 "-" "Jetpack by WordPress.com (Jetpack 13.0; WordPress 6.4)"
41.41.116.63 - - [02/Aug/2026:01:16:27 -0600] "POST /xmlrpc.php HTTP/1.1" 200 403 "-" "Jetpack by WordPress.com"
41.41.116.63 - - [02/Aug/2026:01:16:40 -0600] "POST /xmlrpc.php HTTP/1.1" 200 403 "-" "Jetpack by WordPress.com"
41.41.116.63 - - [02/Aug/2026:01:16:52 -0600] "POST /xmlrpc.php HTTP/1.1" 200 403 "-" "Jetpack/12.1; WordPress/6.3; http://site55082535.com"
162.240.68.55 - - [02/Aug/2026:01:17:05 -0600] "POST /wp-cron.php?doing_wp_cron=1785655025.0005989074707031250000 HTTP/1.1" 200 - "-" "WordPress/7.0.2; https://nrfwomencouncil.org"
41.41.116.63 - - [02/Aug/2026:01:17:04 -0600] "POST /xmlrpc.php HTTP/1.1" 200 403 "-" "Jetpack/13.0; WordPress/6.3; http://site68632215.com"
41.41.116.63 - - [02/Aug/2026:01:17:16 -0600] "POST /xmlrpc.php HTTP/1.1" 200 403 "-" "WordPress.com; https://wordpress.com"
41.41.116.63 - - [02/Aug/2026:01:17:28 -0600] "POST /xmlrpc.php HTTP/1.1" 200 403 "-" "Jetpack/13.0; WordPress/6.3; http://site31689363.com"
41.41.116.63 - - [02/Aug/2026:01:17:40 -0600] "POST /xmlrpc.php HTTP/1.1" 200 403 "-" "Jetpack/12.1; WordPress/6.1; http://site38705068.com"
41.41.116.63 - - [02/Aug/2026:01:17:52 -0600] "POST /xmlrpc.php HTTP/1.1" 200 403 "-" "Jetpack/13.0; WordPress/6.3; http://site29104098.com"
162.240.68.55 - - [02/Aug/2026:01:18:05 -0600] "POST /wp-cron.php?doing_wp_cron=1785655085.3018460273742675781250 HTTP/1.1" 200 - "-" "WordPress/7.0.2; https://nrfwomencouncil.org"
41.41.116.63 - - [02/Aug/2026:01:18:04 -0600] "POST /xmlrpc.php HTTP/1.1" 200 403 "-" "Jetpack/13.0; WordPress/6.1; http://site85879318.com"
74.7.244.18 - - [02/Aug/2026:01:18:07 -0600] "GET /robots.txt HTTP/1.1" 200 120 "-" "Mozilla/5.0 (Macintosh; Intel Mac OS X 10_15_7) AppleWebKit/537.36 (KHTML, like Gecko) Chrome/131.0.0.0 Safari/537.36; compatible; OAI-SearchBot/1.4; robots.txt; +https://openai.com/searchbot"
41.41.116.63 - - [02/Aug/2026:01:18:16 -0600] "POST /xmlrpc.php HTTP/1.1" 200 403 "-" "Jetpack by WordPress.com"
41.41.116.63 - - [02/Aug/2026:01:18:28 -0600] "POST /xmlrpc.php HTTP/1.1" 200 403 "-" "WordPress.com; https://wordpress.com"
41.41.116.63 - - [02/Aug/2026:01:18:40 -0600] "POST /xmlrpc.php HTTP/1.1" 200 403 "-" "Jetpack by WordPress.com (Jetpack 13.0; WordPress 6.1)"
41.41.116.63 - - [02/Aug/2026:01:18:52 -0600] "POST /xmlrpc.php HTTP/1.1" 200 403 "-" "Jetpack by WordPress.com (Jetpack 12.1; WordPress 6.4)"
162.240.68.55 - - [02/Aug/2026:01:19:05 -0600] "POST /wp-cron.php?doing_wp_cron=1785655145.5098159313201904296875 HTTP/1.1" 200 - "-" "WordPress/7.0.2; https://nrfwomencouncil.org"
41.41.116.63 - - [02/Aug/2026:01:19:04 -0600] "POST /xmlrpc.php HTTP/1.1" 200 403 "-" "Jetpack by WordPress.com (Jetpack 12.0; WordPress 6.3)"
41.41.116.63 - - [02/Aug/2026:01:19:16 -0600] "POST /xmlrpc.php HTTP/1.1" 200 403 "-" "Jetpack/12.0; WordPress/6.2; http://site35368549.com"
41.41.116.63 - - [02/Aug/2026:01:19:28 -0600] "POST /xmlrpc.php HTTP/1.1" 200 403 "-" "Jetpack by WordPress.com"
41.41.116.63 - - [02/Aug/2026:01:19:40 -0600] "POST /xmlrpc.php HTTP/1.1" 200 403 "-" "Jetpack/12.5; WordPress/6.4; http://site52047718.com"
41.41.116.63 - - [02/Aug/2026:01:19:52 -0600] "POST /xmlrpc.php HTTP/1.1" 200 403 "-" "WordPress.com; https://wordpress.com"
162.240.68.55 - - [02/Aug/2026:01:20:05 -0600] "POST /wp-cron.php?doing_wp_cron=1785655205.5027790069580078125000 HTTP/1.1" 200 - "-" "WordPress/7.0.2; https://nrfwomencouncil.org"
41.41.116.63 - - [02/Aug/2026:01:20:04 -0600] "POST /xmlrpc.php HTTP/1.1" 200 403 "-" "Jetpack by WordPress.com"
41.41.116.63 - - [02/Aug/2026:01:20:16 -0600] "POST /xmlrpc.php HTTP/1.1" 200 403 "-" "Jetpack by WordPress.com"
41.41.116.63 - - [02/Aug/2026:01:20:28 -0600] "POST /xmlrpc.php HTTP/1.1" 200 403 "-" "Jetpack by WordPress.com (Jetpack 12.5; WordPress 6.2)"
41.41.116.63 - - [02/Aug/2026:01:20:40 -0600] "POST /xmlrpc.php HTTP/1.1" 200 403 "-" "Jetpack/13.0; WordPress/6.3; http://site43568560.com"
41.41.116.63 - - [02/Aug/2026:01:20:52 -0600] "POST /xmlrpc.php HTTP/1.1" 200 403 "-" "Jetpack/12.5; WordPress/6.3; http://site83351750.com"
162.240.68.55 - - [02/Aug/2026:01:21:21 -0600] "POST /wp-cron.php?doing_wp_cron=1785655281.5927639007568359375000 HTTP/1.1" 200 - "-" "WordPress/7.0.2; https://nrfwomencouncil.org"
144.76.32.236 - - [02/Aug/2026:01:21:20 -0600] "GET /events/category/events/month/ HTTP/1.1" 200 190986 "-" "Mozilla/5.0 (compatible; SERankingBacklinksBot/1.0; +https://seranking.com/backlinks-crawler)"
45.82.244.214 - - [02/Aug/2026:01:21:24 -0600] "GET /ads.txt HTTP/1.1" 404 37150 "-" "ads-txt-crawler/2.0"
144.76.32.236 - - [02/Aug/2026:01:21:41 -0600] "GET /events/category/events/today/ HTTP/1.1" 200 71579 "-" "Mozilla/5.0 (compatible; SERankingBacklinksBot/1.0; +https://seranking.com/backlinks-crawler)"
162.240.68.55 - - [02/Aug/2026:01:22:01 -0600] "POST /wp-cron.php?doing_wp_cron=1785655321.8582019805908203125000 HTTP/1.1" 200 - "-" "WordPress/7.0.2; https://nrfwomencouncil.org"
144.76.32.236 - - [02/Aug/2026:01:22:01 -0600] "GET /team/bertram-irvin/index.html HTTP/1.1" 404 37150 "-" "Mozilla/5.0 (compatible; SERankingBacklinksBot/1.0; +https://seranking.com/backlinks-crawler)"
57.141.18.6 - - [02/Aug/2026:01:33:37 -0600] "GET /department/transport-traffic-4/ HTTP/1.1" 200 39698 "-" "Mozilla/5.0 (X11; Linux x86_64) AppleWebKit/537.36 (KHTML, like Gecko) Chrome/145.0.0.0 Safari/537.36 (compatible; meta-externalagent/1.1 (+https://developers.facebook.com/docs/sharing/webmasters/crawler))"
162.240.68.55 - - [02/Aug/2026:01:33:39 -0600] "POST /wp-cron.php?doing_wp_cron=1785656019.3395760059356689453125 HTTP/1.1" 200 - "-" "WordPress/7.0.2; https://nrfwomencouncil.org"
192.71.126.207 - - [02/Aug/2026:01:36:34 -0600] "GET / HTTP/1.1" 200 62762 "http://nrfwomencouncil.org/" "Mozilla/5.0 (Macintosh; Intel Mac OS X 10_15_7) AppleWebKit/605.1.15 (KHTML, like Gecko) Version/17.3.1 Safari/605.1.1"
192.71.12.10 - - [02/Aug/2026:01:36:35 -0600] "GET /culture-literature/ HTTP/1.1" 200 38241 "-" "Mozilla/5.0 (Macintosh; Intel Mac OS X 10_15_7) AppleWebKit/605.1.15 (KHTML, like Gecko) Version/17.3.1 Safari/605.1.1"
192.71.142.40 - - [02/Aug/2026:01:36:37 -0600] "GET /category/messages/ HTTP/1.1" 200 41550 "-" "Mozilla/5.0 (Macintosh; Intel Mac OS X 10_15_7) AppleWebKit/605.1.15 (KHTML, like Gecko) Version/17.3.1 Safari/605.1.1"
192.71.2.9 - - [02/Aug/2026:01:36:38 -0600] "GET /the-national-resistance-front-of-afghanistan/ HTTP/1.1" 200 51762 "-" "Mozilla/5.0 (Macintosh; Intel Mac OS X 10_15_7) AppleWebKit/605.1.15 (KHTML, like Gecko) Version/17.3.1 Safari/605.1.1"
57.141.18.126 - - [02/Aug/2026:01:54:53 -0600] "GET /portfolio/tower-of-london-2/ HTTP/1.1" 200 39577 "-" "Mozilla/5.0 (Macintosh; Intel Mac OS X 10_15_7) AppleWebKit/537.36 (KHTML, like Gecko) Chrome/145.0.0.0 Safari/537.36 (compatible; meta-externalagent/1.1 (+https://developers.facebook.com/docs/sharing/webmasters/crawler))"
162.240.68.55 - - [02/Aug/2026:01:54:53 -0600] "POST /wp-cron.php?doing_wp_cron=1785657293.9544320106506347656250 HTTP/1.1" 200 - "-" "WordPress/7.0.2; https://nrfwomencouncil.org"
162.240.68.55 - - [02/Aug/2026:01:55:35 -0600] "POST /wp-cron.php?doing_wp_cron=1785657335.1058440208435058593750 HTTP/1.1" 200 - "-" "WordPress/7.0.2; https://nrfwomencouncil.org"
34.198.2.0 - - [02/Aug/2026:01:55:34 -0600] "GET /robots.txt HTTP/1.1" 200 120 "-" "Mozilla/5.0 (Macintosh; Intel Mac OS X 10_10_1) AppleWebKit/600.2.5 (KHTML, like Gecko) Version/8.0.2 Safari/600.2.5 (Gort)"
162.240.68.55 - - [02/Aug/2026:02:02:16 -0600] "POST /wp-cron.php?doing_wp_cron=1785657736.9183979034423828125000 HTTP/1.1" 200 - "-" "WordPress/7.0.2; https://nrfwomencouncil.org"
57.141.18.94 - - [02/Aug/2026:02:02:16 -0600] "GET /wp-sitemap-posts-page-1.xml HTTP/1.1" 200 927 "-" "Mozilla/5.0 (Macintosh; Intel Mac OS X 10_15_7) AppleWebKit/537.36 (KHTML, like Gecko) Chrome/145.0.0.0 Safari/537.36 (compatible; meta-externalagent/1.1 (+https://developers.facebook.com/docs/sharing/webmasters/crawler))"
162.240.68.55 - - [02/Aug/2026:02:02:57 -0600] "POST /wp-cron.php?doing_wp_cron=1785657777.5565640926361083984375 HTTP/1.1" 200 - "-" "WordPress/7.0.2; https://nrfwomencouncil.org"
57.141.18.65 - - [02/Aug/2026:02:02:56 -0600] "GET /statement/ HTTP/1.1" 200 41655 "-" "Mozilla/5.0 (Windows NT 10.0; Win64; x64) AppleWebKit/537.36 (KHTML, like Gecko) Chrome/145.0.0.0 Safari/537.36 (compatible; meta-externalagent/1.1 (+https://developers.facebook.com/docs/sharing/webmasters/crawler))"
198.244.183.84 - - [02/Aug/2026:02:03:08 -0600] "GET /robots.txt HTTP/1.1" 200 120 "-" "Mozilla/5.0 (compatible; AhrefsBot/7.0; +http://ahrefs.com/robot/)"
54.39.203.33 - - [02/Aug/2026:02:03:10 -0600] "GET /wp-sitemap.xml HTTP/1.1" 200 1484 "-" "Mozilla/5.0 (compatible; AhrefsBot/7.0; +http://ahrefs.com/robot/)"
54.39.210.66 - - [02/Aug/2026:02:03:13 -0600] "GET /wp-sitemap-posts-post-1.xml HTTP/1.1" 200 334 "-" "Mozilla/5.0 (compatible; AhrefsBot/7.0; +http://ahrefs.com/robot/)"
54.39.210.240 - - [02/Aug/2026:02:03:15 -0600] "GET /wp-sitemap-posts-page-1.xml HTTP/1.1" 200 927 "-" "Mozilla/5.0 (compatible; AhrefsBot/7.0; +http://ahrefs.com/robot/)"
15.235.27.253 - - [02/Aug/2026:02:03:17 -0600] "GET /wp-sitemap-posts-portfolio-1.xml HTTP/1.1" 200 3871 "-" "Mozilla/5.0 (compatible; AhrefsBot/7.0; +http://ahrefs.com/robot/)"
51.161.65.194 - - [02/Aug/2026:02:03:19 -0600] "GET /wp-sitemap-posts-team-1.xml HTTP/1.1" 200 1564 "-" "Mozilla/5.0 (compatible; AhrefsBot/7.0; +http://ahrefs.com/robot/)"
54.39.0.26 - - [02/Aug/2026:02:03:22 -0600] "GET /wp-sitemap-posts-testimonials-1.xml HTTP/1.1" 200 924 "-" "Mozilla/5.0 (compatible; AhrefsBot/7.0; +http://ahrefs.com/robot/)"
54.39.203.133 - - [02/Aug/2026:02:03:24 -0600] "GET /wp-sitemap-posts-service-1.xml HTTP/1.1" 200 670 "-" "Mozilla/5.0 (compatible; AhrefsBot/7.0; +http://ahrefs.com/robot/)"
142.44.225.117 - - [02/Aug/2026:02:03:26 -0600] "GET /wp-sitemap-posts-department-1.xml HTTP/1.1" 200 3668 "-" "Mozilla/5.0 (compatible; AhrefsBot/7.0; +http://ahrefs.com/robot/)"
142.44.233.245 - - [02/Aug/2026:02:03:29 -0600] "GET /wp-sitemap-posts-faqs-1.xml HTTP/1.1" 200 1886 "-" "Mozilla/5.0 (compatible; AhrefsBot/7.0; +http://ahrefs.com/robot/)"
167.114.139.85 - - [02/Aug/2026:02:03:32 -0600] "GET /wp-sitemap-taxonomies-category-1.xml HTTP/1.1" 200 333 "-" "Mozilla/5.0 (compatible; AhrefsBot/7.0; +http://ahrefs.com/robot/)"
54.39.0.222 - - [02/Aug/2026:02:03:34 -0600] "GET /wp-sitemap-taxonomies-service_cat-1.xml HTTP/1.1" 200 269 "-" "Mozilla/5.0 (compatible; AhrefsBot/7.0; +http://ahrefs.com/robot/)"
51.161.37.115 - - [02/Aug/2026:02:03:37 -0600] "GET /wp-sitemap-taxonomies-testimonials_cat-1.xml HTTP/1.1" 200 361 "-" "Mozilla/5.0 (compatible; AhrefsBot/7.0; +http://ahrefs.com/robot/)"
142.44.228.37 - - [02/Aug/2026:02:03:39 -0600] "GET /wp-sitemap-taxonomies-team_cat-1.xml HTTP/1.1" 200 262 "-" "Mozilla/5.0 (compatible; AhrefsBot/7.0; +http://ahrefs.com/robot/)"
51.161.37.36 - - [02/Aug/2026:02:03:41 -0600] "GET /wp-sitemap-taxonomies-tribe_events_cat-1.xml HTTP/1.1" 200 423 "-" "Mozilla/5.0 (compatible; AhrefsBot/7.0; +http://ahrefs.com/robot/)"
15.235.27.42 - - [02/Aug/2026:02:03:44 -0600] "GET /wp-sitemap-users-1.xml HTTP/1.1" 200 257 "-" "Mozilla/5.0 (compatible; AhrefsBot/7.0; +http://ahrefs.com/robot/)"
172.213.8.106 - - [02/Aug/2026:02:07:26 -0600] "GET /wp-admin/ HTTP/1.1" 302 - "-" "-"
172.213.8.106 - - [02/Aug/2026:02:07:27 -0600] "GET /wp-login.php?redirect_to=https%3A%2F%2Fwebsite-75ac19b5.ariapress.org%2Fwp-admin%2F&reauth=1 HTTP/1.1" 200 7407 "-" "-"
162.240.68.55 - - [02/Aug/2026:02:15:38 -0600] "POST /wp-cron.php?doing_wp_cron=1785658538.8486399650573730468750 HTTP/1.1" 200 - "-" "WordPress/7.0.2; https://nrfwomencouncil.org"
57.141.18.71 - - [02/Aug/2026:02:15:37 -0600] "GET /category/statements/ HTTP/1.1" 200 41445 "-" "Mozilla/5.0 (Macintosh; Intel Mac OS X 10_15_7) AppleWebKit/537.36 (KHTML, like Gecko) Chrome/145.0.0.0 Safari/537.36 (compatible; meta-externalagent/1.1 (+https://developers.facebook.com/docs/sharing/webmasters/crawler))"
144.76.32.236 - - [02/Aug/2026:02:22:38 -0600] "GET /team/herman-gordon/index.html HTTP/1.1" 404 37150 "-" "Mozilla/5.0 (compatible; SERankingBacklinksBot/1.0; +https://seranking.com/backlinks-crawler)"
162.240.68.55 - - [02/Aug/2026:02:22:41 -0600] "POST /wp-cron.php?doing_wp_cron=1785658961.9174671173095703125000 HTTP/1.1" 200 - "-" "WordPress/7.0.2; https://nrfwomencouncil.org"
162.240.68.55 - - [02/Aug/2026:02:34:19 -0600] "POST /wp-cron.php?doing_wp_cron=1785659659.6592130661010742187500 HTTP/1.1" 200 - "-" "WordPress/7.0.2; https://nrfwomencouncil.org"
148.113.130.145 - - [02/Aug/2026:02:34:18 -0600] "GET /events/2025-06-20/ HTTP/1.1" 200 70002 "-" "Mozilla/5.0 (compatible; AhrefsBot/7.0; +http://ahrefs.com/robot/)"
162.240.68.55 - - [02/Aug/2026:02:36:43 -0600] "POST /wp-cron.php?doing_wp_cron=1785659803.0301430225372314453125 HTTP/1.1" 200 - "-" "WordPress/7.0.2; https://nrfwomencouncil.org"
205.210.31.167 - - [02/Aug/2026:02:36:41 -0600] "GET / HTTP/1.1" 200 62762 "-" "Hello from Palo Alto Networks, find out more about our scans in https://docs-cortex.paloaltonetworks.com/r/1/Cortex-Xpanse/Scanning-activity"
162.240.68.55 - - [02/Aug/2026:02:37:53 -0600] "POST /wp-cron.php?doing_wp_cron=1785659873.2635209560394287109375 HTTP/1.1" 200 - "-" "WordPress/7.0.2; https://nrfwomencouncil.org"
57.141.18.103 - - [02/Aug/2026:02:37:49 -0600] "GET /portfolio/ancient-roman-sculpture/ HTTP/1.1" 200 39622 "-" "Mozilla/5.0 (Windows NT 10.0; Win64; x64) AppleWebKit/537.36 (KHTML, like Gecko) Chrome/145.0.0.0 Safari/537.36 (compatible; meta-externalagent/1.1 (+https://developers.facebook.com/docs/sharing/webmasters/crawler))"
162.240.68.55 - - [02/Aug/2026:02:39:00 -0600] "POST /wp-cron.php?doing_wp_cron=1785659940.5441370010375976562500 HTTP/1.1" 200 - "-" "WordPress/7.0.2; https://nrfwomencouncil.org"
51.161.65.35 - - [02/Aug/2026:02:38:59 -0600] "GET /events/month/2028-02/ HTTP/1.1" 200 171815 "-" "Mozilla/5.0 (compatible; AhrefsBot/7.0; +http://ahrefs.com/robot/)"
43.166.247.82 - - [02/Aug/2026:02:45:32 -0600] "GET / HTTP/1.1" 200 62762 "http://nrfwomencouncil.org" "Mozilla/5.0 (iPhone; CPU iPhone OS 13_2_3 like Mac OS X) AppleWebKit/605.1.15 (KHTML, like Gecko) Version/13.0.3 Mobile/15E148 Safari/604.1"
162.240.68.55 - - [02/Aug/2026:02:52:52 -0600] "POST /wp-cron.php?doing_wp_cron=1785660772.6238648891448974609375 HTTP/1.1" 200 - "-" "WordPress/7.0.2; https://nrfwomencouncil.org"
57.141.18.112 - - [02/Aug/2026:02:52:51 -0600] "GET /portfolio/affordable-parking-3/ HTTP/1.1" 200 39598 "-" "Mozilla/5.0 (Macintosh; Intel Mac OS X 10_15_7) AppleWebKit/537.36 (KHTML, like Gecko) Chrome/145.0.0.0 Safari/537.36 (compatible; meta-externalagent/1.1 (+https://developers.facebook.com/docs/sharing/webmasters/crawler))"
160.191.139.115 - - [02/Aug/2026:03:00:17 -0600] "POST /xmlrpc.php HTTP/1.1" 200 401 "-" "Mozilla/5.0 (Windows NT 10.0; Win64; x64) AppleWebKit/537.36 (KHTML, like Gecko) Chrome/120.0.0.0 Safari/537.36"
162.240.68.55 - - [02/Aug/2026:03:00:21 -0600] "POST /wp-cron.php?doing_wp_cron=1785661221.8642148971557617187500 HTTP/1.1" 200 - "-" "WordPress/7.0.2; https://nrfwomencouncil.org"
165.227.39.235 - - [02/Aug/2026:03:04:30 -0600] "GET / HTTP/1.1" 301 - "-" "Mozilla/5.0 (l9scan/2.0.5353e28363e2034323e2236313; +https://leakix.net)"
162.240.68.55 - - [02/Aug/2026:03:04:33 -0600] "POST /wp-cron.php?doing_wp_cron=1785661473.1607429981231689453125 HTTP/1.1" 200 - "-" "WordPress/7.0.2; https://nrfwomencouncil.org"
165.227.39.235 - - [02/Aug/2026:03:04:34 -0600] "GET /console/ HTTP/1.1" 404 37207 "-" "Mozilla/5.0 (l9scan/2.0.5353e28363e2034323e2236313; +https://leakix.net)"
165.227.39.235 - - [02/Aug/2026:03:04:37 -0600] "GET /server HTTP/1.1" 404 15611 "-" "Mozilla/5.0 (l9scan/2.0.5353e28363e2034323e2236313; +https://leakix.net)"
165.227.39.235 - - [02/Aug/2026:03:04:40 -0600] "GET /server-status HTTP/1.1" 404 - "-" "Mozilla/5.0 (l9scan/2.0.5353e28363e2034323e2236313; +https://leakix.net)"
165.227.39.235 - - [02/Aug/2026:03:04:43 -0600] "GET /about HTTP/1.1" 404 37207 "-" "Mozilla/5.0 (l9scan/2.0.5353e28363e2034323e2236313; +https://leakix.net)"
165.227.39.235 - - [02/Aug/2026:03:04:46 -0600] "GET /login.action HTTP/1.1" 404 37207 "-" "Mozilla/5.0 (l9scan/2.0.5353e28363e2034323e2236313; +https://leakix.net)"
165.227.39.235 - - [02/Aug/2026:03:04:49 -0600] "GET / HTTP/1.1" 301 - "-" "Mozilla/5.0 (l9scan/2.0.5353e28363e2034323e2236313; +https://leakix.net)"
165.227.39.235 - - [02/Aug/2026:03:04:52 -0600] "GET /___proxy_subdomain_whm/login HTTP/1.1" 404 37207 "-" "Mozilla/5.0 (l9scan/2.0.5353e28363e2034323e2236313; +https://leakix.net)"
165.227.39.235 - - [02/Aug/2026:03:04:55 -0600] "GET /___proxy_subdomain_cpanel HTTP/1.1" 404 37207 "-" "Mozilla/5.0 (l9scan/2.0.5353e28363e2034323e2236313; +https://leakix.net)"
165.227.39.235 - - [02/Aug/2026:03:04:56 -0600] "GET /v2/_catalog HTTP/1.1" 404 37207 "-" "Mozilla/5.0 (l9scan/2.0.5353e28363e2034323e2236313; +https://leakix.net)"
162.240.68.55 - - [02/Aug/2026:03:04:57 -0600] "POST /wp-cron.php?doing_wp_cron=1785661497.3987219333648681640625 HTTP/1.1" 200 - "-" "WordPress/7.0.2; https://nrfwomencouncil.org"
165.227.39.235 - - [02/Aug/2026:03:04:57 -0600] "GET /.DS_Store HTTP/1.1" 404 - "-" "Mozilla/5.0 (l9scan/2.0.5353e28363e2034323e2236313; +https://leakix.net)"
165.227.39.235 - - [02/Aug/2026:03:05:00 -0600] "GET /.env HTTP/1.1" 404 - "-" "Mozilla/5.0 (l9scan/2.0.5353e28363e2034323e2236313; +https://leakix.net)"
165.227.39.235 - - [02/Aug/2026:03:05:04 -0600] "GET /ecp/Current/exporttool/microsoft.exchange.ediscovery.exporttool.application HTTP/1.1" 404 37207 "-" "Mozilla/5.0 (l9scan/2.0.5353e28363e2034323e2236313; +https://leakix.net)"
165.227.39.235 - - [02/Aug/2026:03:05:08 -0600] "GET /.git/config HTTP/1.1" 404 37207 "-" "Mozilla/5.0 (l9scan/2.0.5353e28363e2034323e2236313; +https://leakix.net)"
165.227.39.235 - - [02/Aug/2026:03:05:11 -0600] "POST /graphql HTTP/1.1" 404 37207 "-" "Mozilla/5.0 (l9scan/2.0.5353e28363e2034323e2236313; +https://leakix.net)"
165.227.39.235 - - [02/Aug/2026:03:05:14 -0600] "POST /api HTTP/1.1" 404 37207 "-" "Mozilla/5.0 (l9scan/2.0.5353e28363e2034323e2236313; +https://leakix.net)"
165.227.39.235 - - [02/Aug/2026:03:05:17 -0600] "POST /api/graphql HTTP/1.1" 404 37207 "-" "Mozilla/5.0 (l9scan/2.0.5353e28363e2034323e2236313; +https://leakix.net)"
165.227.39.235 - - [02/Aug/2026:03:05:19 -0600] "POST /graphql/api HTTP/1.1" 404 37207 "-" "Mozilla/5.0 (l9scan/2.0.5353e28363e2034323e2236313; +https://leakix.net)"
165.227.39.235 - - [02/Aug/2026:03:05:22 -0600] "POST /api/gql HTTP/1.1" 404 37207 "-" "Mozilla/5.0 (l9scan/2.0.5353e28363e2034323e2236313; +https://leakix.net)"
165.227.39.235 - - [02/Aug/2026:03:05:24 -0600] "GET /s/5353e28363e2034323e2236313/_/;/META-INF/maven/com.atlassian.jira/jira-webapp-dist/pom.properties HTTP/1.1" 404 37207 "-" "Mozilla/5.0 (l9scan/2.0.5353e28363e2034323e2236313; +https://leakix.net)"
165.227.39.235 - - [02/Aug/2026:03:05:26 -0600] "GET /config.json HTTP/1.1" 404 37207 "-" "Mozilla/5.0 (l9scan/2.0.5353e28363e2034323e2236313; +https://leakix.net)"
165.227.39.235 - - [02/Aug/2026:03:05:28 -0600] "GET /telescope/requests HTTP/1.1" 404 37207 "-" "Mozilla/5.0 (l9scan/2.0.5353e28363e2034323e2236313; +https://leakix.net)"
165.227.39.235 - - [02/Aug/2026:03:05:30 -0600] "GET /info.php HTTP/1.1" 404 37207 "-" "Mozilla/5.0 (l9scan/2.0.5353e28363e2034323e2236313; +https://leakix.net)"
165.227.39.235 - - [02/Aug/2026:03:05:31 -0600] "GET /.well-known/security.txt HTTP/1.1" 404 37207 "-" "Mozilla/5.0 (l9scan/2.0.5353e28363e2034323e2236313; +https://leakix.net)"
165.227.39.235 - - [02/Aug/2026:03:05:32 -0600] "GET /actuator/env HTTP/1.1" 404 37207 "-" "Mozilla/5.0 (l9scan/2.0.5353e28363e2034323e2236313; +https://leakix.net)"
165.227.39.235 - - [02/Aug/2026:03:05:33 -0600] "GET /trace.axd HTTP/1.1" 404 37207 "-" "Mozilla/5.0 (l9scan/2.0.5353e28363e2034323e2236313; +https://leakix.net)"
165.227.39.235 - - [02/Aug/2026:03:05:36 -0600] "GET /@vite/env HTTP/1.1" 404 37207 "-" "Mozilla/5.0 (l9scan/2.0.5353e28363e2034323e2236313; +https://leakix.net)"
165.227.39.235 - - [02/Aug/2026:03:05:39 -0600] "GET /.vscode/sftp.json HTTP/1.1" 404 37207 "-" "Mozilla/5.0 (l9scan/2.0.5353e28363e2034323e2236313; +https://leakix.net)"
165.227.39.235 - - [02/Aug/2026:03:05:42 -0600] "OPTIONS / HTTP/1.1" 200 - "-" "Mozilla/5.0 (l9scan/2.0.5353e28363e2034323e2236313; +https://leakix.net)"
165.227.39.235 - - [02/Aug/2026:03:05:46 -0600] "POST /?rest_route=/batch/v1 HTTP/1.1" 207 628 "-" "Mozilla/5.0 (l9scan/2.0.5353e28363e2034323e2236313; +https://leakix.net)"
165.227.39.235 - - [02/Aug/2026:03:05:49 -0600] "POST /wp-json/batch/v1 HTTP/1.1" 207 628 "-" "Mozilla/5.0 (l9scan/2.0.5353e28363e2034323e2236313; +https://leakix.net)"
165.227.39.235 - - [02/Aug/2026:03:05:52 -0600] "GET /?rest_route=/wp/v2/users/ HTTP/1.1" 200 - "-" "Mozilla/5.0 (l9scan/2.0.5353e28363e2034323e2236313; +https://leakix.net)"
165.227.39.235 - - [02/Aug/2026:03:05:55 -0600] "GET /debug/default/view?panel=config HTTP/1.1" 404 15611 "-" "Mozilla/5.0 (l9scan/2.0.5353e28363e2034323e2236313; +https://leakix.net)"
162.240.68.55 - - [02/Aug/2026:03:05:58 -0600] "POST /wp-cron.php?doing_wp_cron=1785661558.3787610530853271484375 HTTP/1.1" 200 - "-" "WordPress/7.0.2; https://nrfwomencouncil.org"
162.240.68.55 - - [02/Aug/2026:03:13:54 -0600] "POST /wp-cron.php?doing_wp_cron=1785662034.8775129318237304687500 HTTP/1.1" 200 - "-" "WordPress/7.0.2; https://nrfwomencouncil.org"
57.141.18.52 - - [02/Aug/2026:03:13:54 -0600] "GET /department/policing-crime-3/ HTTP/1.1" 200 39677 "-" "Mozilla/5.0 (Macintosh; Intel Mac OS X 10_15_7) AppleWebKit/537.36 (KHTML, like Gecko) Chrome/145.0.0.0 Safari/537.36 (compatible; meta-externalagent/1.1 (+https://developers.facebook.com/docs/sharing/webmasters/crawler))"
162.240.68.55 - - [02/Aug/2026:03:21:38 -0600] "POST /wp-cron.php?doing_wp_cron=1785662498.5711989402770996093750 HTTP/1.1" 200 - "-" "WordPress/7.0.2; https://nrfwomencouncil.org"
173.239.224.38 - - [02/Aug/2026:03:21:37 -0600] "GET /wp-login.php HTTP/1.1" 200 7285 "-" "Mozilla/5.0 (Macintosh; Intel Mac OS X 10_15_7) AppleWebKit/605.1.15 Version/17.0 Safari/605.1.15"
173.239.224.38 - - [02/Aug/2026:03:21:39 -0600] "GET /?author=1 HTTP/1.1" 404 37150 "-" "Mozilla/5.0 (Windows NT 10.0; Win64; x64) AppleWebKit/537.36 Chrome/129.0.0.0 Safari/537.36"
173.239.224.38 - - [02/Aug/2026:03:21:41 -0600] "GET /?rest_route=/wp/v2/users HTTP/1.1" 200 1461 "-" "Mozilla/5.0 (Windows NT 10.0; Win64; x64) AppleWebKit/537.36 Chrome/129.0.0.0 Safari/537.36"
173.239.224.38 - - [02/Aug/2026:03:21:42 -0600] "GET /feed HTTP/1.1" 301 - "-" "Mozilla/5.0 (Macintosh; Intel Mac OS X 10_15_7) AppleWebKit/605.1.15 Version/17.0 Safari/605.1.15"
173.239.224.38 - - [02/Aug/2026:03:21:43 -0600] "GET /feed/ HTTP/1.1" 200 8454 "-" "Mozilla/5.0 (Macintosh; Intel Mac OS X 10_15_7) AppleWebKit/605.1.15 Version/17.0 Safari/605.1.15"
43.153.119.119 - - [02/Aug/2026:03:33:55 -0600] "GET / HTTP/1.1" 200 62762 "http://www.nrfwomencouncil.org" "Mozilla/5.0 (iPhone; CPU iPhone OS 13_2_3 like Mac OS X) AppleWebKit/605.1.15 (KHTML, like Gecko) Version/13.0.3 Mobile/15E148 Safari/604.1"
162.240.68.55 - - [02/Aug/2026:03:33:59 -0600] "POST /wp-cron.php?doing_wp_cron=1785663239.0210559368133544921875 HTTP/1.1" 200 - "-" "WordPress/7.0.2; https://nrfwomencouncil.org"
162.240.68.55 - - [02/Aug/2026:03:35:17 -0600] "POST /wp-cron.php?doing_wp_cron=1785663317.3568289279937744140625 HTTP/1.1" 200 - "-" "WordPress/7.0.2; https://nrfwomencouncil.org"
148.113.130.81 - - [02/Aug/2026:03:35:16 -0600] "GET /wp-sitemap.xml HTTP/1.1" 200 1484 "-" "Mozilla/5.0 (compatible; AhrefsBot/7.0; +http://ahrefs.com/robot/)"
54.39.89.215 - - [02/Aug/2026:03:35:20 -0600] "GET /wp-sitemap-posts-post-1.xml HTTP/1.1" 200 334 "-" "Mozilla/5.0 (compatible; AhrefsBot/7.0; +http://ahrefs.com/robot/)"
54.39.136.243 - - [02/Aug/2026:03:35:22 -0600] "GET /wp-sitemap-posts-page-1.xml HTTP/1.1" 200 927 "-" "Mozilla/5.0 (compatible; AhrefsBot/7.0; +http://ahrefs.com/robot/)"
142.44.220.195 - - [02/Aug/2026:03:35:25 -0600] "GET /wp-sitemap-posts-portfolio-1.xml HTTP/1.1" 200 3871 "-" "Mozilla/5.0 (compatible; AhrefsBot/7.0; +http://ahrefs.com/robot/)"
54.39.210.23 - - [02/Aug/2026:03:35:27 -0600] "GET /wp-sitemap-posts-team-1.xml HTTP/1.1" 200 1564 "-" "Mozilla/5.0 (compatible; AhrefsBot/7.0; +http://ahrefs.com/robot/)"
142.44.225.161 - - [02/Aug/2026:03:35:29 -0600] "GET /wp-sitemap-posts-testimonials-1.xml HTTP/1.1" 200 924 "-" "Mozilla/5.0 (compatible; AhrefsBot/7.0; +http://ahrefs.com/robot/)"
142.44.233.101 - - [02/Aug/2026:03:35:32 -0600] "GET /wp-sitemap-posts-service-1.xml HTTP/1.1" 200 670 "-" "Mozilla/5.0 (compatible; AhrefsBot/7.0; +http://ahrefs.com/robot/)"
148.113.128.217 - - [02/Aug/2026:03:35:35 -0600] "GET /wp-sitemap-posts-department-1.xml HTTP/1.1" 200 3668 "-" "Mozilla/5.0 (compatible; AhrefsBot/7.0; +http://ahrefs.com/robot/)"
15.235.98.16 - - [02/Aug/2026:03:35:38 -0600] "GET /wp-sitemap-posts-faqs-1.xml HTTP/1.1" 200 1886 "-" "Mozilla/5.0 (compatible; AhrefsBot/7.0; +http://ahrefs.com/robot/)"
54.39.210.216 - - [02/Aug/2026:03:35:40 -0600] "GET /wp-sitemap-taxonomies-category-1.xml HTTP/1.1" 200 333 "-" "Mozilla/5.0 (compatible; AhrefsBot/7.0; +http://ahrefs.com/robot/)"
142.44.220.2 - - [02/Aug/2026:03:35:43 -0600] "GET /wp-sitemap-taxonomies-service_cat-1.xml HTTP/1.1" 200 269 "-" "Mozilla/5.0 (compatible; AhrefsBot/7.0; +http://ahrefs.com/robot/)"
167.114.139.63 - - [02/Aug/2026:03:35:45 -0600] "GET /wp-sitemap-taxonomies-testimonials_cat-1.xml HTTP/1.1" 200 361 "-" "Mozilla/5.0 (compatible; AhrefsBot/7.0; +http://ahrefs.com/robot/)"
54.39.0.218 - - [02/Aug/2026:03:35:48 -0600] "GET /wp-sitemap-taxonomies-team_cat-1.xml HTTP/1.1" 200 262 "-" "Mozilla/5.0 (compatible; AhrefsBot/7.0; +http://ahrefs.com/robot/)"
15.235.98.129 - - [02/Aug/2026:03:35:50 -0600] "GET /wp-sitemap-taxonomies-tribe_events_cat-1.xml HTTP/1.1" 200 423 "-" "Mozilla/5.0 (compatible; AhrefsBot/7.0; +http://ahrefs.com/robot/)"
142.44.225.223 - - [02/Aug/2026:03:35:52 -0600] "GET /wp-sitemap-users-1.xml HTTP/1.1" 200 257 "-" "Mozilla/5.0 (compatible; AhrefsBot/7.0; +http://ahrefs.com/robot/)"
162.240.68.55 - - [02/Aug/2026:03:52:50 -0600] "POST /wp-cron.php?doing_wp_cron=1785664370.5344638824462890625000 HTTP/1.1" 200 - "-" "WordPress/7.0.2; https://nrfwomencouncil.org"
17.241.227.140 - - [02/Aug/2026:03:52:49 -0600] "GET /robots.txt HTTP/1.1" 200 120 "-" "Mozilla/5.0 (Macintosh; Intel Mac OS X 10_15_7) AppleWebKit/605.1.15 (KHTML, like Gecko) Version/17.4 Safari/605.1.15 (Applebot/0.1; +http://www.apple.com/go/applebot)"
17.241.227.140 - - [02/Aug/2026:03:52:51 -0600] "GET /faqs/how-can-i-get-property-tax-bill-online/ HTTP/1.1" 200 39521 "-" "Mozilla/5.0 (Macintosh; Intel Mac OS X 10_15_7) AppleWebKit/605.1.15 (KHTML, like Gecko) Version/17.4 Safari/605.1.15 (Applebot/0.1; +http://www.apple.com/go/applebot)"
57.141.18.76 - - [02/Aug/2026:03:54:24 -0600] "GET /faqs/how-do-i-address-the-mayor/ HTTP/1.1" 200 39437 "-" "Mozilla/5.0 (Windows NT 10.0; Win64; x64) AppleWebKit/537.36 (KHTML, like Gecko) Chrome/145.0.0.0 Safari/537.36 (compatible; meta-externalagent/1.1 (+https://developers.facebook.com/docs/sharing/webmasters/crawler))"
162.240.68.55 - - [02/Aug/2026:03:54:26 -0600] "POST /wp-cron.php?doing_wp_cron=1785664466.6480391025543212890625 HTTP/1.1" 200 - "-" "WordPress/7.0.2; https://nrfwomencouncil.org"
160.191.139.115 - - [02/Aug/2026:03:56:49 -0600] "GET /wp-login.php HTTP/1.1" 200 7285 "-" "Mozilla/5.0 (Windows NT 10.0; Win64; x64) AppleWebKit/537.36 (KHTML, like Gecko) Chrome/120.0.0.0 Safari/537.36"
160.191.139.115 - - [02/Aug/2026:03:56:52 -0600] "POST /wp-login.php HTTP/1.1" 200 7715 "https://nrfwomencouncil.org/wp-login.php" "Mozilla/5.0 (Windows NT 10.0; Win64; x64) AppleWebKit/537.36 (KHTML, like Gecko) Chrome/120.0.0.0 Safari/537.36"
49.36.212.111 - - [02/Aug/2026:03:57:50 -0600] "POST /xmlrpc.php HTTP/1.1" 200 403 "-" "Mozilla/5.0 (Macintosh; Intel Mac OS X 10_15_7; arm64) AppleWebKit/537.36 (KHTML, like Gecko) Opera/71.0.0.0 Safari/537.36"
49.36.212.111 - - [02/Aug/2026:04:00:18 -0600] "GET /wp-json/wp/v2/users HTTP/1.1" 200 1461 "-" "Mozilla/4.0 (compatible; Win32; WinHttp.WinHttpRequest.5)"
162.240.68.55 - - [02/Aug/2026:04:00:20 -0600] "POST /wp-cron.php?doing_wp_cron=1785664820.4317779541015625000000 HTTP/1.1" 200 - "-" "WordPress/7.0.2; https://nrfwomencouncil.org"
17.241.75.244 - - [02/Aug/2026:04:00:25 -0600] "GET /wp-content/plugins/contact-form-7/includes/css/styles.css?ver=5.9.2 HTTP/1.1" 200 2894 "https://nrfwomencouncil.org/faqs/how-can-i-get-property-tax-bill-online/" "Mozilla/5.0 (Macintosh; Intel Mac OS X 10_15_7) AppleWebKit/605.1.15 (KHTML, like Gecko) Version/17.4 Safari/605.1.15 (Applebot/0.1; +http://www.apple.com/go/applebot)"
17.241.75.244 - - [02/Aug/2026:04:00:26 -0600] "GET /wp-content/themes/whitehall/assets/css/fontawesome-all.css?ver=7.0.2 HTTP/1.1" 200 99365 "https://nrfwomencouncil.org/faqs/how-can-i-get-property-tax-bill-online/" "Mozilla/5.0 (Macintosh; Intel Mac OS X 10_15_7) AppleWebKit/605.1.15 (KHTML, like Gecko) Version/17.4 Safari/605.1.15 (Applebot/0.1; +http://www.apple.com/go/applebot)"
17.241.75.244 - - [02/Aug/2026:04:00:27 -0600] "GET /wp-content/themes/whitehall/assets/css/owl.css?ver=7.0.2 HTTP/1.1" 200 5687 "https://nrfwomencouncil.org/faqs/how-can-i-get-property-tax-bill-online/" "Mozilla/5.0 (Macintosh; Intel Mac OS X 10_15_7) AppleWebKit/605.1.15 (KHTML, like Gecko) Version/17.4 Safari/605.1.15 (Applebot/0.1; +http://www.apple.com/go/applebot)"
17.241.75.244 - - [02/Aug/2026:04:00:29 -0600] "GET /wp-content/themes/whitehall/assets/css/flaticon.css?ver=7.0.2 HTTP/1.1" 200 4446 "https://nrfwomencouncil.org/faqs/how-can-i-get-property-tax-bill-online/" "Mozilla/5.0 (Macintosh; Intel Mac OS X 10_15_7) AppleWebKit/605.1.15 (KHTML, like Gecko) Version/17.4 Safari/605.1.15 (Applebot/0.1; +http://www.apple.com/go/applebot)"
17.241.75.234 - - [02/Aug/2026:04:00:32 -0600] "GET /wp-content/themes/whitehall/assets/css/bootstrap.css?ver=7.0.2 HTTP/1.1" 200 197170 "https://nrfwomencouncil.org/faqs/how-can-i-get-property-tax-bill-online/" "Mozilla/5.0 (Macintosh; Intel Mac OS X 10_15_7) AppleWebKit/605.1.15 (KHTML, like Gecko) Version/17.4 Safari/605.1.15 (Applebot/0.1; +http://www.apple.com/go/applebot)"
17.241.75.234 - - [02/Aug/2026:04:00:33 -0600] "GET /wp-content/themes/whitehall/assets/css/jquery.fancybox.min.css?ver=7.0.2 HTTP/1.1" 200 13735 "https://nrfwomencouncil.org/faqs/how-can-i-get-property-tax-bill-online/" "Mozilla/5.0 (Macintosh; Intel Mac OS X 10_15_7) AppleWebKit/605.1.15 (KHTML, like Gecko) Version/17.4 Safari/605.1.15 (Applebot/0.1; +http://www.apple.com/go/applebot)"
17.241.75.244 - - [02/Aug/2026:04:00:30 -0600] "GET /wp-content/themes/whitehall/style.min.css?ver=7.0.2 HTTP/1.1" 404 37150 "https://nrfwomencouncil.org/faqs/how-can-i-get-property-tax-bill-online/" "Mozilla/5.0 (Macintosh; Intel Mac OS X 10_15_7) AppleWebKit/605.1.15 (KHTML, like Gecko) Version/17.4 Safari/605.1.15 (Applebot/0.1; +http://www.apple.com/go/applebot)"
17.241.75.234 - - [02/Aug/2026:04:00:35 -0600] "GET /wp-content/themes/whitehall/assets/css/animate.css?ver=7.0.2 HTTP/1.1" 200 87588 "https://nrfwomencouncil.org/faqs/how-can-i-get-property-tax-bill-online/" "Mozilla/5.0 (Macintosh; Intel Mac OS X 10_15_7) AppleWebKit/605.1.15 (KHTML, like Gecko) Version/17.4 Safari/605.1.15 (Applebot/0.1; +http://www.apple.com/go/applebot)"
17.241.75.244 - - [02/Aug/2026:04:00:37 -0600] "GET /wp-content/themes/whitehall/assets/css/nice-select.css?ver=7.0.2 HTTP/1.1" 200 4007 "https://nrfwomencouncil.org/faqs/how-can-i-get-property-tax-bill-online/" "Mozilla/5.0 (Macintosh; Intel Mac OS X 10_15_7) AppleWebKit/605.1.15 (KHTML, like Gecko) Version/17.4 Safari/605.1.15 (Applebot/0.1; +http://www.apple.com/go/applebot)"
162.240.68.55 - - [02/Aug/2026:04:00:33 -0600] "POST /wp-cron.php?doing_wp_cron=1785664833.8397200107574462890625 HTTP/1.1" 200 - "-" "WordPress/7.0.2; https://nrfwomencouncil.org"
17.241.75.234 - - [02/Aug/2026:04:00:38 -0600] "GET /wp-content/themes/whitehall-child/style.css?ver=7.0.2 HTTP/1.1" 200 231 "https://nrfwomencouncil.org/faqs/how-can-i-get-property-tax-bill-online/" "Mozilla/5.0 (Macintosh; Intel Mac OS X 10_15_7) AppleWebKit/605.1.15 (KHTML, like Gecko) Version/17.4 Safari/605.1.15 (Applebot/0.1; +http://www.apple.com/go/applebot)"
