144.76.32.236 - - [01/Aug/2026:21:01:08 -0600] "GET /author/kawa/index.html HTTP/1.1" 404 37150 "-" "Mozilla/5.0 (compatible; SERankingBacklinksBot/1.0; +https://seranking.com/backlinks-crawler)"
85.132.108.42 - - [01/Aug/2026:21:07:22 -0600] "POST /xmlrpc.php HTTP/1.1" 200 403 "-" "WordPress.com; https://wordpress.com"
162.240.68.55 - - [01/Aug/2026:21:07:23 -0600] "POST /wp-cron.php?doing_wp_cron=1785640043.2226340770721435546875 HTTP/1.1" 200 - "-" "WordPress/7.0.2; https://nrfwomencouncil.org"
85.132.108.42 - - [01/Aug/2026:21:07:33 -0600] "POST /xmlrpc.php HTTP/1.1" 200 403 "-" "Jetpack/12.0; WordPress/6.4; http://site73641827.com"
85.132.108.42 - - [01/Aug/2026:21:07:43 -0600] "POST /xmlrpc.php HTTP/1.1" 200 403 "-" "Jetpack/12.0; WordPress/6.4; http://site84162709.com"
85.132.108.42 - - [01/Aug/2026:21:07:54 -0600] "POST /xmlrpc.php HTTP/1.1" 200 403 "-" "Jetpack by WordPress.com"
162.240.68.55 - - [01/Aug/2026:21:08:06 -0600] "POST /wp-cron.php?doing_wp_cron=1785640086.2267169952392578125000 HTTP/1.1" 200 - "-" "WordPress/7.0.2; https://nrfwomencouncil.org"
85.132.108.42 - - [01/Aug/2026:21:08:05 -0600] "POST /xmlrpc.php HTTP/1.1" 200 403 "-" "Jetpack by WordPress.com (Jetpack 12.0; WordPress 6.2)"
85.132.108.42 - - [01/Aug/2026:21:08:16 -0600] "POST /xmlrpc.php HTTP/1.1" 200 403 "-" "Jetpack/12.0; WordPress/6.1; http://site11177181.com"
85.132.108.42 - - [01/Aug/2026:21:08:26 -0600] "POST /xmlrpc.php HTTP/1.1" 200 403 "-" "Jetpack/12.5; WordPress/6.3; http://site32957168.com"
85.132.108.42 - - [01/Aug/2026:21:08:37 -0600] "POST /xmlrpc.php HTTP/1.1" 200 403 "-" "Jetpack by WordPress.com"
85.132.108.42 - - [01/Aug/2026:21:08:48 -0600] "POST /xmlrpc.php HTTP/1.1" 200 403 "-" "WordPress.com; https://wordpress.com"
162.240.68.55 - - [01/Aug/2026:21:09:00 -0600] "POST /wp-cron.php?doing_wp_cron=1785640140.2483139038085937500000 HTTP/1.1" 200 - "-" "WordPress/7.0.2; https://nrfwomencouncil.org"
85.132.108.42 - - [01/Aug/2026:21:08:59 -0600] "POST /xmlrpc.php HTTP/1.1" 200 403 "-" "Jetpack/12.0; WordPress/6.1; http://site76254024.com"
162.240.68.55 - - [01/Aug/2026:21:09:10 -0600] "POST /wp-cron.php?doing_wp_cron=1785640150.7030930519104003906250 HTTP/1.1" 200 - "-" "WordPress/7.0.2; https://nrfwomencouncil.org"
85.132.108.42 - - [01/Aug/2026:21:09:09 -0600] "POST /xmlrpc.php HTTP/1.1" 200 403 "-" "Jetpack by WordPress.com (Jetpack 12.1; WordPress 6.3)"
85.132.108.42 - - [01/Aug/2026:21:09:20 -0600] "POST /xmlrpc.php HTTP/1.1" 200 403 "-" "Jetpack by WordPress.com"
85.132.108.42 - - [01/Aug/2026:21:09:30 -0600] "POST /xmlrpc.php HTTP/1.1" 200 403 "-" "WordPress.com; https://wordpress.com"
85.132.108.42 - - [01/Aug/2026:21:09:41 -0600] "POST /xmlrpc.php HTTP/1.1" 200 403 "-" "Jetpack/12.0; WordPress/6.3; http://site68043166.com"
85.132.108.42 - - [01/Aug/2026:21:09:52 -0600] "POST /xmlrpc.php HTTP/1.1" 200 403 "-" "Jetpack by WordPress.com (Jetpack 12.1; WordPress 6.1)"
162.240.68.55 - - [01/Aug/2026:21:10:03 -0600] "POST /wp-cron.php?doing_wp_cron=1785640203.6303939819335937500000 HTTP/1.1" 200 - "-" "WordPress/7.0.2; https://nrfwomencouncil.org"
85.132.108.42 - - [01/Aug/2026:21:10:02 -0600] "POST /xmlrpc.php HTTP/1.1" 200 403 "-" "Jetpack by WordPress.com"
85.132.108.42 - - [01/Aug/2026:21:10:13 -0600] "POST /xmlrpc.php HTTP/1.1" 200 403 "-" "Jetpack by WordPress.com"
85.132.108.42 - - [01/Aug/2026:21:10:23 -0600] "POST /xmlrpc.php HTTP/1.1" 200 403 "-" "Jetpack by WordPress.com (Jetpack 12.0; WordPress 6.1)"
85.132.108.42 - - [01/Aug/2026:21:10:34 -0600] "POST /xmlrpc.php HTTP/1.1" 200 403 "-" "Jetpack by WordPress.com"
85.132.108.42 - - [01/Aug/2026:21:10:45 -0600] "POST /xmlrpc.php HTTP/1.1" 200 403 "-" "Jetpack by WordPress.com"
85.132.108.42 - - [01/Aug/2026:21:10:55 -0600] "POST /xmlrpc.php HTTP/1.1" 200 403 "-" "Jetpack/12.0; WordPress/6.3; http://site57114909.com"
162.240.68.55 - - [01/Aug/2026:21:11:07 -0600] "POST /wp-cron.php?doing_wp_cron=1785640267.4548270702362060546875 HTTP/1.1" 200 - "-" "WordPress/7.0.2; https://nrfwomencouncil.org"
85.132.108.42 - - [01/Aug/2026:21:11:06 -0600] "POST /xmlrpc.php HTTP/1.1" 200 403 "-" "Jetpack by WordPress.com (Jetpack 12.1; WordPress 6.3)"
85.132.108.42 - - [01/Aug/2026:21:11:17 -0600] "POST /xmlrpc.php HTTP/1.1" 200 403 "-" "Jetpack/12.5; WordPress/6.2; http://site35728132.com"
85.132.108.42 - - [01/Aug/2026:21:11:27 -0600] "POST /xmlrpc.php HTTP/1.1" 200 403 "-" "Jetpack by WordPress.com"
85.132.108.42 - - [01/Aug/2026:21:11:38 -0600] "POST /xmlrpc.php HTTP/1.1" 200 403 "-" "Jetpack by WordPress.com (Jetpack 12.1; WordPress 6.4)"
85.132.108.42 - - [01/Aug/2026:21:11:48 -0600] "POST /xmlrpc.php HTTP/1.1" 200 403 "-" "WordPress.com; https://wordpress.com"
162.240.68.55 - - [01/Aug/2026:21:12:00 -0600] "POST /wp-cron.php?doing_wp_cron=1785640320.3782920837402343750000 HTTP/1.1" 200 - "-" "WordPress/7.0.2; https://nrfwomencouncil.org"
85.132.108.42 - - [01/Aug/2026:21:11:59 -0600] "POST /xmlrpc.php HTTP/1.1" 200 403 "-" "WordPress.com; https://wordpress.com"
85.132.108.42 - - [01/Aug/2026:21:12:10 -0600] "POST /xmlrpc.php HTTP/1.1" 200 403 "-" "WordPress.com; https://wordpress.com"
85.132.108.42 - - [01/Aug/2026:21:12:20 -0600] "POST /xmlrpc.php HTTP/1.1" 200 403 "-" "Jetpack by WordPress.com (Jetpack 12.5; WordPress 6.3)"
85.132.108.42 - - [01/Aug/2026:21:12:31 -0600] "POST /xmlrpc.php HTTP/1.1" 200 403 "-" "Jetpack by WordPress.com"
85.132.108.42 - - [01/Aug/2026:21:12:41 -0600] "POST /xmlrpc.php HTTP/1.1" 200 403 "-" "Jetpack by WordPress.com (Jetpack 12.1; WordPress 6.4)"
85.132.108.42 - - [01/Aug/2026:21:12:52 -0600] "POST /xmlrpc.php HTTP/1.1" 200 403 "-" "Jetpack by WordPress.com (Jetpack 13.0; WordPress 6.4)"
162.240.68.55 - - [01/Aug/2026:21:13:04 -0600] "POST /wp-cron.php?doing_wp_cron=1785640384.2393798828125000000000 HTTP/1.1" 200 - "-" "WordPress/7.0.2; https://nrfwomencouncil.org"
85.132.108.42 - - [01/Aug/2026:21:13:03 -0600] "POST /xmlrpc.php HTTP/1.1" 200 403 "-" "WordPress.com; https://wordpress.com"
85.132.108.42 - - [01/Aug/2026:21:13:14 -0600] "POST /xmlrpc.php HTTP/1.1" 200 403 "-" "Jetpack/12.0; WordPress/6.2; http://site89686888.com"
85.132.108.42 - - [01/Aug/2026:21:13:24 -0600] "POST /xmlrpc.php HTTP/1.1" 200 403 "-" "WordPress.com; https://wordpress.com"
85.132.108.42 - - [01/Aug/2026:21:13:35 -0600] "POST /xmlrpc.php HTTP/1.1" 200 403 "-" "Jetpack by WordPress.com (Jetpack 12.5; WordPress 6.1)"
85.132.108.42 - - [01/Aug/2026:21:13:45 -0600] "POST /xmlrpc.php HTTP/1.1" 200 403 "-" "Jetpack by WordPress.com (Jetpack 12.1; WordPress 6.2)"
162.240.68.55 - - [01/Aug/2026:21:13:57 -0600] "POST /wp-cron.php?doing_wp_cron=1785640437.1647710800170898437500 HTTP/1.1" 200 - "-" "WordPress/7.0.2; https://nrfwomencouncil.org"
85.132.108.42 - - [01/Aug/2026:21:13:56 -0600] "POST /xmlrpc.php HTTP/1.1" 200 403 "-" "Jetpack/12.5; WordPress/6.2; http://site91101373.com"
85.132.108.42 - - [01/Aug/2026:21:14:06 -0600] "POST /xmlrpc.php HTTP/1.1" 200 403 "-" "WordPress.com; https://wordpress.com"
85.132.108.42 - - [01/Aug/2026:21:14:17 -0600] "POST /xmlrpc.php HTTP/1.1" 200 403 "-" "WordPress.com; https://wordpress.com"
85.132.108.42 - - [01/Aug/2026:21:14:28 -0600] "POST /xmlrpc.php HTTP/1.1" 200 403 "-" "Jetpack/12.0; WordPress/6.1; http://site51088688.com"
85.132.108.42 - - [01/Aug/2026:21:14:38 -0600] "POST /xmlrpc.php HTTP/1.1" 200 403 "-" "Jetpack by WordPress.com (Jetpack 12.1; WordPress 6.1)"
85.132.108.42 - - [01/Aug/2026:21:14:49 -0600] "POST /xmlrpc.php HTTP/1.1" 200 403 "-" "Jetpack by WordPress.com (Jetpack 13.0; WordPress 6.4)"
162.240.68.55 - - [01/Aug/2026:21:15:01 -0600] "POST /wp-cron.php?doing_wp_cron=1785640501.3275349140167236328125 HTTP/1.1" 200 - "-" "WordPress/7.0.2; https://nrfwomencouncil.org"
85.132.108.42 - - [01/Aug/2026:21:15:00 -0600] "POST /xmlrpc.php HTTP/1.1" 200 403 "-" "WordPress.com; https://wordpress.com"
57.141.18.5 - - [01/Aug/2026:21:15:09 -0600] "GET /department/housing-land/ HTTP/1.1" 200 39655 "-" "Mozilla/5.0 (Windows NT 10.0; Win64; x64) AppleWebKit/537.36 (KHTML, like Gecko) Chrome/145.0.0.0 Safari/537.36 (compatible; meta-externalagent/1.1 (+https://developers.facebook.com/docs/sharing/webmasters/crawler))"
85.132.108.42 - - [01/Aug/2026:21:15:11 -0600] "POST /xmlrpc.php HTTP/1.1" 200 403 "-" "Jetpack/12.1; WordPress/6.3; http://site30824528.com"
85.132.108.42 - - [01/Aug/2026:21:15:22 -0600] "POST /xmlrpc.php HTTP/1.1" 200 403 "-" "Jetpack by WordPress.com"
85.132.108.42 - - [01/Aug/2026:21:15:32 -0600] "POST /xmlrpc.php HTTP/1.1" 200 403 "-" "WordPress.com; https://wordpress.com"
85.132.108.42 - - [01/Aug/2026:21:15:43 -0600] "POST /xmlrpc.php HTTP/1.1" 200 403 "-" "Jetpack by WordPress.com (Jetpack 12.1; WordPress 6.1)"
85.132.108.42 - - [01/Aug/2026:21:15:53 -0600] "POST /xmlrpc.php HTTP/1.1" 200 403 "-" "WordPress.com; https://wordpress.com"
162.240.68.55 - - [01/Aug/2026:21:16:05 -0600] "POST /wp-cron.php?doing_wp_cron=1785640565.4596529006958007812500 HTTP/1.1" 200 - "-" "WordPress/7.0.2; https://nrfwomencouncil.org"
85.132.108.42 - - [01/Aug/2026:21:16:04 -0600] "POST /xmlrpc.php HTTP/1.1" 200 403 "-" "Jetpack/12.0; WordPress/6.3; http://site50994706.com"
85.132.108.42 - - [01/Aug/2026:21:16:15 -0600] "POST /xmlrpc.php HTTP/1.1" 200 403 "-" "WordPress.com; https://wordpress.com"
85.132.108.42 - - [01/Aug/2026:21:16:25 -0600] "POST /xmlrpc.php HTTP/1.1" 200 403 "-" "Jetpack/12.0; WordPress/6.4; http://site59966573.com"
57.141.18.125 - - [01/Aug/2026:21:16:35 -0600] "GET /prominent-women/ HTTP/1.1" 200 38223 "-" "Mozilla/5.0 (Windows NT 10.0; Win64; x64) AppleWebKit/537.36 (KHTML, like Gecko) Chrome/143.0.0.0 Safari/537.36 Edg/143.0.0.0 (compatible; meta-externalagent/1.1 (+https://developers.facebook.com/docs/sharing/webmasters/crawler))"
85.132.108.42 - - [01/Aug/2026:21:16:36 -0600] "POST /xmlrpc.php HTTP/1.1" 200 403 "-" "Jetpack by WordPress.com"
85.132.108.42 - - [01/Aug/2026:21:16:47 -0600] "POST /xmlrpc.php HTTP/1.1" 200 403 "-" "Jetpack by WordPress.com"
162.240.68.55 - - [01/Aug/2026:21:16:58 -0600] "POST /wp-cron.php?doing_wp_cron=1785640618.4279000759124755859375 HTTP/1.1" 200 - "-" "WordPress/7.0.2; https://nrfwomencouncil.org"
85.132.108.42 - - [01/Aug/2026:21:16:57 -0600] "POST /xmlrpc.php HTTP/1.1" 200 403 "-" "Jetpack by WordPress.com (Jetpack 12.0; WordPress 6.4)"
85.132.108.42 - - [01/Aug/2026:21:17:08 -0600] "POST /xmlrpc.php HTTP/1.1" 200 403 "-" "Jetpack by WordPress.com (Jetpack 12.0; WordPress 6.1)"
85.132.108.42 - - [01/Aug/2026:21:17:18 -0600] "POST /xmlrpc.php HTTP/1.1" 200 403 "-" "Jetpack by WordPress.com"
85.132.108.42 - - [01/Aug/2026:21:17:29 -0600] "POST /xmlrpc.php HTTP/1.1" 200 403 "-" "Jetpack/12.1; WordPress/6.1; http://site25398838.com"
85.132.108.42 - - [01/Aug/2026:21:17:40 -0600] "POST /xmlrpc.php HTTP/1.1" 200 403 "-" "Jetpack by WordPress.com (Jetpack 12.5; WordPress 6.4)"
85.132.108.42 - - [01/Aug/2026:21:17:51 -0600] "POST /xmlrpc.php HTTP/1.1" 200 403 "-" "Jetpack/12.5; WordPress/6.3; http://site93281293.com"
162.240.68.55 - - [01/Aug/2026:21:18:02 -0600] "POST /wp-cron.php?doing_wp_cron=1785640682.3788590431213378906250 HTTP/1.1" 200 - "-" "WordPress/7.0.2; https://nrfwomencouncil.org"
85.132.108.42 - - [01/Aug/2026:21:18:01 -0600] "POST /xmlrpc.php HTTP/1.1" 200 403 "-" "WordPress.com; https://wordpress.com"
85.132.108.42 - - [01/Aug/2026:21:18:12 -0600] "POST /xmlrpc.php HTTP/1.1" 200 403 "-" "WordPress.com; https://wordpress.com"
85.132.108.42 - - [01/Aug/2026:21:18:23 -0600] "POST /xmlrpc.php HTTP/1.1" 200 403 "-" "Jetpack by WordPress.com"
85.132.108.42 - - [01/Aug/2026:21:18:33 -0600] "POST /xmlrpc.php HTTP/1.1" 200 403 "-" "WordPress.com; https://wordpress.com"
85.132.108.42 - - [01/Aug/2026:21:18:44 -0600] "POST /xmlrpc.php HTTP/1.1" 200 403 "-" "Jetpack by WordPress.com (Jetpack 12.1; WordPress 6.4)"
85.132.108.42 - - [01/Aug/2026:21:18:54 -0600] "POST /xmlrpc.php HTTP/1.1" 200 403 "-" "Jetpack/12.1; WordPress/6.2; http://site81365396.com"
162.240.68.55 - - [01/Aug/2026:21:19:06 -0600] "POST /wp-cron.php?doing_wp_cron=1785640746.6127040386199951171875 HTTP/1.1" 200 - "-" "WordPress/7.0.2; https://nrfwomencouncil.org"
85.132.108.42 - - [01/Aug/2026:21:19:05 -0600] "POST /xmlrpc.php HTTP/1.1" 200 403 "-" "Jetpack/12.1; WordPress/6.3; http://site89507824.com"
85.132.108.42 - - [01/Aug/2026:21:19:16 -0600] "POST /xmlrpc.php HTTP/1.1" 200 403 "-" "Jetpack/12.0; WordPress/6.2; http://site97941078.com"
85.132.108.42 - - [01/Aug/2026:21:19:26 -0600] "POST /xmlrpc.php HTTP/1.1" 200 403 "-" "WordPress.com; https://wordpress.com"
85.132.108.42 - - [01/Aug/2026:21:19:37 -0600] "POST /xmlrpc.php HTTP/1.1" 200 403 "-" "Jetpack by WordPress.com"
85.132.108.42 - - [01/Aug/2026:21:19:47 -0600] "POST /xmlrpc.php HTTP/1.1" 200 403 "-" "Jetpack by WordPress.com"
162.240.68.55 - - [01/Aug/2026:21:19:59 -0600] "POST /wp-cron.php?doing_wp_cron=1785640799.2360849380493164062500 HTTP/1.1" 200 - "-" "WordPress/7.0.2; https://nrfwomencouncil.org"
85.132.108.42 - - [01/Aug/2026:21:19:58 -0600] "POST /xmlrpc.php HTTP/1.1" 200 403 "-" "Jetpack/13.0; WordPress/6.1; http://site68393530.com"
85.132.108.42 - - [01/Aug/2026:21:20:09 -0600] "POST /xmlrpc.php HTTP/1.1" 200 403 "-" "Jetpack by WordPress.com (Jetpack 12.5; WordPress 6.3)"
85.132.108.42 - - [01/Aug/2026:21:20:19 -0600] "POST /xmlrpc.php HTTP/1.1" 200 403 "-" "Jetpack by WordPress.com"
85.132.108.42 - - [01/Aug/2026:21:20:30 -0600] "POST /xmlrpc.php HTTP/1.1" 200 403 "-" "Jetpack by WordPress.com"
85.132.108.42 - - [01/Aug/2026:21:20:40 -0600] "POST /xmlrpc.php HTTP/1.1" 200 403 "-" "Jetpack by WordPress.com (Jetpack 13.0; WordPress 6.4)"
85.132.108.42 - - [01/Aug/2026:21:20:51 -0600] "POST /xmlrpc.php HTTP/1.1" 200 403 "-" "Jetpack by WordPress.com (Jetpack 12.5; WordPress 6.3)"
162.240.68.55 - - [01/Aug/2026:21:21:02 -0600] "POST /wp-cron.php?doing_wp_cron=1785640862.9132220745086669921875 HTTP/1.1" 200 - "-" "WordPress/7.0.2; https://nrfwomencouncil.org"
85.132.108.42 - - [01/Aug/2026:21:21:02 -0600] "POST /xmlrpc.php HTTP/1.1" 200 403 "-" "Jetpack/13.0; WordPress/6.2; http://site65955073.com"
85.132.108.42 - - [01/Aug/2026:21:21:12 -0600] "POST /xmlrpc.php HTTP/1.1" 200 403 "-" "Jetpack by WordPress.com"
85.132.108.42 - - [01/Aug/2026:21:21:23 -0600] "POST /xmlrpc.php HTTP/1.1" 200 403 "-" "Jetpack/12.1; WordPress/6.1; http://site79876853.com"
85.132.108.42 - - [01/Aug/2026:21:21:33 -0600] "POST /xmlrpc.php HTTP/1.1" 200 403 "-" "Jetpack by WordPress.com"
85.132.108.42 - - [01/Aug/2026:21:21:44 -0600] "POST /xmlrpc.php HTTP/1.1" 200 403 "-" "Jetpack by WordPress.com (Jetpack 12.5; WordPress 6.1)"
85.132.108.42 - - [01/Aug/2026:21:21:55 -0600] "POST /xmlrpc.php HTTP/1.1" 200 403 "-" "WordPress.com; https://wordpress.com"
162.240.68.55 - - [01/Aug/2026:21:22:06 -0600] "POST /wp-cron.php?doing_wp_cron=1785640926.8822100162506103515625 HTTP/1.1" 200 - "-" "WordPress/7.0.2; https://nrfwomencouncil.org"
85.132.108.42 - - [01/Aug/2026:21:22:06 -0600] "POST /xmlrpc.php HTTP/1.1" 200 403 "-" "WordPress.com; https://wordpress.com"
57.141.18.3 - - [01/Aug/2026:21:22:15 -0600] "GET /team/herman-gordon/ HTTP/1.1" 200 39747 "-" "Mozilla/5.0 (Windows NT 10.0; Win64; x64) AppleWebKit/537.36 (KHTML, like Gecko) Chrome/145.0.0.0 Safari/537.36 (compatible; meta-externalagent/1.1 (+https://developers.facebook.com/docs/sharing/webmasters/crawler))"
85.132.108.42 - - [01/Aug/2026:21:22:16 -0600] "POST /xmlrpc.php HTTP/1.1" 200 403 "-" "Jetpack by WordPress.com"
85.132.108.42 - - [01/Aug/2026:21:22:27 -0600] "POST /xmlrpc.php HTTP/1.1" 200 403 "-" "Jetpack by WordPress.com"
85.132.108.42 - - [01/Aug/2026:21:22:37 -0600] "POST /xmlrpc.php HTTP/1.1" 200 403 "-" "Jetpack by WordPress.com (Jetpack 12.5; WordPress 6.2)"
85.132.108.42 - - [01/Aug/2026:21:22:48 -0600] "POST /xmlrpc.php HTTP/1.1" 200 403 "-" "Jetpack/12.0; WordPress/6.4; http://site90696203.com"
162.240.68.55 - - [01/Aug/2026:21:22:59 -0600] "POST /wp-cron.php?doing_wp_cron=1785640979.9396591186523437500000 HTTP/1.1" 200 - "-" "WordPress/7.0.2; https://nrfwomencouncil.org"
85.132.108.42 - - [01/Aug/2026:21:22:59 -0600] "POST /xmlrpc.php HTTP/1.1" 200 403 "-" "WordPress.com; https://wordpress.com"
85.132.108.42 - - [01/Aug/2026:21:23:09 -0600] "POST /xmlrpc.php HTTP/1.1" 200 403 "-" "Jetpack by WordPress.com (Jetpack 12.1; WordPress 6.4)"
85.132.108.42 - - [01/Aug/2026:21:23:20 -0600] "POST /xmlrpc.php HTTP/1.1" 200 403 "-" "WordPress.com; https://wordpress.com"
85.132.108.42 - - [01/Aug/2026:21:23:31 -0600] "POST /xmlrpc.php HTTP/1.1" 200 403 "-" "Jetpack by WordPress.com (Jetpack 12.1; WordPress 6.4)"
85.132.108.42 - - [01/Aug/2026:21:23:41 -0600] "POST /xmlrpc.php HTTP/1.1" 200 403 "-" "Jetpack/12.1; WordPress/6.3; http://site30294557.com"
85.132.108.42 - - [01/Aug/2026:21:23:52 -0600] "POST /xmlrpc.php HTTP/1.1" 200 403 "-" "Jetpack by WordPress.com"
162.240.68.55 - - [01/Aug/2026:21:24:04 -0600] "POST /wp-cron.php?doing_wp_cron=1785641044.2175109386444091796875 HTTP/1.1" 200 - "-" "WordPress/7.0.2; https://nrfwomencouncil.org"
85.132.108.42 - - [01/Aug/2026:21:24:03 -0600] "POST /xmlrpc.php HTTP/1.1" 200 403 "-" "Jetpack by WordPress.com"
85.132.108.42 - - [01/Aug/2026:21:24:14 -0600] "POST /xmlrpc.php HTTP/1.1" 200 403 "-" "Jetpack/12.5; WordPress/6.3; http://site77747920.com"
85.132.108.42 - - [01/Aug/2026:21:24:24 -0600] "POST /xmlrpc.php HTTP/1.1" 200 403 "-" "Jetpack by WordPress.com (Jetpack 12.0; WordPress 6.4)"
85.132.108.42 - - [01/Aug/2026:21:24:35 -0600] "POST /xmlrpc.php HTTP/1.1" 200 403 "-" "WordPress.com; https://wordpress.com"
85.132.108.42 - - [01/Aug/2026:21:24:46 -0600] "POST /xmlrpc.php HTTP/1.1" 200 403 "-" "Jetpack/13.0; WordPress/6.2; http://site35020205.com"
162.240.68.55 - - [01/Aug/2026:21:24:57 -0600] "POST /wp-cron.php?doing_wp_cron=1785641097.6614830493927001953125 HTTP/1.1" 200 - "-" "WordPress/7.0.2; https://nrfwomencouncil.org"
85.132.108.42 - - [01/Aug/2026:21:24:56 -0600] "POST /xmlrpc.php HTTP/1.1" 200 403 "-" "Jetpack by WordPress.com (Jetpack 12.1; WordPress 6.2)"
85.132.108.42 - - [01/Aug/2026:21:25:07 -0600] "POST /xmlrpc.php HTTP/1.1" 200 403 "-" "Jetpack/12.1; WordPress/6.1; http://site60621795.com"
85.132.108.42 - - [01/Aug/2026:21:25:18 -0600] "POST /xmlrpc.php HTTP/1.1" 200 403 "-" "WordPress.com; https://wordpress.com"
85.132.108.42 - - [01/Aug/2026:21:25:28 -0600] "POST /xmlrpc.php HTTP/1.1" 200 403 "-" "Jetpack by WordPress.com (Jetpack 12.0; WordPress 6.4)"
85.132.108.42 - - [01/Aug/2026:21:25:39 -0600] "POST /xmlrpc.php HTTP/1.1" 200 403 "-" "Jetpack by WordPress.com (Jetpack 12.5; WordPress 6.4)"
85.132.108.42 - - [01/Aug/2026:21:25:49 -0600] "POST /xmlrpc.php HTTP/1.1" 200 403 "-" "Jetpack by WordPress.com"
162.240.68.55 - - [01/Aug/2026:21:26:01 -0600] "POST /wp-cron.php?doing_wp_cron=1785641161.0339839458465576171875 HTTP/1.1" 200 - "-" "WordPress/7.0.2; https://nrfwomencouncil.org"
85.132.108.42 - - [01/Aug/2026:21:26:00 -0600] "POST /xmlrpc.php HTTP/1.1" 200 403 "-" "Jetpack by WordPress.com"
85.132.108.42 - - [01/Aug/2026:21:26:11 -0600] "POST /xmlrpc.php HTTP/1.1" 200 403 "-" "Jetpack by WordPress.com (Jetpack 13.0; WordPress 6.1)"
85.132.108.42 - - [01/Aug/2026:21:26:21 -0600] "POST /xmlrpc.php HTTP/1.1" 200 403 "-" "Jetpack by WordPress.com (Jetpack 13.0; WordPress 6.3)"
85.132.108.42 - - [01/Aug/2026:21:26:32 -0600] "POST /xmlrpc.php HTTP/1.1" 200 403 "-" "Jetpack/12.1; WordPress/6.3; http://site11363911.com"
85.132.108.42 - - [01/Aug/2026:21:26:42 -0600] "POST /xmlrpc.php HTTP/1.1" 200 403 "-" "Jetpack by WordPress.com"
85.132.108.42 - - [01/Aug/2026:21:26:53 -0600] "POST /xmlrpc.php HTTP/1.1" 200 403 "-" "Jetpack/12.5; WordPress/6.2; http://site10391216.com"
162.240.68.55 - - [01/Aug/2026:21:27:04 -0600] "POST /wp-cron.php?doing_wp_cron=1785641224.7310249805450439453125 HTTP/1.1" 200 - "-" "WordPress/7.0.2; https://nrfwomencouncil.org"
85.132.108.42 - - [01/Aug/2026:21:27:03 -0600] "POST /xmlrpc.php HTTP/1.1" 200 403 "-" "Jetpack by WordPress.com (Jetpack 12.0; WordPress 6.1)"
85.132.108.42 - - [01/Aug/2026:21:27:14 -0600] "POST /xmlrpc.php HTTP/1.1" 200 403 "-" "Jetpack/12.0; WordPress/6.4; http://site74937568.com"
85.132.108.42 - - [01/Aug/2026:21:27:25 -0600] "POST /xmlrpc.php HTTP/1.1" 200 403 "-" "WordPress.com; https://wordpress.com"
85.132.108.42 - - [01/Aug/2026:21:27:35 -0600] "POST /xmlrpc.php HTTP/1.1" 200 403 "-" "Jetpack/13.0; WordPress/6.1; http://site39481621.com"
85.132.108.42 - - [01/Aug/2026:21:27:46 -0600] "POST /xmlrpc.php HTTP/1.1" 200 403 "-" "Jetpack by WordPress.com"
162.240.68.55 - - [01/Aug/2026:21:27:57 -0600] "POST /wp-cron.php?doing_wp_cron=1785641277.9208788871765136718750 HTTP/1.1" 200 - "-" "WordPress/7.0.2; https://nrfwomencouncil.org"
85.132.108.42 - - [01/Aug/2026:21:27:57 -0600] "POST /xmlrpc.php HTTP/1.1" 200 403 "-" "WordPress.com; https://wordpress.com"
85.132.108.42 - - [01/Aug/2026:21:28:07 -0600] "POST /xmlrpc.php HTTP/1.1" 200 403 "-" "Jetpack/12.0; WordPress/6.3; http://site49169937.com"
85.132.108.42 - - [01/Aug/2026:21:28:18 -0600] "POST /xmlrpc.php HTTP/1.1" 200 403 "-" "Jetpack by WordPress.com"
85.132.108.42 - - [01/Aug/2026:21:28:29 -0600] "POST /xmlrpc.php HTTP/1.1" 200 403 "-" "WordPress.com; https://wordpress.com"
85.132.108.42 - - [01/Aug/2026:21:28:39 -0600] "POST /xmlrpc.php HTTP/1.1" 200 403 "-" "Jetpack by WordPress.com"
85.132.108.42 - - [01/Aug/2026:21:28:50 -0600] "POST /xmlrpc.php HTTP/1.1" 200 403 "-" "Jetpack by WordPress.com (Jetpack 12.5; WordPress 6.4)"
85.132.108.42 - - [01/Aug/2026:21:29:00 -0600] "POST /xmlrpc.php HTTP/1.1" 200 403 "-" "Jetpack/12.5; WordPress/6.2; http://site84039325.com"
85.132.108.42 - - [01/Aug/2026:21:29:11 -0600] "POST /xmlrpc.php HTTP/1.1" 200 403 "-" "Jetpack/12.1; WordPress/6.2; http://site34922663.com"
85.132.108.42 - - [01/Aug/2026:21:29:22 -0600] "POST /xmlrpc.php HTTP/1.1" 200 403 "-" "WordPress.com; https://wordpress.com"
85.132.108.42 - - [01/Aug/2026:21:29:33 -0600] "POST /xmlrpc.php HTTP/1.1" 200 403 "-" "Jetpack by WordPress.com"
85.132.108.42 - - [01/Aug/2026:21:29:43 -0600] "POST /xmlrpc.php HTTP/1.1" 200 403 "-" "Jetpack by WordPress.com"
85.132.108.42 - - [01/Aug/2026:21:29:54 -0600] "POST /xmlrpc.php HTTP/1.1" 200 403 "-" "Jetpack by WordPress.com"
162.240.68.55 - - [01/Aug/2026:21:30:05 -0600] "POST /wp-cron.php?doing_wp_cron=1785641405.9707028865814208984375 HTTP/1.1" 200 - "-" "WordPress/7.0.2; https://nrfwomencouncil.org"
85.132.108.42 - - [01/Aug/2026:21:30:05 -0600] "POST /xmlrpc.php HTTP/1.1" 200 403 "-" "Jetpack/12.5; WordPress/6.1; http://site55512416.com"
85.132.108.42 - - [01/Aug/2026:21:30:15 -0600] "POST /xmlrpc.php HTTP/1.1" 200 403 "-" "WordPress.com; https://wordpress.com"
85.132.108.42 - - [01/Aug/2026:21:30:26 -0600] "POST /xmlrpc.php HTTP/1.1" 200 403 "-" "WordPress.com; https://wordpress.com"
85.132.108.42 - - [01/Aug/2026:21:30:36 -0600] "POST /xmlrpc.php HTTP/1.1" 200 403 "-" "Jetpack by WordPress.com (Jetpack 12.1; WordPress 6.1)"
85.132.108.42 - - [01/Aug/2026:21:30:47 -0600] "POST /xmlrpc.php HTTP/1.1" 200 403 "-" "Jetpack by WordPress.com (Jetpack 13.0; WordPress 6.2)"
162.240.68.55 - - [01/Aug/2026:21:30:58 -0600] "POST /wp-cron.php?doing_wp_cron=1785641458.6694209575653076171875 HTTP/1.1" 200 - "-" "WordPress/7.0.2; https://nrfwomencouncil.org"
85.132.108.42 - - [01/Aug/2026:21:30:57 -0600] "POST /xmlrpc.php HTTP/1.1" 200 403 "-" "Jetpack/13.0; WordPress/6.3; http://site85108447.com"
85.132.108.42 - - [01/Aug/2026:21:31:08 -0600] "POST /xmlrpc.php HTTP/1.1" 200 403 "-" "Jetpack by WordPress.com"
85.132.108.42 - - [01/Aug/2026:21:31:19 -0600] "POST /xmlrpc.php HTTP/1.1" 200 403 "-" "Jetpack by WordPress.com"
85.132.108.42 - - [01/Aug/2026:21:31:29 -0600] "POST /xmlrpc.php HTTP/1.1" 200 403 "-" "Jetpack/12.0; WordPress/6.2; http://site95188613.com"
85.132.108.42 - - [01/Aug/2026:21:31:40 -0600] "POST /xmlrpc.php HTTP/1.1" 200 403 "-" "Jetpack by WordPress.com"
85.132.108.42 - - [01/Aug/2026:21:31:52 -0600] "POST /xmlrpc.php HTTP/1.1" 200 403 "-" "Jetpack/12.0; WordPress/6.1; http://site85214026.com"
162.240.68.55 - - [01/Aug/2026:21:32:03 -0600] "POST /wp-cron.php?doing_wp_cron=1785641523.2972939014434814453125 HTTP/1.1" 200 - "-" "WordPress/7.0.2; https://nrfwomencouncil.org"
85.132.108.42 - - [01/Aug/2026:21:32:02 -0600] "POST /xmlrpc.php HTTP/1.1" 200 403 "-" "Jetpack by WordPress.com (Jetpack 13.0; WordPress 6.3)"
85.132.108.42 - - [01/Aug/2026:21:32:12 -0600] "POST /xmlrpc.php HTTP/1.1" 200 403 "-" "Jetpack by WordPress.com"
85.132.108.42 - - [01/Aug/2026:21:32:22 -0600] "POST /xmlrpc.php HTTP/1.1" 200 403 "-" "Jetpack by WordPress.com (Jetpack 12.0; WordPress 6.3)"
85.132.108.42 - - [01/Aug/2026:21:32:33 -0600] "POST /xmlrpc.php HTTP/1.1" 200 403 "-" "Jetpack/13.0; WordPress/6.3; http://site29320965.com"
85.132.108.42 - - [01/Aug/2026:21:32:44 -0600] "POST /xmlrpc.php HTTP/1.1" 200 403 "-" "Jetpack/12.5; WordPress/6.1; http://site10208921.com"
85.132.108.42 - - [01/Aug/2026:21:32:54 -0600] "POST /xmlrpc.php HTTP/1.1" 200 403 "-" "Jetpack by WordPress.com (Jetpack 12.5; WordPress 6.2)"
162.240.68.55 - - [01/Aug/2026:21:33:06 -0600] "POST /wp-cron.php?doing_wp_cron=1785641586.4101219177246093750000 HTTP/1.1" 200 - "-" "WordPress/7.0.2; https://nrfwomencouncil.org"
85.132.108.42 - - [01/Aug/2026:21:33:05 -0600] "POST /xmlrpc.php HTTP/1.1" 200 403 "-" "Jetpack/12.1; WordPress/6.1; http://site83786379.com"
85.132.108.42 - - [01/Aug/2026:21:33:16 -0600] "POST /xmlrpc.php HTTP/1.1" 200 403 "-" "Jetpack by WordPress.com (Jetpack 12.0; WordPress 6.4)"
85.132.108.42 - - [01/Aug/2026:21:33:27 -0600] "POST /xmlrpc.php HTTP/1.1" 200 403 "-" "Jetpack by WordPress.com"
85.132.108.42 - - [01/Aug/2026:21:33:37 -0600] "POST /xmlrpc.php HTTP/1.1" 200 403 "-" "WordPress.com; https://wordpress.com"
162.240.68.55 - - [01/Aug/2026:21:33:49 -0600] "POST /wp-cron.php?doing_wp_cron=1785641629.0696160793304443359375 HTTP/1.1" 200 - "-" "WordPress/7.0.2; https://nrfwomencouncil.org"
85.132.108.42 - - [01/Aug/2026:21:33:48 -0600] "POST /xmlrpc.php HTTP/1.1" 200 403 "-" "Jetpack/12.1; WordPress/6.3; http://site15835054.com"
162.240.68.55 - - [01/Aug/2026:21:36:58 -0600] "POST /wp-cron.php?doing_wp_cron=1785641818.5720450878143310546875 HTTP/1.1" 200 - "-" "WordPress/7.0.2; https://nrfwomencouncil.org"
148.113.128.30 - - [01/Aug/2026:21:36:57 -0600] "GET /wp-sitemap.xml HTTP/1.1" 200 1484 "-" "Mozilla/5.0 (compatible; AhrefsBot/7.0; +http://ahrefs.com/robot/)"
54.39.203.250 - - [01/Aug/2026:21:37:02 -0600] "GET /wp-sitemap-posts-post-1.xml HTTP/1.1" 200 334 "-" "Mozilla/5.0 (compatible; AhrefsBot/7.0; +http://ahrefs.com/robot/)"
54.39.0.5 - - [01/Aug/2026:21:37:04 -0600] "GET /wp-sitemap-posts-page-1.xml HTTP/1.1" 200 927 "-" "Mozilla/5.0 (compatible; AhrefsBot/7.0; +http://ahrefs.com/robot/)"
54.39.136.106 - - [01/Aug/2026:21:37:06 -0600] "GET /wp-sitemap-posts-portfolio-1.xml HTTP/1.1" 200 3871 "-" "Mozilla/5.0 (compatible; AhrefsBot/7.0; +http://ahrefs.com/robot/)"
54.39.210.161 - - [01/Aug/2026:21:37:08 -0600] "GET /wp-sitemap-posts-team-1.xml HTTP/1.1" 200 1564 "-" "Mozilla/5.0 (compatible; AhrefsBot/7.0; +http://ahrefs.com/robot/)"
51.161.65.188 - - [01/Aug/2026:21:37:11 -0600] "GET /wp-sitemap-posts-testimonials-1.xml HTTP/1.1" 200 924 "-" "Mozilla/5.0 (compatible; AhrefsBot/7.0; +http://ahrefs.com/robot/)"
148.113.130.161 - - [01/Aug/2026:21:37:16 -0600] "GET /wp-sitemap-posts-service-1.xml HTTP/1.1" 200 670 "-" "Mozilla/5.0 (compatible; AhrefsBot/7.0; +http://ahrefs.com/robot/)"
54.39.136.74 - - [01/Aug/2026:21:37:19 -0600] "GET /wp-sitemap-posts-department-1.xml HTTP/1.1" 200 3668 "-" "Mozilla/5.0 (compatible; AhrefsBot/7.0; +http://ahrefs.com/robot/)"
167.114.139.254 - - [01/Aug/2026:21:37:24 -0600] "GET /wp-sitemap-posts-faqs-1.xml HTTP/1.1" 200 1886 "-" "Mozilla/5.0 (compatible; AhrefsBot/7.0; +http://ahrefs.com/robot/)"
54.39.89.204 - - [01/Aug/2026:21:37:27 -0600] "GET /wp-sitemap-taxonomies-category-1.xml HTTP/1.1" 200 333 "-" "Mozilla/5.0 (compatible; AhrefsBot/7.0; +http://ahrefs.com/robot/)"
54.39.203.189 - - [01/Aug/2026:21:37:29 -0600] "GET /wp-sitemap-taxonomies-service_cat-1.xml HTTP/1.1" 200 269 "-" "Mozilla/5.0 (compatible; AhrefsBot/7.0; +http://ahrefs.com/robot/)"
54.39.210.71 - - [01/Aug/2026:21:37:32 -0600] "GET /wp-sitemap-taxonomies-testimonials_cat-1.xml HTTP/1.1" 200 361 "-" "Mozilla/5.0 (compatible; AhrefsBot/7.0; +http://ahrefs.com/robot/)"
15.235.27.22 - - [01/Aug/2026:21:37:34 -0600] "GET /wp-sitemap-taxonomies-team_cat-1.xml HTTP/1.1" 200 262 "-" "Mozilla/5.0 (compatible; AhrefsBot/7.0; +http://ahrefs.com/robot/)"
148.113.128.241 - - [01/Aug/2026:21:37:37 -0600] "GET /wp-sitemap-taxonomies-tribe_events_cat-1.xml HTTP/1.1" 200 423 "-" "Mozilla/5.0 (compatible; AhrefsBot/7.0; +http://ahrefs.com/robot/)"
51.161.37.183 - - [01/Aug/2026:21:37:39 -0600] "GET /wp-sitemap-users-1.xml HTTP/1.1" 200 257 "-" "Mozilla/5.0 (compatible; AhrefsBot/7.0; +http://ahrefs.com/robot/)"
57.141.18.5 - - [01/Aug/2026:21:37:39 -0600] "GET /wp-sitemap.xml HTTP/1.1" 200 1484 "-" "Mozilla/5.0 (Macintosh; Intel Mac OS X 10_15_7) AppleWebKit/537.36 (KHTML, like Gecko) Chrome/145.0.0.0 Safari/537.36 (compatible; meta-externalagent/1.1 (+https://developers.facebook.com/docs/sharing/webmasters/crawler))"
162.240.68.55 - - [01/Aug/2026:21:50:18 -0600] "POST /wp-cron.php?doing_wp_cron=1785642618.2811310291290283203125 HTTP/1.1" 200 - "-" "WordPress/7.0.2; https://nrfwomencouncil.org"
57.141.18.7 - - [01/Aug/2026:21:50:17 -0600] "GET /department/park-recreation-department/ HTTP/1.1" 200 39240 "-" "Mozilla/5.0 (Windows NT 10.0; Win64; x64) AppleWebKit/537.36 (KHTML, like Gecko) Chrome/145.0.0.0 Safari/537.36 (compatible; meta-externalagent/1.1 (+https://developers.facebook.com/docs/sharing/webmasters/crawler))"
101.33.66.34 - - [01/Aug/2026:21:51:07 -0600] "GET / HTTP/1.1" 200 62762 "http://nrfwomencouncil.org" "Mozilla/5.0 (iPhone; CPU iPhone OS 13_2_3 like Mac OS X) AppleWebKit/605.1.15 (KHTML, like Gecko) Version/13.0.3 Mobile/15E148 Safari/604.1"
162.240.68.55 - - [01/Aug/2026:22:07:02 -0600] "POST /wp-cron.php?doing_wp_cron=1785643622.3368220329284667968750 HTTP/1.1" 200 - "-" "WordPress/7.0.2; https://nrfwomencouncil.org"
57.141.18.35 - - [01/Aug/2026:22:07:01 -0600] "GET /category/messages/ HTTP/1.1" 200 41550 "-" "Mozilla/5.0 (Windows NT 10.0; Win64; x64) AppleWebKit/537.36 (KHTML, like Gecko) Chrome/145.0.0.0 Safari/537.36 (compatible; meta-externalagent/1.1 (+https://developers.facebook.com/docs/sharing/webmasters/crawler))"
54.39.0.252 - - [01/Aug/2026:22:09:13 -0600] "GET /events/2025-06-11/ HTTP/1.1" 200 70002 "-" "Mozilla/5.0 (compatible; AhrefsBot/7.0; +http://ahrefs.com/robot/)"
162.240.68.55 - - [01/Aug/2026:22:09:14 -0600] "POST /wp-cron.php?doing_wp_cron=1785643754.7926409244537353515625 HTTP/1.1" 200 - "-" "WordPress/7.0.2; https://nrfwomencouncil.org"
162.240.68.55 - - [01/Aug/2026:22:15:53 -0600] "POST /wp-cron.php?doing_wp_cron=1785644153.8093729019165039062500 HTTP/1.1" 200 - "-" "WordPress/7.0.2; https://nrfwomencouncil.org"
51.158.144.117 - - [01/Aug/2026:22:15:52 -0600] "GET /index.php?rest_route=/wp/v2/users HTTP/1.1" 200 1461 "-" "Mozilla/5.0 (Windows NT 10.0; Win64; x64) AppleWebKit/537.36 (KHTML, like Gecko) Chrome/148.0.0.0 Safari/537.36"
162.240.68.55 - - [01/Aug/2026:22:18:38 -0600] "POST /wp-cron.php?doing_wp_cron=1785644318.3236970901489257812500 HTTP/1.1" 200 - "-" "WordPress/7.0.2; https://nrfwomencouncil.org"
144.76.32.236 - - [01/Aug/2026:22:18:37 -0600] "GET /team_cat/team-v1/page/2/ HTTP/1.1" 200 43475 "-" "Mozilla/5.0 (compatible; SERankingBacklinksBot/1.0; +https://seranking.com/backlinks-crawler)"
162.240.68.55 - - [01/Aug/2026:22:19:00 -0600] "POST /wp-cron.php?doing_wp_cron=1785644340.7714219093322753906250 HTTP/1.1" 200 - "-" "WordPress/7.0.2; https://nrfwomencouncil.org"
144.76.32.236 - - [01/Aug/2026:22:18:59 -0600] "GET /team_cat/team-v1/index.html HTTP/1.1" 404 37150 "-" "Mozilla/5.0 (compatible; SERankingBacklinksBot/1.0; +https://seranking.com/backlinks-crawler)"
162.240.68.55 - - [01/Aug/2026:22:38:21 -0600] "POST /wp-cron.php?doing_wp_cron=1785645501.3135049343109130859375 HTTP/1.1" 200 - "-" "WordPress/7.0.2; https://nrfwomencouncil.org"
160.191.139.115 - - [01/Aug/2026:22:38:20 -0600] "POST /xmlrpc.php HTTP/1.1" 200 401 "-" "Mozilla/5.0 (Windows NT 10.0; Win64; x64) AppleWebKit/537.36 (KHTML, like Gecko) Chrome/120.0.0.0 Safari/537.36"
15.235.98.158 - - [01/Aug/2026:22:38:47 -0600] "GET /events/2026-03-16/ HTTP/1.1" 200 70004 "-" "Mozilla/5.0 (compatible; AhrefsBot/7.0; +http://ahrefs.com/robot/)"
162.240.68.55 - - [01/Aug/2026:22:39:42 -0600] "POST /wp-cron.php?doing_wp_cron=1785645582.0636320114135742187500 HTTP/1.1" 200 - "-" "WordPress/7.0.2; https://nrfwomencouncil.org"
57.141.18.63 - - [01/Aug/2026:22:39:41 -0600] "GET /department/arts-culture/ HTTP/1.1" 200 39655 "-" "Mozilla/5.0 (Windows NT 10.0; Win64; x64) AppleWebKit/537.36 (KHTML, like Gecko) Chrome/145.0.0.0 Safari/537.36 (compatible; meta-externalagent/1.1 (+https://developers.facebook.com/docs/sharing/webmasters/crawler))"
43.157.172.39 - - [01/Aug/2026:22:41:19 -0600] "GET / HTTP/1.1" 200 62762 "http://www.nrfwomencouncil.org" "Mozilla/5.0 (iPhone; CPU iPhone OS 13_2_3 like Mac OS X) AppleWebKit/605.1.15 (KHTML, like Gecko) Version/13.0.3 Mobile/15E148 Safari/604.1"
162.240.68.55 - - [01/Aug/2026:22:48:49 -0600] "POST /wp-cron.php?doing_wp_cron=1785646129.4209420680999755859375 HTTP/1.1" 200 - "-" "WordPress/7.0.2; https://nrfwomencouncil.org"
57.141.18.88 - - [01/Aug/2026:22:48:48 -0600] "GET /team_cat/team-v1/ HTTP/1.1" 200 64379 "-" "Mozilla/5.0 (Windows NT 10.0; Win64; x64) AppleWebKit/537.36 (KHTML, like Gecko) Chrome/145.0.0.0 Safari/537.36 (compatible; meta-externalagent/1.1 (+https://developers.facebook.com/docs/sharing/webmasters/crawler))"
162.240.68.55 - - [01/Aug/2026:23:03:52 -0600] "POST /wp-cron.php?doing_wp_cron=1785647032.9422340393066406250000 HTTP/1.1" 200 - "-" "WordPress/7.0.2; https://nrfwomencouncil.org"
54.39.210.83 - - [01/Aug/2026:23:03:52 -0600] "GET /wp-sitemap.xml HTTP/1.1" 200 1484 "-" "Mozilla/5.0 (compatible; AhrefsBot/7.0; +http://ahrefs.com/robot/)"
148.113.130.4 - - [01/Aug/2026:23:03:56 -0600] "GET /wp-sitemap-posts-post-1.xml HTTP/1.1" 200 334 "-" "Mozilla/5.0 (compatible; AhrefsBot/7.0; +http://ahrefs.com/robot/)"
162.240.68.55 - - [01/Aug/2026:23:03:57 -0600] "POST /wp-cron.php?doing_wp_cron=1785647037.7623651027679443359375 HTTP/1.1" 200 - "-" "WordPress/7.0.2; https://nrfwomencouncil.org"
167.114.139.77 - - [01/Aug/2026:23:04:00 -0600] "GET /wp-sitemap-posts-page-1.xml HTTP/1.1" 200 927 "-" "Mozilla/5.0 (compatible; AhrefsBot/7.0; +http://ahrefs.com/robot/)"
54.39.0.51 - - [01/Aug/2026:23:04:04 -0600] "GET /wp-sitemap-posts-portfolio-1.xml HTTP/1.1" 200 3871 "-" "Mozilla/5.0 (compatible; AhrefsBot/7.0; +http://ahrefs.com/robot/)"
51.222.168.36 - - [01/Aug/2026:23:04:06 -0600] "GET /wp-sitemap-posts-team-1.xml HTTP/1.1" 200 1564 "-" "Mozilla/5.0 (compatible; AhrefsBot/7.0; +http://ahrefs.com/robot/)"
51.222.168.175 - - [01/Aug/2026:23:04:08 -0600] "GET /wp-sitemap-posts-testimonials-1.xml HTTP/1.1" 200 924 "-" "Mozilla/5.0 (compatible; AhrefsBot/7.0; +http://ahrefs.com/robot/)"
148.113.130.67 - - [01/Aug/2026:23:04:11 -0600] "GET /wp-sitemap-posts-service-1.xml HTTP/1.1" 200 670 "-" "Mozilla/5.0 (compatible; AhrefsBot/7.0; +http://ahrefs.com/robot/)"
15.235.98.227 - - [01/Aug/2026:23:04:14 -0600] "GET /wp-sitemap-posts-department-1.xml HTTP/1.1" 200 3668 "-" "Mozilla/5.0 (compatible; AhrefsBot/7.0; +http://ahrefs.com/robot/)"
167.114.139.146 - - [01/Aug/2026:23:04:18 -0600] "GET /wp-sitemap-posts-faqs-1.xml HTTP/1.1" 200 1886 "-" "Mozilla/5.0 (compatible; AhrefsBot/7.0; +http://ahrefs.com/robot/)"
54.39.89.90 - - [01/Aug/2026:23:04:23 -0600] "GET /wp-sitemap-taxonomies-category-1.xml HTTP/1.1" 200 333 "-" "Mozilla/5.0 (compatible; AhrefsBot/7.0; +http://ahrefs.com/robot/)"
51.161.37.82 - - [01/Aug/2026:23:04:26 -0600] "GET /wp-sitemap-taxonomies-service_cat-1.xml HTTP/1.1" 200 269 "-" "Mozilla/5.0 (compatible; AhrefsBot/7.0; +http://ahrefs.com/robot/)"
54.39.210.218 - - [01/Aug/2026:23:04:30 -0600] "GET /wp-sitemap-taxonomies-testimonials_cat-1.xml HTTP/1.1" 200 361 "-" "Mozilla/5.0 (compatible; AhrefsBot/7.0; +http://ahrefs.com/robot/)"
142.44.228.156 - - [01/Aug/2026:23:04:32 -0600] "GET /wp-sitemap-taxonomies-team_cat-1.xml HTTP/1.1" 200 262 "-" "Mozilla/5.0 (compatible; AhrefsBot/7.0; +http://ahrefs.com/robot/)"
142.44.228.43 - - [01/Aug/2026:23:04:34 -0600] "GET /wp-sitemap-taxonomies-tribe_events_cat-1.xml HTTP/1.1" 200 423 "-" "Mozilla/5.0 (compatible; AhrefsBot/7.0; +http://ahrefs.com/robot/)"
167.114.139.25 - - [01/Aug/2026:23:04:37 -0600] "GET /wp-sitemap-users-1.xml HTTP/1.1" 200 257 "-" "Mozilla/5.0 (compatible; AhrefsBot/7.0; +http://ahrefs.com/robot/)"
162.240.68.55 - - [01/Aug/2026:23:06:28 -0600] "POST /wp-cron.php?doing_wp_cron=1785647188.2767059803009033203125 HTTP/1.1" 200 - "-" "WordPress/7.0.2; https://nrfwomencouncil.org"
148.113.130.149 - - [01/Aug/2026:23:06:27 -0600] "GET /category/%D8%AF%D8%B1%DB%8C%DA%86%D9%87-%D9%81%D8%B1%D9%87%D9%86%DA%AF-%D9%88-%D8%A7%D8%AF%D8%A8/ HTTP/1.1" 404 37150 "-" "Mozilla/5.0 (compatible; AhrefsBot/7.0; +http://ahrefs.com/robot/)"
167.114.139.155 - - [01/Aug/2026:23:09:16 -0600] "GET /events/2027-01-28/ HTTP/1.1" 200 70008 "-" "Mozilla/5.0 (compatible; AhrefsBot/7.0; +http://ahrefs.com/robot/)"
162.240.68.55 - - [01/Aug/2026:23:09:17 -0600] "POST /wp-cron.php?doing_wp_cron=1785647357.6250100135803222656250 HTTP/1.1" 200 - "-" "WordPress/7.0.2; https://nrfwomencouncil.org"
162.240.68.55 - - [01/Aug/2026:23:14:08 -0600] "POST /wp-cron.php?doing_wp_cron=1785647648.7628219127655029296875 HTTP/1.1" 200 - "-" "WordPress/7.0.2; https://nrfwomencouncil.org"
37.187.226.30 - - [01/Aug/2026:23:14:07 -0600] "GET /robots.txt HTTP/1.1" 200 120 "-" "Mozilla/5.0 (compatible; MJ12bot/v1.4.8; http://mj12bot.com/)"
37.187.226.30 - - [01/Aug/2026:23:14:11 -0600] "GET /%D8%A7%D8%B9%D9%84%D8%A7%D9%85%DB%8C%D9%87%DB%8C-%D8%B4%D9%88%D8%B1%D8%A7%DB%8C-%D8%A8%D8%A7%D9%86%D9%88%D8%A7%D9%86-%D8%AC%D8%A8%D9%87%D9%87-%D9%85%D9%82%D8%A7%D9%88%D9%85%D8%AA-%D9%85%D9%84/ HTTP/1.1" 404 37150 "-" "Mozilla/5.0 (compatible; MJ12bot/v1.4.8; http://mj12bot.com/)"
37.187.226.30 - - [01/Aug/2026:23:14:13 -0600] "GET /%D8%A7%D8%B9%D9%84%D8%A7%D9%85%DB%8C%D9%87%DB%8C-%D8%B4%D9%88%D8%B1%D8%A7%DB%8C-%D8%A8%D8%A7%D9%86%D9%88%D8%A7%D9%86-%D8%AC%D8%A8%D9%87%D9%87-%D9%85%D9%82%D8%A7%D9%88%D9%85%D8%AA-%D9%85%D9%84/feed/ HTTP/1.1" 200 875 "-" "Mozilla/5.0 (compatible; MJ12bot/v1.4.8; http://mj12bot.com/)"
37.187.226.30 - - [01/Aug/2026:23:14:16 -0600] "GET /%D8%A7%D8%B9%D9%84%D8%A7%D9%85%DB%8C%D9%87-%D8%B4%D9%88%D8%B1%D8%A7%DB%8C-%D8%A8%D8%A7%D9%86%D9%88%D8%A7%D9%86-%D8%AC%D8%A8%D9%87%D9%87-%D9%85%D9%82%D8%A7%D9%88%D9%85%D8%AA-%D9%85%D9%84%DB%8C-%D8%A7/ HTTP/1.1" 404 37150 "-" "Mozilla/5.0 (compatible; MJ12bot/v1.4.8; http://mj12bot.com/)"
37.187.226.30 - - [01/Aug/2026:23:14:18 -0600] "GET /%D8%A8%D8%B2%D8%B1%DA%AF%D8%AF%D8%A7%D8%B4%D8%AA-%D8%A7%D8%B2-%D9%87%D8%B4%D8%AA%D9%85-%D9%85%D8%A7%D8%B1%DA%86%D8%9B-%D8%B1%D9%88%D8%B2-%D8%AC%D9%87%D8%A7%D9%86%DB%8C-%D8%B2%D9%86-%D8%AF%D8%B1-%D8%B4/ HTTP/1.1" 404 37150 "-" "Mozilla/5.0 (compatible; MJ12bot/v1.4.8; http://mj12bot.com/)"
57.141.18.44 - - [01/Aug/2026:23:14:20 -0600] "GET /portfolio/mayor-golf-day/ HTTP/1.1" 200 39559 "-" "Mozilla/5.0 (Windows NT 10.0; Win64; x64) AppleWebKit/537.36 (KHTML, like Gecko) Chrome/145.0.0.0 Safari/537.36 (compatible; meta-externalagent/1.1 (+https://developers.facebook.com/docs/sharing/webmasters/crawler))"
37.187.226.30 - - [01/Aug/2026:23:14:21 -0600] "GET /%D8%A8%D8%B2%D8%B1%DA%AF%D8%AF%D8%A7%D8%B4%D8%AA-%D8%A7%D8%B2-%D9%87%D8%B4%D8%AA%D9%85-%D9%85%D8%A7%D8%B1%DA%86%D8%9B-%D8%B1%D9%88%D8%B2-%D8%AC%D9%87%D8%A7%D9%86%DB%8C-%D8%B2%D9%86-%D8%AF%D8%B1-%D8%B4/feed/ HTTP/1.1" 200 884 "-" "Mozilla/5.0 (compatible; MJ12bot/v1.4.8; http://mj12bot.com/)"
37.187.226.30 - - [01/Aug/2026:23:14:23 -0600] "GET /%D8%A8%DB%8C%D8%A7%D9%86%DB%8C%D9%87-%D9%85%D8%B7%D8%A8%D9%88%D8%B9%D8%A7%D8%AA%DB%8C-%D8%B4%D9%88%D8%B1%D8%A7%DB%8C-%D8%A8%D8%A7%D9%86%D9%88%D8%A7%D9%86-%D8%AC%D8%A8%D9%87%D9%87-%D9%85%D9%82%D8%A7/ HTTP/1.1" 404 37150 "-" "Mozilla/5.0 (compatible; MJ12bot/v1.4.8; http://mj12bot.com/)"
37.187.226.30 - - [01/Aug/2026:23:14:26 -0600] "GET /%D8%AC%D8%BA%D8%B1%D8%A7%D9%81%DB%8C%D8%A7%DB%8C-%D9%86%D9%88%D8%B1%D9%88%D8%B2/ HTTP/1.1" 404 37150 "-" "Mozilla/5.0 (compatible; MJ12bot/v1.4.8; http://mj12bot.com/)"
37.187.226.30 - - [01/Aug/2026:23:14:28 -0600] "GET /%D8%AE%D8%A8%D8%B1/ HTTP/1.1" 404 37150 "-" "Mozilla/5.0 (compatible; MJ12bot/v1.4.8; http://mj12bot.com/)"
37.187.226.30 - - [01/Aug/2026:23:14:31 -0600] "GET /%D8%AE%D8%A8%D8%B1/feed/ HTTP/1.1" 200 702 "-" "Mozilla/5.0 (compatible; MJ12bot/v1.4.8; http://mj12bot.com/)"
37.187.226.30 - - [01/Aug/2026:23:14:33 -0600] "GET /%D8%B4%D9%88%D8%B1%D8%A7%DB%8C-%D8%A8%D8%A7%D9%86%D9%88%D8%A7%D9%86-%D8%AC%D8%A8%D9%87%D9%87-%D9%85%D9%82%D8%A7%D9%88%D9%85%D8%AA-%D9%85%D9%84%DB%8C-%D8%A7%D9%81%D8%BA%D8%A7%D9%86%D8%B3%D8%AA%D8%A7/ HTTP/1.1" 404 37150 "-" "Mozilla/5.0 (compatible; MJ12bot/v1.4.8; http://mj12bot.com/)"
37.187.226.30 - - [01/Aug/2026:23:14:36 -0600] "GET /%D9%85%DB%8C%D8%B1-%D9%86%D9%88%D8%B1%D9%88%D8%B2%DB%8C/ HTTP/1.1" 404 37150 "-" "Mozilla/5.0 (compatible; MJ12bot/v1.4.8; http://mj12bot.com/)"
37.187.226.30 - - [01/Aug/2026:23:14:39 -0600] "GET /%D9%BE%DB%8C%D8%A7%D9%85-%D8%AA%D8%A8%D8%B1%DB%8C%DA%A9-%D8%B9%DB%8C%D8%AF-%D9%81%D8%B7%D8%B1/ HTTP/1.1" 404 37150 "-" "Mozilla/5.0 (compatible; MJ12bot/v1.4.8; http://mj12bot.com/)"
37.187.226.30 - - [01/Aug/2026:23:14:41 -0600] "GET /%D9%BE%DB%8C%D8%A7%D9%85-%D8%B4%D9%88%D8%B1%D8%A7%DB%8C-%D8%A8%D8%A7%D9%86%D9%88%D8%A7%D9%86-%D8%AC%D8%A8%D9%87%D9%87-%D9%85%D9%82%D8%A7%D9%88%D9%85%D8%AA-%D9%85%D9%84%DB%8C-%D8%B2%D9%86%D8%A7%D9%86/ HTTP/1.1" 404 37150 "-" "Mozilla/5.0 (compatible; MJ12bot/v1.4.8; http://mj12bot.com/)"
37.187.226.30 - - [01/Aug/2026:23:14:44 -0600] "GET /%D9%BE%DB%8C%D8%A7%D9%85-%D8%B4%D9%88%D8%B1%D8%A7%DB%8C-%D8%A8%D8%A7%D9%86%D9%88%D8%A7%D9%86-%D8%AC%D8%A8%D9%87%D9%87-%D9%85%D9%82%D8%A7%D9%88%D9%85%D8%AA-%D9%85%D9%84%DB%8C-%D8%B2%D9%86%D8%A7%D9%86-2/ HTTP/1.1" 404 37150 "-" "Mozilla/5.0 (compatible; MJ12bot/v1.4.8; http://mj12bot.com/)"
37.187.226.30 - - [01/Aug/2026:23:14:47 -0600] "GET /category/%D8%A7%D8%B9%D9%84%D8%A7%D9%85%DB%8C%D9%87-%D9%87%D8%A7-en/ HTTP/1.1" 404 37150 "-" "Mozilla/5.0 (compatible; MJ12bot/v1.4.8; http://mj12bot.com/)"
37.187.226.30 - - [01/Aug/2026:23:14:49 -0600] "GET /category/%D8%A7%D8%B9%D9%84%D8%A7%D9%85%DB%8C%D9%87-%D9%87%D8%A7-en/feed/ HTTP/1.1" 200 1146 "-" "Mozilla/5.0 (compatible; MJ12bot/v1.4.8; http://mj12bot.com/)"
37.187.226.30 - - [01/Aug/2026:23:14:52 -0600] "GET /category/%D8%AE%D8%A8%D8%B1-%D9%87%D8%A7-en/ HTTP/1.1" 404 37150 "-" "Mozilla/5.0 (compatible; MJ12bot/v1.4.8; http://mj12bot.com/)"
37.187.226.30 - - [01/Aug/2026:23:14:55 -0600] "GET /category/%D8%AE%D8%A8%D8%B1-%D9%87%D8%A7-en/feed/ HTTP/1.1" 200 1122 "-" "Mozilla/5.0 (compatible; MJ12bot/v1.4.8; http://mj12bot.com/)"
162.240.68.55 - - [01/Aug/2026:23:14:59 -0600] "POST /wp-cron.php?doing_wp_cron=1785647699.4188499450683593750000 HTTP/1.1" 200 - "-" "WordPress/7.0.2; https://nrfwomencouncil.org"
37.187.226.30 - - [01/Aug/2026:23:14:58 -0600] "GET /category/%D8%AF%D8%B1%DB%8C%DA%86%D9%87-%D9%81%D8%B1%D9%87%D9%86%DA%AF-%D9%88-%D8%A7%D8%AF%D8%A8/ HTTP/1.1" 404 37150 "-" "Mozilla/5.0 (compatible; MJ12bot/v1.4.8; http://mj12bot.com/)"
37.187.226.30 - - [01/Aug/2026:23:15:02 -0600] "GET /category/%D8%AF%D8%B1%DB%8C%DA%86%D9%87-%D9%81%D8%B1%D9%87%D9%86%DA%AF-%D9%88-%D8%A7%D8%AF%D8%A8/feed/ HTTP/1.1" 200 1175 "-" "Mozilla/5.0 (compatible; MJ12bot/v1.4.8; http://mj12bot.com/)"
37.187.226.30 - - [01/Aug/2026:23:15:05 -0600] "GET /category/%D9%BE%DB%8C%D8%A7%D9%85%D9%87%D8%A7-fa/ HTTP/1.1" 404 37150 "-" "Mozilla/5.0 (compatible; MJ12bot/v1.4.8; http://mj12bot.com/)"
37.187.226.30 - - [01/Aug/2026:23:15:07 -0600] "GET /category/%D9%BE%DB%8C%D8%A7%D9%85%D9%87%D8%A7-fa/feed/ HTTP/1.1" 200 1127 "-" "Mozilla/5.0 (compatible; MJ12bot/v1.4.8; http://mj12bot.com/)"
37.187.226.30 - - [01/Aug/2026:23:15:10 -0600] "GET /category/%DA%AF%D8%B2%D8%A7%D8%B1%D8%B4%D9%87%D8%A7-fa/ HTTP/1.1" 404 37150 "-" "Mozilla/5.0 (compatible; MJ12bot/v1.4.8; http://mj12bot.com/)"
37.187.226.30 - - [01/Aug/2026:23:15:13 -0600] "GET /category/%DA%AF%D8%B2%D8%A7%D8%B1%D8%B4%D9%87%D8%A7-fa/feed/ HTTP/1.1" 200 1133 "-" "Mozilla/5.0 (compatible; MJ12bot/v1.4.8; http://mj12bot.com/)"
37.187.226.30 - - [01/Aug/2026:23:15:15 -0600] "GET /tag/%D8%A7%D9%81%D8%BA%D8%A7%D9%86%D8%B3%D8%AA%D8%A7%D9%86-fa/ HTTP/1.1" 200 38131 "-" "Mozilla/5.0 (compatible; MJ12bot/v1.4.8; http://mj12bot.com/)"
37.187.226.30 - - [01/Aug/2026:23:15:18 -0600] "GET /tag/%D8%A7%D9%81%D8%BA%D8%A7%D9%86%D8%B3%D8%AA%D8%A7%D9%86-fa/feed/ HTTP/1.1" 200 1194 "-" "Mozilla/5.0 (compatible; MJ12bot/v1.4.8; http://mj12bot.com/)"
37.187.226.30 - - [01/Aug/2026:23:15:20 -0600] "GET /tag/%D8%A8%D9%86%DB%8C%D8%A7%D8%AF-%D8%B4%D9%87%DB%8C%D8%AF-%D8%A7%D8%AD%D9%85%D8%AF%D8%B4%D8%A7%D9%87-%D9%85%D8%B3%D8%B9%D9%88%D8%AF-fa/ HTTP/1.1" 200 38467 "-" "Mozilla/5.0 (compatible; MJ12bot/v1.4.8; http://mj12bot.com/)"
37.187.226.30 - - [01/Aug/2026:23:15:23 -0600] "GET /tag/%D8%A8%D9%86%DB%8C%D8%A7%D8%AF-%D8%B4%D9%87%DB%8C%D8%AF-%D8%A7%D8%AD%D9%85%D8%AF%D8%B4%D8%A7%D9%87-%D9%85%D8%B3%D8%B9%D9%88%D8%AF-fa/feed/ HTTP/1.1" 200 1323 "-" "Mozilla/5.0 (compatible; MJ12bot/v1.4.8; http://mj12bot.com/)"
37.187.226.30 - - [01/Aug/2026:23:15:26 -0600] "GET /tag/%D8%B1%D9%88%D8%B2%D8%AC%D9%87%D8%A7%D9%86%DB%8C-%D8%B2%D9%86-fa/ HTTP/1.1" 200 38165 "-" "Mozilla/5.0 (compatible; MJ12bot/v1.4.8; http://mj12bot.com/)"
37.187.226.30 - - [01/Aug/2026:23:15:28 -0600] "GET /tag/%D8%B1%D9%88%D8%B2%D8%AC%D9%87%D8%A7%D9%86%DB%8C-%D8%B2%D9%86-fa/feed/ HTTP/1.1" 200 1207 "-" "Mozilla/5.0 (compatible; MJ12bot/v1.4.8; http://mj12bot.com/)"
37.187.226.30 - - [01/Aug/2026:23:15:31 -0600] "GET /tag/%D9%87%D8%B4%D8%AA-%D9%85%D8%A7%D8%B1%DA%86-fa/ HTTP/1.1" 200 38087 "-" "Mozilla/5.0 (compatible; MJ12bot/v1.4.8; http://mj12bot.com/)"
37.187.226.30 - - [01/Aug/2026:23:15:34 -0600] "GET /tag/%D9%87%D8%B4%D8%AA-%D9%85%D8%A7%D8%B1%DA%86-fa/feed/ HTTP/1.1" 200 1177 "-" "Mozilla/5.0 (compatible; MJ12bot/v1.4.8; http://mj12bot.com/)"
162.240.68.55 - - [01/Aug/2026:23:41:59 -0600] "POST /wp-cron.php?doing_wp_cron=1785649319.7184300422668457031250 HTTP/1.1" 200 - "-" "WordPress/7.0.2; https://nrfwomencouncil.org"
57.141.18.95 - - [01/Aug/2026:23:41:58 -0600] "GET /SiteMap.aspx HTTP/1.1" 404 37150 "-" "Mozilla/5.0 (Windows NT 10.0; Win64; x64) AppleWebKit/537.36 (KHTML, like Gecko) Chrome/145.0.0.0 Safari/537.36 (compatible; meta-externalagent/1.1 (+https://developers.facebook.com/docs/sharing/webmasters/crawler))"
162.240.68.55 - - [01/Aug/2026:23:46:13 -0600] "POST /wp-cron.php?doing_wp_cron=1785649573.9175899028778076171875 HTTP/1.1" 200 - "-" "WordPress/7.0.2; https://nrfwomencouncil.org"
106.222.249.12 - - [01/Aug/2026:23:46:13 -0600] "POST /xmlrpc.php HTTP/1.1" 200 403 "-" "Jetpack/13.0; WordPress/6.1; http://site39093076.com"
106.222.249.12 - - [01/Aug/2026:23:46:23 -0600] "POST /xmlrpc.php HTTP/1.1" 200 403 "-" "Jetpack by WordPress.com (Jetpack 12.0; WordPress 6.4)"
106.222.249.12 - - [01/Aug/2026:23:46:34 -0600] "POST /xmlrpc.php HTTP/1.1" 200 403 "-" "Jetpack/13.0; WordPress/6.3; http://site13822882.com"
106.222.249.12 - - [01/Aug/2026:23:46:44 -0600] "POST /xmlrpc.php HTTP/1.1" 200 403 "-" "Jetpack by WordPress.com (Jetpack 12.1; WordPress 6.4)"
106.222.249.12 - - [01/Aug/2026:23:46:55 -0600] "POST /xmlrpc.php HTTP/1.1" 200 403 "-" "WordPress.com; https://wordpress.com"
162.240.68.55 - - [01/Aug/2026:23:47:06 -0600] "POST /wp-cron.php?doing_wp_cron=1785649626.9650709629058837890625 HTTP/1.1" 200 - "-" "WordPress/7.0.2; https://nrfwomencouncil.org"
106.222.249.12 - - [01/Aug/2026:23:47:06 -0600] "POST /xmlrpc.php HTTP/1.1" 200 403 "-" "Jetpack/12.5; WordPress/6.1; http://site66073766.com"
144.76.32.236 - - [01/Aug/2026:23:47:12 -0600] "GET /events/category/events/list/ HTTP/1.1" 200 74668 "-" "Mozilla/5.0 (compatible; SERankingBacklinksBot/1.0; +https://seranking.com/backlinks-crawler)"
106.222.249.12 - - [01/Aug/2026:23:47:16 -0600] "POST /xmlrpc.php HTTP/1.1" 200 403 "-" "WordPress.com; https://wordpress.com"
106.222.249.12 - - [01/Aug/2026:23:47:27 -0600] "POST /xmlrpc.php HTTP/1.1" 200 403 "-" "Jetpack by WordPress.com (Jetpack 13.0; WordPress 6.1)"
144.76.32.236 - - [01/Aug/2026:23:47:33 -0600] "GET /team/elvina-julie/index.html HTTP/1.1" 404 37150 "-" "Mozilla/5.0 (compatible; SERankingBacklinksBot/1.0; +https://seranking.com/backlinks-crawler)"
106.222.249.12 - - [01/Aug/2026:23:47:38 -0600] "POST /xmlrpc.php HTTP/1.1" 200 403 "-" "WordPress.com; https://wordpress.com"
106.222.249.12 - - [01/Aug/2026:23:47:49 -0600] "POST /xmlrpc.php HTTP/1.1" 200 403 "-" "Jetpack/12.1; WordPress/6.4; http://site77138482.com"
162.240.68.55 - - [01/Aug/2026:23:48:00 -0600] "POST /wp-cron.php?doing_wp_cron=1785649680.8166429996490478515625 HTTP/1.1" 200 - "-" "WordPress/7.0.2; https://nrfwomencouncil.org"
106.222.249.12 - - [01/Aug/2026:23:47:59 -0600] "POST /xmlrpc.php HTTP/1.1" 200 403 "-" "Jetpack/12.0; WordPress/6.2; http://site96784810.com"
106.222.249.12 - - [01/Aug/2026:23:48:10 -0600] "POST /xmlrpc.php HTTP/1.1" 200 403 "-" "Jetpack/13.0; WordPress/6.2; http://site34118372.com"
106.222.249.12 - - [01/Aug/2026:23:48:21 -0600] "POST /xmlrpc.php HTTP/1.1" 200 403 "-" "Jetpack by WordPress.com"
106.222.249.12 - - [01/Aug/2026:23:48:32 -0600] "POST /xmlrpc.php HTTP/1.1" 200 403 "-" "Jetpack/13.0; WordPress/6.4; http://site91203238.com"
106.222.249.12 - - [01/Aug/2026:23:48:42 -0600] "POST /xmlrpc.php HTTP/1.1" 200 403 "-" "Jetpack/12.0; WordPress/6.3; http://site82752886.com"
106.222.249.12 - - [01/Aug/2026:23:48:53 -0600] "POST /xmlrpc.php HTTP/1.1" 200 403 "-" "Jetpack by WordPress.com (Jetpack 12.1; WordPress 6.4)"
