34.55.119.123 - - [01/Aug/2026:08:48:49 -0600] "GET /.env.bak HTTP/1.1" 404 37207 "-" "crusader-worker/1.0"
34.55.119.123 - - [01/Aug/2026:08:48:49 -0600] "GET /.env.backup HTTP/1.1" 404 37207 "-" "crusader-worker/1.0"
34.55.119.123 - - [01/Aug/2026:08:48:49 -0600] "GET /.env.save HTTP/1.1" 404 37207 "-" "crusader-worker/1.0"
34.55.119.123 - - [01/Aug/2026:08:48:49 -0600] "GET /.env.dev HTTP/1.1" 404 37207 "-" "crusader-worker/1.0"
34.55.119.123 - - [01/Aug/2026:08:48:49 -0600] "GET /.env.local HTTP/1.1" 404 37207 "-" "crusader-worker/1.0"
34.55.119.123 - - [01/Aug/2026:08:48:49 -0600] "GET /.env.old HTTP/1.1" 404 37207 "-" "crusader-worker/1.0"
162.240.68.55 - - [01/Aug/2026:08:48:58 -0600] "POST /wp-cron.php?doing_wp_cron=1785595737.9198999404907226562500 HTTP/1.1" 200 - "-" "WordPress/7.0.2; https://nrfwomencouncil.org"
91.161.85.136 - - [01/Aug/2026:08:49:01 -0600] "POST /xmlrpc.php HTTP/1.1" 200 403 "-" "Jetpack/12.1; WordPress/6.3; http://site30322411.com"
91.161.85.136 - - [01/Aug/2026:08:49:15 -0600] "POST /xmlrpc.php HTTP/1.1" 200 403 "-" "WordPress.com; https://wordpress.com"
91.161.85.136 - - [01/Aug/2026:08:49:29 -0600] "POST /xmlrpc.php HTTP/1.1" 200 403 "-" "Jetpack/12.0; WordPress/6.4; http://site65494075.com"
91.161.85.136 - - [01/Aug/2026:08:49:45 -0600] "POST /xmlrpc.php HTTP/1.1" 200 403 "-" "Jetpack by WordPress.com"
162.240.68.55 - - [01/Aug/2026:08:50:00 -0600] "POST /wp-cron.php?doing_wp_cron=1785595800.2178809642791748046875 HTTP/1.1" 200 - "-" "WordPress/7.0.2; https://nrfwomencouncil.org"
91.161.85.136 - - [01/Aug/2026:08:49:59 -0600] "POST /xmlrpc.php HTTP/1.1" 200 403 "-" "Jetpack/12.1; WordPress/6.4; http://site43192761.com"
91.161.85.136 - - [01/Aug/2026:08:50:12 -0600] "POST /xmlrpc.php HTTP/1.1" 200 403 "-" "Jetpack/12.5; WordPress/6.3; http://site78378167.com"
91.161.85.136 - - [01/Aug/2026:08:50:25 -0600] "POST /xmlrpc.php HTTP/1.1" 200 403 "-" "Jetpack by WordPress.com"
91.161.85.136 - - [01/Aug/2026:08:50:39 -0600] "POST /xmlrpc.php HTTP/1.1" 200 403 "-" "WordPress.com; https://wordpress.com"
91.161.85.136 - - [01/Aug/2026:08:50:54 -0600] "POST /xmlrpc.php HTTP/1.1" 200 403 "-" "Jetpack by WordPress.com"
162.240.68.55 - - [01/Aug/2026:08:51:09 -0600] "POST /wp-cron.php?doing_wp_cron=1785595869.2980380058288574218750 HTTP/1.1" 200 - "-" "WordPress/7.0.2; https://nrfwomencouncil.org"
91.161.85.136 - - [01/Aug/2026:08:51:08 -0600] "POST /xmlrpc.php HTTP/1.1" 200 403 "-" "Jetpack by WordPress.com (Jetpack 13.0; WordPress 6.1)"
91.161.85.136 - - [01/Aug/2026:08:51:22 -0600] "POST /xmlrpc.php HTTP/1.1" 200 403 "-" "WordPress.com; https://wordpress.com"
91.161.85.136 - - [01/Aug/2026:08:51:36 -0600] "POST /xmlrpc.php HTTP/1.1" 200 403 "-" "Jetpack by WordPress.com (Jetpack 13.0; WordPress 6.4)"
91.161.85.136 - - [01/Aug/2026:08:51:51 -0600] "POST /xmlrpc.php HTTP/1.1" 200 403 "-" "Jetpack/13.0; WordPress/6.3; http://site39622376.com"
162.240.68.55 - - [01/Aug/2026:08:52:07 -0600] "POST /wp-cron.php?doing_wp_cron=1785595927.6474618911743164062500 HTTP/1.1" 200 - "-" "WordPress/7.0.2; https://nrfwomencouncil.org"
91.161.85.136 - - [01/Aug/2026:08:52:06 -0600] "POST /xmlrpc.php HTTP/1.1" 200 403 "-" "Jetpack by WordPress.com (Jetpack 13.0; WordPress 6.1)"
91.161.85.136 - - [01/Aug/2026:08:52:21 -0600] "POST /xmlrpc.php HTTP/1.1" 200 403 "-" "WordPress.com; https://wordpress.com"
91.161.85.136 - - [01/Aug/2026:08:52:35 -0600] "POST /xmlrpc.php HTTP/1.1" 200 403 "-" "Jetpack by WordPress.com"
91.161.85.136 - - [01/Aug/2026:08:52:50 -0600] "POST /xmlrpc.php HTTP/1.1" 200 403 "-" "Jetpack by WordPress.com (Jetpack 12.1; WordPress 6.3)"
162.240.68.55 - - [01/Aug/2026:08:53:05 -0600] "POST /wp-cron.php?doing_wp_cron=1785595985.1525781154632568359375 HTTP/1.1" 200 - "-" "WordPress/7.0.2; https://nrfwomencouncil.org"
91.161.85.136 - - [01/Aug/2026:08:53:04 -0600] "POST /xmlrpc.php HTTP/1.1" 200 403 "-" "Jetpack by WordPress.com (Jetpack 12.1; WordPress 6.2)"
91.161.85.136 - - [01/Aug/2026:08:53:18 -0600] "POST /xmlrpc.php HTTP/1.1" 200 403 "-" "Jetpack/12.5; WordPress/6.2; http://site16193501.com"
91.161.85.136 - - [01/Aug/2026:08:53:33 -0600] "POST /xmlrpc.php HTTP/1.1" 200 403 "-" "Jetpack by WordPress.com (Jetpack 13.0; WordPress 6.3)"
106.63.26.141 - - [01/Aug/2026:08:53:34 -0600] "GET / HTTP/1.1" 301 - "-" "Mozilla/5.0 (Macintosh; Intel Mac OS X 10_15_7) AppleWebKit/537.36 (KHTML, like Gecko) Chrome/120.0.0.0 Safari/537.36 Edg/120.0.0.0"
106.63.26.20 - - [01/Aug/2026:08:53:42 -0600] "GET /favicon.ico HTTP/1.1" 302 - "-" "Mozilla/5.0 (Macintosh; Intel Mac OS X 10_15_7) AppleWebKit/537.36 (KHTML, like Gecko) Chrome/120.0.0.0 Safari/537.36 Edg/120.0.0.0"
106.63.26.27 - - [01/Aug/2026:08:53:47 -0600] "GET /wp-content/uploads/2023/03/cropped-cropped-Banner-03-1-32x32.png HTTP/1.1" 200 2337 "https://www.website-75ac19b5.ariapress.org/favicon.ico" "Mozilla/5.0 (Macintosh; Intel Mac OS X 10_15_7) AppleWebKit/537.36 (KHTML, like Gecko) Chrome/120.0.0.0 Safari/537.36 Edg/120.0.0.0"
91.161.85.136 - - [01/Aug/2026:08:53:47 -0600] "POST /xmlrpc.php HTTP/1.1" 200 403 "-" "Jetpack by WordPress.com (Jetpack 12.5; WordPress 6.3)"
106.63.26.147 - - [01/Aug/2026:08:53:50 -0600] "GET /robots.txt HTTP/1.1" 200 120 "-" "Mozilla/5.0 (Macintosh; Intel Mac OS X 10_15_7) AppleWebKit/537.36 (KHTML, like Gecko) Chrome/120.0.0.0 Safari/537.36 Edg/120.0.0.0"
106.63.26.140 - - [01/Aug/2026:08:53:53 -0600] "GET /sitemap.xml HTTP/1.1" 200 1484 "-" "Mozilla/5.0 (Macintosh; Intel Mac OS X 10_15_7) AppleWebKit/537.36 (KHTML, like Gecko) Chrome/120.0.0.0 Safari/537.36 Edg/120.0.0.0"
162.240.68.55 - - [01/Aug/2026:08:54:03 -0600] "POST /wp-cron.php?doing_wp_cron=1785596043.2784550189971923828125 HTTP/1.1" 200 - "-" "WordPress/7.0.2; https://nrfwomencouncil.org"
91.161.85.136 - - [01/Aug/2026:08:54:02 -0600] "POST /xmlrpc.php HTTP/1.1" 200 403 "-" "WordPress.com; https://wordpress.com"
91.161.85.136 - - [01/Aug/2026:08:54:18 -0600] "POST /xmlrpc.php HTTP/1.1" 200 403 "-" "Jetpack by WordPress.com (Jetpack 12.0; WordPress 6.3)"
91.161.85.136 - - [01/Aug/2026:08:54:32 -0600] "POST /xmlrpc.php HTTP/1.1" 200 403 "-" "Jetpack by WordPress.com"
91.161.85.136 - - [01/Aug/2026:08:54:47 -0600] "POST /xmlrpc.php HTTP/1.1" 200 403 "-" "Jetpack/12.1; WordPress/6.2; http://site14963998.com"
162.240.68.55 - - [01/Aug/2026:08:55:02 -0600] "POST /wp-cron.php?doing_wp_cron=1785596102.6516420841217041015625 HTTP/1.1" 200 - "-" "WordPress/7.0.2; https://nrfwomencouncil.org"
91.161.85.136 - - [01/Aug/2026:08:55:01 -0600] "POST /xmlrpc.php HTTP/1.1" 200 403 "-" "WordPress.com; https://wordpress.com"
91.161.85.136 - - [01/Aug/2026:08:55:15 -0600] "POST /xmlrpc.php HTTP/1.1" 200 403 "-" "WordPress.com; https://wordpress.com"
91.161.85.136 - - [01/Aug/2026:08:55:30 -0600] "POST /xmlrpc.php HTTP/1.1" 200 403 "-" "Jetpack by WordPress.com (Jetpack 13.0; WordPress 6.2)"
91.161.85.136 - - [01/Aug/2026:08:55:44 -0600] "POST /xmlrpc.php HTTP/1.1" 200 403 "-" "WordPress.com; https://wordpress.com"
162.240.68.55 - - [01/Aug/2026:08:55:59 -0600] "POST /wp-cron.php?doing_wp_cron=1785596159.1622428894042968750000 HTTP/1.1" 200 - "-" "WordPress/7.0.2; https://nrfwomencouncil.org"
91.161.85.136 - - [01/Aug/2026:08:55:58 -0600] "POST /xmlrpc.php HTTP/1.1" 200 403 "-" "Jetpack/12.1; WordPress/6.2; http://site95278702.com"
91.161.85.136 - - [01/Aug/2026:08:56:11 -0600] "POST /xmlrpc.php HTTP/1.1" 200 403 "-" "WordPress.com; https://wordpress.com"
91.161.85.136 - - [01/Aug/2026:08:56:25 -0600] "POST /xmlrpc.php HTTP/1.1" 200 403 "-" "Jetpack by WordPress.com (Jetpack 12.0; WordPress 6.4)"
91.161.85.136 - - [01/Aug/2026:08:56:39 -0600] "POST /xmlrpc.php HTTP/1.1" 200 403 "-" "Jetpack/12.5; WordPress/6.1; http://site65005161.com"
106.63.26.139 - - [01/Aug/2026:08:56:53 -0600] "GET /wp-content/uploads/2023/03/cropped-cropped-Banner-03-1-32x32.png HTTP/1.1" 200 2337 "http://www.website-75ac19b5.ariapress.org/favicon.ico" "Mozilla/5.0 (Macintosh; Intel Mac OS X 10_15_7) AppleWebKit/537.36 (KHTML, like Gecko) Chrome/120.0.0.0 Safari/537.36 Edg/120.0.0.0"
91.161.85.136 - - [01/Aug/2026:08:56:53 -0600] "POST /xmlrpc.php HTTP/1.1" 200 403 "-" "WordPress.com; https://wordpress.com"
91.161.85.136 - - [01/Aug/2026:08:57:07 -0600] "POST /xmlrpc.php HTTP/1.1" 200 403 "-" "Jetpack by WordPress.com (Jetpack 13.0; WordPress 6.2)"
91.161.85.136 - - [01/Aug/2026:08:57:21 -0600] "POST /xmlrpc.php HTTP/1.1" 200 403 "-" "Jetpack by WordPress.com (Jetpack 12.0; WordPress 6.2)"
91.161.85.136 - - [01/Aug/2026:08:57:36 -0600] "POST /xmlrpc.php HTTP/1.1" 200 403 "-" "Jetpack by WordPress.com (Jetpack 12.5; WordPress 6.2)"
91.161.85.136 - - [01/Aug/2026:08:57:50 -0600] "POST /xmlrpc.php HTTP/1.1" 200 403 "-" "Jetpack by WordPress.com (Jetpack 13.0; WordPress 6.4)"
162.240.68.55 - - [01/Aug/2026:08:58:05 -0600] "POST /wp-cron.php?doing_wp_cron=1785596285.9576599597930908203125 HTTP/1.1" 200 - "-" "WordPress/7.0.2; https://nrfwomencouncil.org"
91.161.85.136 - - [01/Aug/2026:08:58:05 -0600] "POST /xmlrpc.php HTTP/1.1" 200 403 "-" "Jetpack by WordPress.com"
91.161.85.136 - - [01/Aug/2026:08:58:19 -0600] "POST /xmlrpc.php HTTP/1.1" 200 403 "-" "Jetpack/13.0; WordPress/6.3; http://site85502680.com"
91.161.85.136 - - [01/Aug/2026:08:58:34 -0600] "POST /xmlrpc.php HTTP/1.1" 200 403 "-" "WordPress.com; https://wordpress.com"
144.76.32.236 - - [01/Aug/2026:08:58:48 -0600] "GET /robots.txt HTTP/1.1" 200 120 "-" "Mozilla/5.0 (compatible; SERankingBacklinksBot/1.0; +https://seranking.com/backlinks-crawler)"
91.161.85.136 - - [01/Aug/2026:08:58:48 -0600] "POST /xmlrpc.php HTTP/1.1" 200 403 "-" "WordPress.com; https://wordpress.com"
144.76.32.236 - - [01/Aug/2026:08:58:49 -0600] "GET /statement/ HTTP/1.1" 200 41655 "-" "Mozilla/5.0 (compatible; SERankingBacklinksBot/1.0; +https://seranking.com/backlinks-crawler)"
162.240.68.55 - - [01/Aug/2026:08:59:04 -0600] "POST /wp-cron.php?doing_wp_cron=1785596344.3875620365142822265625 HTTP/1.1" 200 - "-" "WordPress/7.0.2; https://nrfwomencouncil.org"
91.161.85.136 - - [01/Aug/2026:08:59:03 -0600] "POST /xmlrpc.php HTTP/1.1" 200 403 "-" "WordPress.com; https://wordpress.com"
57.141.18.60 - - [01/Aug/2026:08:59:15 -0600] "GET /department/policing-crime-4/ HTTP/1.1" 200 39677 "-" "Mozilla/5.0 (Windows NT 10.0; Win64; x64) AppleWebKit/537.36 (KHTML, like Gecko) Chrome/145.0.0.0 Safari/537.36 (compatible; meta-externalagent/1.1 (+https://developers.facebook.com/docs/sharing/webmasters/crawler))"
91.161.85.136 - - [01/Aug/2026:08:59:18 -0600] "POST /xmlrpc.php HTTP/1.1" 200 403 "-" "Jetpack by WordPress.com"
162.240.68.55 - - [01/Aug/2026:08:59:30 -0600] "POST /wp-cron.php?doing_wp_cron=1785596370.6382548809051513671875 HTTP/1.1" 200 - "-" "WordPress/7.0.2; https://nrfwomencouncil.org"
144.76.32.236 - - [01/Aug/2026:08:59:29 -0600] "GET /vision-mission/ HTTP/1.1" 200 38225 "-" "Mozilla/5.0 (compatible; SERankingBacklinksBot/1.0; +https://seranking.com/backlinks-crawler)"
91.161.85.136 - - [01/Aug/2026:08:59:32 -0600] "POST /xmlrpc.php HTTP/1.1" 200 403 "-" "WordPress.com; https://wordpress.com"
91.161.85.136 - - [01/Aug/2026:08:59:46 -0600] "POST /xmlrpc.php HTTP/1.1" 200 403 "-" "Jetpack/13.0; WordPress/6.3; http://site53197665.com"
162.240.68.55 - - [01/Aug/2026:09:00:02 -0600] "POST /wp-cron.php?doing_wp_cron=1785596402.0332159996032714843750 HTTP/1.1" 200 - "-" "WordPress/7.0.2; https://nrfwomencouncil.org"
91.161.85.136 - - [01/Aug/2026:09:00:00 -0600] "POST /xmlrpc.php HTTP/1.1" 200 403 "-" "Jetpack/13.0; WordPress/6.2; http://site58681926.com"
144.76.32.236 - - [01/Aug/2026:09:00:11 -0600] "GET /prominent-women/ HTTP/1.1" 200 38223 "-" "Mozilla/5.0 (compatible; SERankingBacklinksBot/1.0; +https://seranking.com/backlinks-crawler)"
91.161.85.136 - - [01/Aug/2026:09:00:15 -0600] "POST /xmlrpc.php HTTP/1.1" 200 403 "-" "Jetpack by WordPress.com (Jetpack 12.1; WordPress 6.2)"
91.161.85.136 - - [01/Aug/2026:09:00:30 -0600] "POST /xmlrpc.php HTTP/1.1" 200 403 "-" "Jetpack by WordPress.com"
91.161.85.136 - - [01/Aug/2026:09:00:44 -0600] "POST /xmlrpc.php HTTP/1.1" 200 403 "-" "Jetpack/12.5; WordPress/6.2; http://site45361543.com"
144.76.32.236 - - [01/Aug/2026:09:00:51 -0600] "GET /category/messages/ HTTP/1.1" 200 41550 "-" "Mozilla/5.0 (compatible; SERankingBacklinksBot/1.0; +https://seranking.com/backlinks-crawler)"
162.240.68.55 - - [01/Aug/2026:09:00:59 -0600] "POST /wp-cron.php?doing_wp_cron=1785596459.5828599929809570312500 HTTP/1.1" 200 - "-" "WordPress/7.0.2; https://nrfwomencouncil.org"
91.161.85.136 - - [01/Aug/2026:09:00:58 -0600] "POST /xmlrpc.php HTTP/1.1" 200 403 "-" "Jetpack/12.0; WordPress/6.4; http://site85931875.com"
91.161.85.136 - - [01/Aug/2026:09:01:13 -0600] "POST /xmlrpc.php HTTP/1.1" 200 403 "-" "WordPress.com; https://wordpress.com"
91.161.85.136 - - [01/Aug/2026:09:01:26 -0600] "POST /xmlrpc.php HTTP/1.1" 200 403 "-" "Jetpack/12.1; WordPress/6.1; http://site66790383.com"
144.76.32.236 - - [01/Aug/2026:09:01:32 -0600] "GET /culture-literature/ HTTP/1.1" 200 38241 "-" "Mozilla/5.0 (compatible; SERankingBacklinksBot/1.0; +https://seranking.com/backlinks-crawler)"
91.161.85.136 - - [01/Aug/2026:09:01:41 -0600] "POST /xmlrpc.php HTTP/1.1" 200 403 "-" "Jetpack/12.1; WordPress/6.4; http://site72938178.com"
91.161.85.136 - - [01/Aug/2026:09:01:56 -0600] "POST /xmlrpc.php HTTP/1.1" 200 403 "-" "Jetpack by WordPress.com (Jetpack 12.0; WordPress 6.3)"
162.240.68.55 - - [01/Aug/2026:09:02:11 -0600] "POST /wp-cron.php?doing_wp_cron=1785596531.9286210536956787109375 HTTP/1.1" 200 - "-" "WordPress/7.0.2; https://nrfwomencouncil.org"
91.161.85.136 - - [01/Aug/2026:09:02:11 -0600] "POST /xmlrpc.php HTTP/1.1" 200 403 "-" "Jetpack by WordPress.com (Jetpack 12.0; WordPress 6.2)"
91.161.85.136 - - [01/Aug/2026:09:02:25 -0600] "POST /xmlrpc.php HTTP/1.1" 200 403 "-" "Jetpack by WordPress.com (Jetpack 12.1; WordPress 6.1)"
91.161.85.136 - - [01/Aug/2026:09:02:40 -0600] "POST /xmlrpc.php HTTP/1.1" 200 403 "-" "Jetpack by WordPress.com"
144.76.32.236 - - [01/Aug/2026:09:02:45 -0600] "GET /wp-sitemap-users-1.xml HTTP/1.1" 200 257 "-" "Mozilla/5.0 (compatible; SERankingBacklinksBot/1.0; +https://seranking.com/backlinks-crawler)"
91.161.85.136 - - [01/Aug/2026:09:02:54 -0600] "POST /xmlrpc.php HTTP/1.1" 200 403 "-" "Jetpack by WordPress.com (Jetpack 12.0; WordPress 6.3)"
162.240.68.55 - - [01/Aug/2026:09:03:09 -0600] "POST /wp-cron.php?doing_wp_cron=1785596589.1179330348968505859375 HTTP/1.1" 200 - "-" "WordPress/7.0.2; https://nrfwomencouncil.org"
91.161.85.136 - - [01/Aug/2026:09:03:08 -0600] "POST /xmlrpc.php HTTP/1.1" 200 403 "-" "Jetpack by WordPress.com (Jetpack 13.0; WordPress 6.3)"
91.161.85.136 - - [01/Aug/2026:09:03:22 -0600] "POST /xmlrpc.php HTTP/1.1" 200 403 "-" "WordPress.com; https://wordpress.com"
144.76.32.236 - - [01/Aug/2026:09:03:26 -0600] "GET /wp-sitemap-posts-faqs-1.xml HTTP/1.1" 200 1886 "-" "Mozilla/5.0 (compatible; SERankingBacklinksBot/1.0; +https://seranking.com/backlinks-crawler)"
91.161.85.136 - - [01/Aug/2026:09:03:34 -0600] "POST /xmlrpc.php HTTP/1.1" 200 403 "-" "Jetpack/12.0; WordPress/6.2; http://site39610693.com"
91.161.85.136 - - [01/Aug/2026:09:03:46 -0600] "POST /xmlrpc.php HTTP/1.1" 200 403 "-" "Jetpack by WordPress.com (Jetpack 13.0; WordPress 6.4)"
91.161.85.136 - - [01/Aug/2026:09:03:59 -0600] "POST /xmlrpc.php HTTP/1.1" 200 403 "-" "Jetpack/12.0; WordPress/6.1; http://site24339252.com"
144.76.32.236 - - [01/Aug/2026:09:04:08 -0600] "GET /wp-sitemap-posts-page-1.xml HTTP/1.1" 200 927 "-" "Mozilla/5.0 (compatible; SERankingBacklinksBot/1.0; +https://seranking.com/backlinks-crawler)"
91.161.85.136 - - [01/Aug/2026:09:04:10 -0600] "POST /xmlrpc.php HTTP/1.1" 200 403 "-" "WordPress.com; https://wordpress.com"
91.161.85.136 - - [01/Aug/2026:09:04:21 -0600] "POST /xmlrpc.php HTTP/1.1" 200 403 "-" "Jetpack/12.1; WordPress/6.1; http://site19169227.com"
167.114.139.165 - - [01/Aug/2026:09:04:29 -0600] "GET /events/2026-08-30/ HTTP/1.1" 200 70006 "-" "Mozilla/5.0 (compatible; AhrefsBot/7.0; +http://ahrefs.com/robot/)"
91.161.85.136 - - [01/Aug/2026:09:04:33 -0600] "POST /xmlrpc.php HTTP/1.1" 200 403 "-" "WordPress.com; https://wordpress.com"
91.161.85.136 - - [01/Aug/2026:09:04:44 -0600] "POST /xmlrpc.php HTTP/1.1" 200 403 "-" "WordPress.com; https://wordpress.com"
144.76.32.236 - - [01/Aug/2026:09:04:50 -0600] "GET /wp-sitemap-posts-post-1.xml HTTP/1.1" 200 334 "-" "Mozilla/5.0 (compatible; SERankingBacklinksBot/1.0; +https://seranking.com/backlinks-crawler)"
91.161.85.136 - - [01/Aug/2026:09:04:55 -0600] "POST /xmlrpc.php HTTP/1.1" 200 403 "-" "Jetpack/13.0; WordPress/6.1; http://site55732792.com"
20.104.16.169 - - [01/Aug/2026:09:05:01 -0600] "GET /wp-admin/options-privacy.php HTTP/1.1" 302 - "-" "-"
20.104.16.169 - - [01/Aug/2026:09:05:04 -0600] "GET /wp-login.php?redirect_to=https%3A%2F%2Fwebsite-75ac19b5.ariapress.org%2Fwp-admin%2Foptions-privacy.php&reauth=1 HTTP/1.1" 200 7445 "-" "-"
91.161.85.136 - - [01/Aug/2026:09:05:07 -0600] "POST /xmlrpc.php HTTP/1.1" 200 403 "-" "Jetpack by WordPress.com (Jetpack 12.5; WordPress 6.4)"
91.161.85.136 - - [01/Aug/2026:09:05:18 -0600] "POST /xmlrpc.php HTTP/1.1" 200 403 "-" "WordPress.com; https://wordpress.com"
91.161.85.136 - - [01/Aug/2026:09:05:29 -0600] "POST /xmlrpc.php HTTP/1.1" 200 403 "-" "Jetpack/12.5; WordPress/6.4; http://site35814148.com"
144.76.32.236 - - [01/Aug/2026:09:05:33 -0600] "GET /wp-sitemap-posts-team-1.xml HTTP/1.1" 200 1564 "-" "Mozilla/5.0 (compatible; SERankingBacklinksBot/1.0; +https://seranking.com/backlinks-crawler)"
91.161.85.136 - - [01/Aug/2026:09:05:40 -0600] "POST /xmlrpc.php HTTP/1.1" 200 403 "-" "Jetpack/12.5; WordPress/6.1; http://site18834076.com"
91.161.85.136 - - [01/Aug/2026:09:05:53 -0600] "POST /xmlrpc.php HTTP/1.1" 200 403 "-" "Jetpack/12.0; WordPress/6.4; http://site37521787.com"
162.240.68.55 - - [01/Aug/2026:09:06:08 -0600] "POST /wp-cron.php?doing_wp_cron=1785596768.8087840080261230468750 HTTP/1.1" 200 - "-" "WordPress/7.0.2; https://nrfwomencouncil.org"
91.161.85.136 - - [01/Aug/2026:09:06:08 -0600] "POST /xmlrpc.php HTTP/1.1" 200 403 "-" "WordPress.com; https://wordpress.com"
144.76.32.236 - - [01/Aug/2026:09:06:14 -0600] "GET /wp-sitemap-posts-service-1.xml HTTP/1.1" 200 670 "-" "Mozilla/5.0 (compatible; SERankingBacklinksBot/1.0; +https://seranking.com/backlinks-crawler)"
91.161.85.136 - - [01/Aug/2026:09:06:21 -0600] "POST /xmlrpc.php HTTP/1.1" 200 403 "-" "WordPress.com; https://wordpress.com"
91.161.85.136 - - [01/Aug/2026:09:06:36 -0600] "POST /xmlrpc.php HTTP/1.1" 200 403 "-" "WordPress.com; https://wordpress.com"
91.161.85.136 - - [01/Aug/2026:09:06:50 -0600] "POST /xmlrpc.php HTTP/1.1" 200 403 "-" "WordPress.com; https://wordpress.com"
162.240.68.55 - - [01/Aug/2026:09:06:57 -0600] "POST /wp-cron.php?doing_wp_cron=1785596817.3661758899688720703125 HTTP/1.1" 200 - "-" "WordPress/7.0.2; https://nrfwomencouncil.org"
144.76.32.236 - - [01/Aug/2026:09:06:56 -0600] "GET /wp-sitemap-posts-portfolio-1.xml HTTP/1.1" 200 3871 "-" "Mozilla/5.0 (compatible; SERankingBacklinksBot/1.0; +https://seranking.com/backlinks-crawler)"
91.161.85.136 - - [01/Aug/2026:09:07:04 -0600] "POST /xmlrpc.php HTTP/1.1" 200 403 "-" "Jetpack by WordPress.com (Jetpack 12.0; WordPress 6.4)"
91.161.85.136 - - [01/Aug/2026:09:07:19 -0600] "POST /xmlrpc.php HTTP/1.1" 200 403 "-" "Jetpack/13.0; WordPress/6.2; http://site75317937.com"
91.161.85.136 - - [01/Aug/2026:09:07:34 -0600] "POST /xmlrpc.php HTTP/1.1" 200 403 "-" "Jetpack/12.0; WordPress/6.2; http://site43887307.com"
144.76.32.236 - - [01/Aug/2026:09:07:39 -0600] "GET /wp-sitemap-posts-department-1.xml HTTP/1.1" 200 3668 "-" "Mozilla/5.0 (compatible; SERankingBacklinksBot/1.0; +https://seranking.com/backlinks-crawler)"
91.161.85.136 - - [01/Aug/2026:09:07:49 -0600] "POST /xmlrpc.php HTTP/1.1" 200 403 "-" "Jetpack by WordPress.com"
162.240.68.55 - - [01/Aug/2026:09:08:04 -0600] "POST /wp-cron.php?doing_wp_cron=1785596884.5523829460144042968750 HTTP/1.1" 200 - "-" "WordPress/7.0.2; https://nrfwomencouncil.org"
91.161.85.136 - - [01/Aug/2026:09:08:03 -0600] "POST /xmlrpc.php HTTP/1.1" 200 403 "-" "Jetpack by WordPress.com"
91.161.85.136 - - [01/Aug/2026:09:08:18 -0600] "POST /xmlrpc.php HTTP/1.1" 200 403 "-" "Jetpack by WordPress.com"
144.76.32.236 - - [01/Aug/2026:09:08:22 -0600] "GET /wp-sitemap-posts-testimonials-1.xml HTTP/1.1" 200 924 "-" "Mozilla/5.0 (compatible; SERankingBacklinksBot/1.0; +https://seranking.com/backlinks-crawler)"
91.161.85.136 - - [01/Aug/2026:09:08:32 -0600] "POST /xmlrpc.php HTTP/1.1" 200 403 "-" "Jetpack by WordPress.com (Jetpack 12.1; WordPress 6.4)"
195.3.220.7 - - [01/Aug/2026:09:08:33 -0600] "GET /a.php HTTP/1.1" 404 37150 "-" "Mozilla/5.0 (Linux; Android 7.0; SM-G892A Build/NRD90M; wv) AppleWebKit/537.36 (KHTML, like Gecko) Version/4.0 Chrome/60.0.3112.107 Mobile Safari/537.36"
195.3.220.7 - - [01/Aug/2026:09:08:35 -0600] "GET /chosen.php HTTP/1.1" 404 37150 "-" "Mozilla/5.0 (Linux; Android 7.0; SM-G892A Build/NRD90M; wv) AppleWebKit/537.36 (KHTML, like Gecko) Version/4.0 Chrome/60.0.3112.107 Mobile Safari/537.36"
195.3.220.7 - - [01/Aug/2026:09:08:37 -0600] "GET /simple.php HTTP/1.1" 404 37150 "-" "Mozilla/5.0 (Linux; Android 7.0; SM-G892A Build/NRD90M; wv) AppleWebKit/537.36 (KHTML, like Gecko) Version/4.0 Chrome/60.0.3112.107 Mobile Safari/537.36"
195.3.220.7 - - [01/Aug/2026:09:08:38 -0600] "GET /.tmb/worksec.php HTTP/1.1" 404 37150 "-" "Mozilla/5.0 (Linux; Android 7.0; SM-G892A Build/NRD90M; wv) AppleWebKit/537.36 (KHTML, like Gecko) Version/4.0 Chrome/60.0.3112.107 Mobile Safari/537.36"
195.3.220.7 - - [01/Aug/2026:09:08:40 -0600] "GET /wp-content/plugins/fix/up.php HTTP/1.1" 404 37150 "-" "Mozilla/5.0 (Linux; Android 7.0; SM-G892A Build/NRD90M; wv) AppleWebKit/537.36 (KHTML, like Gecko) Version/4.0 Chrome/60.0.3112.107 Mobile Safari/537.36"
195.3.220.7 - - [01/Aug/2026:09:08:41 -0600] "GET /wp-content/index.php HTTP/1.1" 301 - "-" "Mozilla/5.0 (Linux; Android 7.0; SM-G892A Build/NRD90M; wv) AppleWebKit/537.36 (KHTML, like Gecko) Version/4.0 Chrome/60.0.3112.107 Mobile Safari/537.36"
195.3.220.7 - - [01/Aug/2026:09:08:42 -0600] "GET /wp-content/ HTTP/1.1" 404 37150 "-" "Mozilla/5.0 (Linux; Android 7.0; SM-G892A Build/NRD90M; wv) AppleWebKit/537.36 (KHTML, like Gecko) Version/4.0 Chrome/60.0.3112.107 Mobile Safari/537.36"
195.3.220.7 - - [01/Aug/2026:09:08:43 -0600] "GET /wp-content/plugins/pwnd/pwnd.php HTTP/1.1" 404 37150 "-" "Mozilla/5.0 (Linux; Android 7.0; SM-G892A Build/NRD90M; wv) AppleWebKit/537.36 (KHTML, like Gecko) Version/4.0 Chrome/60.0.3112.107 Mobile Safari/537.36"
195.3.220.7 - - [01/Aug/2026:09:08:45 -0600] "GET /wp-content/plugins/pwnd-1/pwnd.php HTTP/1.1" 404 37150 "-" "Mozilla/5.0 (Linux; Android 7.0; SM-G892A Build/NRD90M; wv) AppleWebKit/537.36 (KHTML, like Gecko) Version/4.0 Chrome/60.0.3112.107 Mobile Safari/537.36"
91.161.85.136 - - [01/Aug/2026:09:08:46 -0600] "POST /xmlrpc.php HTTP/1.1" 200 403 "-" "Jetpack by WordPress.com"
195.3.220.7 - - [01/Aug/2026:09:08:46 -0600] "GET /worksec.php HTTP/1.1" 404 37150 "-" "Mozilla/5.0 (Linux; Android 7.0; SM-G892A Build/NRD90M; wv) AppleWebKit/537.36 (KHTML, like Gecko) Version/4.0 Chrome/60.0.3112.107 Mobile Safari/537.36"
195.3.220.7 - - [01/Aug/2026:09:08:48 -0600] "GET /wp-content/worksec.php HTTP/1.1" 404 37150 "-" "Mozilla/5.0 (Linux; Android 7.0; SM-G892A Build/NRD90M; wv) AppleWebKit/537.36 (KHTML, like Gecko) Version/4.0 Chrome/60.0.3112.107 Mobile Safari/537.36"
195.3.220.7 - - [01/Aug/2026:09:08:49 -0600] "GET /wp-content/themes/twentynineteen/404.php HTTP/1.1" 404 37150 "-" "Mozilla/5.0 (Linux; Android 7.0; SM-G892A Build/NRD90M; wv) AppleWebKit/537.36 (KHTML, like Gecko) Version/4.0 Chrome/60.0.3112.107 Mobile Safari/537.36"
195.3.220.7 - - [01/Aug/2026:09:08:51 -0600] "GET /wp-content/themes/twentytwentyone/404.php HTTP/1.1" 404 37150 "-" "Mozilla/5.0 (Linux; Android 7.0; SM-G892A Build/NRD90M; wv) AppleWebKit/537.36 (KHTML, like Gecko) Version/4.0 Chrome/60.0.3112.107 Mobile Safari/537.36"
195.3.220.7 - - [01/Aug/2026:09:08:52 -0600] "GET /wp-content/cache/index.php HTTP/1.1" 301 - "-" "Mozilla/5.0 (Linux; Android 7.0; SM-G892A Build/NRD90M; wv) AppleWebKit/537.36 (KHTML, like Gecko) Version/4.0 Chrome/60.0.3112.107 Mobile Safari/537.36"
195.3.220.7 - - [01/Aug/2026:09:08:53 -0600] "GET /wp-content/cache/ HTTP/1.1" 404 37150 "-" "Mozilla/5.0 (Linux; Android 7.0; SM-G892A Build/NRD90M; wv) AppleWebKit/537.36 (KHTML, like Gecko) Version/4.0 Chrome/60.0.3112.107 Mobile Safari/537.36"
195.3.220.7 - - [01/Aug/2026:09:08:55 -0600] "GET /wp-content/index.php HTTP/1.1" 301 - "-" "Mozilla/5.0 (Linux; Android 7.0; SM-G892A Build/NRD90M; wv) AppleWebKit/537.36 (KHTML, like Gecko) Version/4.0 Chrome/60.0.3112.107 Mobile Safari/537.36"
195.3.220.7 - - [01/Aug/2026:09:08:56 -0600] "GET /wp-content/ HTTP/1.1" 404 37150 "-" "Mozilla/5.0 (Linux; Android 7.0; SM-G892A Build/NRD90M; wv) AppleWebKit/537.36 (KHTML, like Gecko) Version/4.0 Chrome/60.0.3112.107 Mobile Safari/537.36"
162.240.68.55 - - [01/Aug/2026:09:08:58 -0600] "POST /wp-cron.php?doing_wp_cron=1785596938.2154960632324218750000 HTTP/1.1" 200 - "-" "WordPress/7.0.2; https://nrfwomencouncil.org"
195.3.220.7 - - [01/Aug/2026:09:08:57 -0600] "GET /wp-content/languages/index.php HTTP/1.1" 301 - "-" "Mozilla/5.0 (Linux; Android 7.0; SM-G892A Build/NRD90M; wv) AppleWebKit/537.36 (KHTML, like Gecko) Version/4.0 Chrome/60.0.3112.107 Mobile Safari/537.36"
195.3.220.7 - - [01/Aug/2026:09:08:59 -0600] "GET /wp-content/languages/ HTTP/1.1" 404 37150 "-" "Mozilla/5.0 (Linux; Android 7.0; SM-G892A Build/NRD90M; wv) AppleWebKit/537.36 (KHTML, like Gecko) Version/4.0 Chrome/60.0.3112.107 Mobile Safari/537.36"
195.3.220.7 - - [01/Aug/2026:09:09:00 -0600] "GET /wp-content/plugins/index.php HTTP/1.1" 301 - "-" "Mozilla/5.0 (Linux; Android 7.0; SM-G892A Build/NRD90M; wv) AppleWebKit/537.36 (KHTML, like Gecko) Version/4.0 Chrome/60.0.3112.107 Mobile Safari/537.36"
91.161.85.136 - - [01/Aug/2026:09:09:00 -0600] "POST /xmlrpc.php HTTP/1.1" 200 403 "-" "WordPress.com; https://wordpress.com"
195.3.220.7 - - [01/Aug/2026:09:09:01 -0600] "GET /wp-content/plugins/ HTTP/1.1" 404 37150 "-" "Mozilla/5.0 (Linux; Android 7.0; SM-G892A Build/NRD90M; wv) AppleWebKit/537.36 (KHTML, like Gecko) Version/4.0 Chrome/60.0.3112.107 Mobile Safari/537.36"
195.3.220.7 - - [01/Aug/2026:09:09:03 -0600] "GET /wp-content/themes/index.php HTTP/1.1" 301 - "-" "Mozilla/5.0 (Linux; Android 7.0; SM-G892A Build/NRD90M; wv) AppleWebKit/537.36 (KHTML, like Gecko) Version/4.0 Chrome/60.0.3112.107 Mobile Safari/537.36"
144.76.32.236 - - [01/Aug/2026:09:09:04 -0600] "GET /wp-sitemap-taxonomies-category-1.xml HTTP/1.1" 200 333 "-" "Mozilla/5.0 (compatible; SERankingBacklinksBot/1.0; +https://seranking.com/backlinks-crawler)"
195.3.220.7 - - [01/Aug/2026:09:09:04 -0600] "GET /wp-content/themes/ HTTP/1.1" 404 37150 "-" "Mozilla/5.0 (Linux; Android 7.0; SM-G892A Build/NRD90M; wv) AppleWebKit/537.36 (KHTML, like Gecko) Version/4.0 Chrome/60.0.3112.107 Mobile Safari/537.36"
195.3.220.7 - - [01/Aug/2026:09:09:05 -0600] "GET /wp-content/upgrade/index.php HTTP/1.1" 301 - "-" "Mozilla/5.0 (Linux; Android 7.0; SM-G892A Build/NRD90M; wv) AppleWebKit/537.36 (KHTML, like Gecko) Version/4.0 Chrome/60.0.3112.107 Mobile Safari/537.36"
162.240.68.55 - - [01/Aug/2026:09:09:07 -0600] "POST /wp-cron.php?doing_wp_cron=1785596947.6347761154174804687500 HTTP/1.1" 200 - "-" "WordPress/7.0.2; https://nrfwomencouncil.org"
195.3.220.7 - - [01/Aug/2026:09:09:06 -0600] "GET /wp-content/upgrade/ HTTP/1.1" 404 37150 "-" "Mozilla/5.0 (Linux; Android 7.0; SM-G892A Build/NRD90M; wv) AppleWebKit/537.36 (KHTML, like Gecko) Version/4.0 Chrome/60.0.3112.107 Mobile Safari/537.36"
195.3.220.7 - - [01/Aug/2026:09:09:08 -0600] "GET /wp-content/uploads/index.php HTTP/1.1" 301 - "-" "Mozilla/5.0 (Linux; Android 7.0; SM-G892A Build/NRD90M; wv) AppleWebKit/537.36 (KHTML, like Gecko) Version/4.0 Chrome/60.0.3112.107 Mobile Safari/537.36"
195.3.220.7 - - [01/Aug/2026:09:09:09 -0600] "GET /wp-content/uploads/ HTTP/1.1" 404 37150 "-" "Mozilla/5.0 (Linux; Android 7.0; SM-G892A Build/NRD90M; wv) AppleWebKit/537.36 (KHTML, like Gecko) Version/4.0 Chrome/60.0.3112.107 Mobile Safari/537.36"
195.3.220.7 - - [01/Aug/2026:09:09:11 -0600] "GET /wp-admin/index.php HTTP/1.1" 302 - "-" "Mozilla/5.0 (Linux; Android 7.0; SM-G892A Build/NRD90M; wv) AppleWebKit/537.36 (KHTML, like Gecko) Version/4.0 Chrome/60.0.3112.107 Mobile Safari/537.36"
195.3.220.7 - - [01/Aug/2026:09:09:12 -0600] "GET /wp-login.php?redirect_to=https%3A%2F%2Fnrfwomencouncil.org%2Fwp-admin%2Findex.php&reauth=1 HTTP/1.1" 200 7403 "-" "Mozilla/5.0 (Linux; Android 7.0; SM-G892A Build/NRD90M; wv) AppleWebKit/537.36 (KHTML, like Gecko) Version/4.0 Chrome/60.0.3112.107 Mobile Safari/537.36"
195.3.220.7 - - [01/Aug/2026:09:09:13 -0600] "GET /wp-content/themes/Divi/404.php HTTP/1.1" 404 37150 "-" "Mozilla/5.0 (Linux; Android 7.0; SM-G892A Build/NRD90M; wv) AppleWebKit/537.36 (KHTML, like Gecko) Version/4.0 Chrome/60.0.3112.107 Mobile Safari/537.36"
91.161.85.136 - - [01/Aug/2026:09:09:14 -0600] "POST /xmlrpc.php HTTP/1.1" 200 403 "-" "WordPress.com; https://wordpress.com"
195.3.220.7 - - [01/Aug/2026:09:09:15 -0600] "GET /wp-admin/index.php HTTP/1.1" 302 - "-" "Mozilla/5.0 (Linux; Android 7.0; SM-G892A Build/NRD90M; wv) AppleWebKit/537.36 (KHTML, like Gecko) Version/4.0 Chrome/60.0.3112.107 Mobile Safari/537.36"
195.3.220.7 - - [01/Aug/2026:09:09:15 -0600] "GET /wp-login.php?redirect_to=https%3A%2F%2Fnrfwomencouncil.org%2Fwp-admin%2Findex.php&reauth=1 HTTP/1.1" 200 7403 "-" "Mozilla/5.0 (Linux; Android 7.0; SM-G892A Build/NRD90M; wv) AppleWebKit/537.36 (KHTML, like Gecko) Version/4.0 Chrome/60.0.3112.107 Mobile Safari/537.36"
195.3.220.7 - - [01/Aug/2026:09:09:17 -0600] "GET /wp-admin/css/index.php HTTP/1.1" 301 - "-" "Mozilla/5.0 (Linux; Android 7.0; SM-G892A Build/NRD90M; wv) AppleWebKit/537.36 (KHTML, like Gecko) Version/4.0 Chrome/60.0.3112.107 Mobile Safari/537.36"
195.3.220.7 - - [01/Aug/2026:09:09:18 -0600] "GET /wp-admin/css/ HTTP/1.1" 404 37150 "-" "Mozilla/5.0 (Linux; Android 7.0; SM-G892A Build/NRD90M; wv) AppleWebKit/537.36 (KHTML, like Gecko) Version/4.0 Chrome/60.0.3112.107 Mobile Safari/537.36"
195.3.220.7 - - [01/Aug/2026:09:09:19 -0600] "GET /wp-admin/images/index.php HTTP/1.1" 301 - "-" "Mozilla/5.0 (Linux; Android 7.0; SM-G892A Build/NRD90M; wv) AppleWebKit/537.36 (KHTML, like Gecko) Version/4.0 Chrome/60.0.3112.107 Mobile Safari/537.36"
195.3.220.7 - - [01/Aug/2026:09:09:20 -0600] "GET /wp-admin/images/ HTTP/1.1" 301 - "-" "Mozilla/5.0 (Linux; Android 7.0; SM-G892A Build/NRD90M; wv) AppleWebKit/537.36 (KHTML, like Gecko) Version/4.0 Chrome/60.0.3112.107 Mobile Safari/537.36"
195.3.220.7 - - [01/Aug/2026:09:09:21 -0600] "GET /home/images/ HTTP/1.1" 200 40369 "-" "Mozilla/5.0 (Linux; Android 7.0; SM-G892A Build/NRD90M; wv) AppleWebKit/537.36 (KHTML, like Gecko) Version/4.0 Chrome/60.0.3112.107 Mobile Safari/537.36"
195.3.220.7 - - [01/Aug/2026:09:09:22 -0600] "GET /wp-admin/includes/index.php HTTP/1.1" 301 - "-" "Mozilla/5.0 (Linux; Android 7.0; SM-G892A Build/NRD90M; wv) AppleWebKit/537.36 (KHTML, like Gecko) Version/4.0 Chrome/60.0.3112.107 Mobile Safari/537.36"
195.3.220.7 - - [01/Aug/2026:09:09:23 -0600] "GET /wp-admin/includes/ HTTP/1.1" 404 37150 "-" "Mozilla/5.0 (Linux; Android 7.0; SM-G892A Build/NRD90M; wv) AppleWebKit/537.36 (KHTML, like Gecko) Version/4.0 Chrome/60.0.3112.107 Mobile Safari/537.36"
195.3.220.7 - - [01/Aug/2026:09:09:25 -0600] "GET /wp-admin/js/index.php HTTP/1.1" 301 - "-" "Mozilla/5.0 (Linux; Android 7.0; SM-G892A Build/NRD90M; wv) AppleWebKit/537.36 (KHTML, like Gecko) Version/4.0 Chrome/60.0.3112.107 Mobile Safari/537.36"
195.3.220.7 - - [01/Aug/2026:09:09:26 -0600] "GET /wp-admin/js/ HTTP/1.1" 404 37150 "-" "Mozilla/5.0 (Linux; Android 7.0; SM-G892A Build/NRD90M; wv) AppleWebKit/537.36 (KHTML, like Gecko) Version/4.0 Chrome/60.0.3112.107 Mobile Safari/537.36"
195.3.220.7 - - [01/Aug/2026:09:09:27 -0600] "GET /wp-admin/maint/index.php HTTP/1.1" 301 - "-" "Mozilla/5.0 (Linux; Android 7.0; SM-G892A Build/NRD90M; wv) AppleWebKit/537.36 (KHTML, like Gecko) Version/4.0 Chrome/60.0.3112.107 Mobile Safari/537.36"
195.3.220.7 - - [01/Aug/2026:09:09:28 -0600] "GET /wp-admin/maint/ HTTP/1.1" 404 37150 "-" "Mozilla/5.0 (Linux; Android 7.0; SM-G892A Build/NRD90M; wv) AppleWebKit/537.36 (KHTML, like Gecko) Version/4.0 Chrome/60.0.3112.107 Mobile Safari/537.36"
91.161.85.136 - - [01/Aug/2026:09:09:29 -0600] "POST /xmlrpc.php HTTP/1.1" 200 403 "-" "Jetpack by WordPress.com"
195.3.220.7 - - [01/Aug/2026:09:09:29 -0600] "GET /wp-admin/network/index.php HTTP/1.1" 301 - "-" "Mozilla/5.0 (Linux; Android 7.0; SM-G892A Build/NRD90M; wv) AppleWebKit/537.36 (KHTML, like Gecko) Version/4.0 Chrome/60.0.3112.107 Mobile Safari/537.36"
195.3.220.7 - - [01/Aug/2026:09:09:30 -0600] "GET /wp-admin/network/ HTTP/1.1" 404 37150 "-" "Mozilla/5.0 (Linux; Android 7.0; SM-G892A Build/NRD90M; wv) AppleWebKit/537.36 (KHTML, like Gecko) Version/4.0 Chrome/60.0.3112.107 Mobile Safari/537.36"
195.3.220.7 - - [01/Aug/2026:09:09:32 -0600] "GET /wp-admin/user/index.php HTTP/1.1" 301 - "-" "Mozilla/5.0 (Linux; Android 7.0; SM-G892A Build/NRD90M; wv) AppleWebKit/537.36 (KHTML, like Gecko) Version/4.0 Chrome/60.0.3112.107 Mobile Safari/537.36"
195.3.220.7 - - [01/Aug/2026:09:09:33 -0600] "GET /wp-admin/user/ HTTP/1.1" 404 37150 "-" "Mozilla/5.0 (Linux; Android 7.0; SM-G892A Build/NRD90M; wv) AppleWebKit/537.36 (KHTML, like Gecko) Version/4.0 Chrome/60.0.3112.107 Mobile Safari/537.36"
91.161.85.136 - - [01/Aug/2026:09:09:44 -0600] "POST /xmlrpc.php HTTP/1.1" 200 403 "-" "Jetpack by WordPress.com (Jetpack 12.0; WordPress 6.2)"
144.76.32.236 - - [01/Aug/2026:09:09:46 -0600] "GET /wp-sitemap-taxonomies-team_cat-1.xml HTTP/1.1" 200 262 "-" "Mozilla/5.0 (compatible; SERankingBacklinksBot/1.0; +https://seranking.com/backlinks-crawler)"
142.44.228.121 - - [01/Aug/2026:09:09:46 -0600] "GET /events/2026-01-09/index.html HTTP/1.1" 404 37150 "-" "Mozilla/5.0 (compatible; AhrefsBot/7.0; +http://ahrefs.com/robot/)"
162.240.68.55 - - [01/Aug/2026:09:10:00 -0600] "POST /wp-cron.php?doing_wp_cron=1785597000.0290219783782958984375 HTTP/1.1" 200 - "-" "WordPress/7.0.2; https://nrfwomencouncil.org"
91.161.85.136 - - [01/Aug/2026:09:09:59 -0600] "POST /xmlrpc.php HTTP/1.1" 200 403 "-" "WordPress.com; https://wordpress.com"
91.161.85.136 - - [01/Aug/2026:09:10:13 -0600] "POST /xmlrpc.php HTTP/1.1" 200 403 "-" "Jetpack by WordPress.com"
91.161.85.136 - - [01/Aug/2026:09:10:27 -0600] "POST /xmlrpc.php HTTP/1.1" 200 403 "-" "Jetpack by WordPress.com"
144.76.32.236 - - [01/Aug/2026:09:10:29 -0600] "GET /wp-sitemap-taxonomies-service_cat-1.xml HTTP/1.1" 200 269 "-" "Mozilla/5.0 (compatible; SERankingBacklinksBot/1.0; +https://seranking.com/backlinks-crawler)"
91.161.85.136 - - [01/Aug/2026:09:10:42 -0600] "POST /xmlrpc.php HTTP/1.1" 200 403 "-" "Jetpack by WordPress.com"
162.240.68.55 - - [01/Aug/2026:09:10:57 -0600] "POST /wp-cron.php?doing_wp_cron=1785597057.5999310016632080078125 HTTP/1.1" 200 - "-" "WordPress/7.0.2; https://nrfwomencouncil.org"
91.161.85.136 - - [01/Aug/2026:09:10:56 -0600] "POST /xmlrpc.php HTTP/1.1" 200 403 "-" "Jetpack by WordPress.com"
91.161.85.136 - - [01/Aug/2026:09:11:11 -0600] "POST /xmlrpc.php HTTP/1.1" 200 403 "-" "WordPress.com; https://wordpress.com"
144.76.32.236 - - [01/Aug/2026:09:11:11 -0600] "GET /wp-sitemap-taxonomies-testimonials_cat-1.xml HTTP/1.1" 200 361 "-" "Mozilla/5.0 (compatible; SERankingBacklinksBot/1.0; +https://seranking.com/backlinks-crawler)"
91.161.85.136 - - [01/Aug/2026:09:11:25 -0600] "POST /xmlrpc.php HTTP/1.1" 200 403 "-" "WordPress.com; https://wordpress.com"
91.161.85.136 - - [01/Aug/2026:09:11:39 -0600] "POST /xmlrpc.php HTTP/1.1" 200 403 "-" "Jetpack by WordPress.com (Jetpack 13.0; WordPress 6.4)"
91.161.85.136 - - [01/Aug/2026:09:11:54 -0600] "POST /xmlrpc.php HTTP/1.1" 200 403 "-" "WordPress.com; https://wordpress.com"
144.76.32.236 - - [01/Aug/2026:09:11:54 -0600] "GET /wp-sitemap-taxonomies-tribe_events_cat-1.xml HTTP/1.1" 200 423 "-" "Mozilla/5.0 (compatible; SERankingBacklinksBot/1.0; +https://seranking.com/backlinks-crawler)"
162.240.68.55 - - [01/Aug/2026:09:12:08 -0600] "POST /wp-cron.php?doing_wp_cron=1785597128.7632598876953125000000 HTTP/1.1" 200 - "-" "WordPress/7.0.2; https://nrfwomencouncil.org"
91.161.85.136 - - [01/Aug/2026:09:12:07 -0600] "POST /xmlrpc.php HTTP/1.1" 200 403 "-" "Jetpack/12.5; WordPress/6.1; http://site51768888.com"
91.161.85.136 - - [01/Aug/2026:09:12:22 -0600] "POST /xmlrpc.php HTTP/1.1" 200 403 "-" "Jetpack by WordPress.com (Jetpack 12.1; WordPress 6.4)"
91.161.85.136 - - [01/Aug/2026:09:12:36 -0600] "POST /xmlrpc.php HTTP/1.1" 200 403 "-" "WordPress.com; https://wordpress.com"
144.76.32.236 - - [01/Aug/2026:09:12:37 -0600] "GET /news/index.html HTTP/1.1" 404 37150 "-" "Mozilla/5.0 (compatible; SERankingBacklinksBot/1.0; +https://seranking.com/backlinks-crawler)"
91.161.85.136 - - [01/Aug/2026:09:12:49 -0600] "POST /xmlrpc.php HTTP/1.1" 200 403 "-" "Jetpack/12.0; WordPress/6.2; http://site19246034.com"
162.240.68.55 - - [01/Aug/2026:09:13:04 -0600] "POST /wp-cron.php?doing_wp_cron=1785597184.2156169414520263671875 HTTP/1.1" 200 - "-" "WordPress/7.0.2; https://nrfwomencouncil.org"
91.161.85.136 - - [01/Aug/2026:09:13:03 -0600] "POST /xmlrpc.php HTTP/1.1" 200 403 "-" "Jetpack by WordPress.com"
91.161.85.136 - - [01/Aug/2026:09:13:17 -0600] "POST /xmlrpc.php HTTP/1.1" 200 403 "-" "WordPress.com; https://wordpress.com"
91.161.85.136 - - [01/Aug/2026:09:13:31 -0600] "POST /xmlrpc.php HTTP/1.1" 200 403 "-" "WordPress.com; https://wordpress.com"
162.240.68.55 - - [01/Aug/2026:09:21:55 -0600] "POST /wp-cron.php?doing_wp_cron=1785597715.2110660076141357421875 HTTP/1.1" 200 - "-" "WordPress/7.0.2; https://nrfwomencouncil.org"
40.77.167.18 - - [01/Aug/2026:09:21:54 -0600] "GET /wp-sitemap-taxonomies-team_cat-1.xml HTTP/1.1" 200 262 "-" "Mozilla/5.0 AppleWebKit/537.36 (KHTML, like Gecko; compatible; bingbot/2.0; +http://www.bing.com/bingbot.htm) Chrome/116.0.1938.76 Safari/537.36"
162.240.68.55 - - [01/Aug/2026:09:25:48 -0600] "POST /wp-cron.php?doing_wp_cron=1785597948.0239698886871337890625 HTTP/1.1" 200 - "-" "WordPress/7.0.2; https://nrfwomencouncil.org"
52.167.144.166 - - [01/Aug/2026:09:25:47 -0600] "GET /wp-sitemap-taxonomies-testimonials_cat-1.xml HTTP/1.1" 200 361 "-" "Mozilla/5.0 AppleWebKit/537.36 (KHTML, like Gecko; compatible; bingbot/2.0; +http://www.bing.com/bingbot.htm) Chrome/116.0.1938.76 Safari/537.36"
162.240.68.55 - - [01/Aug/2026:09:31:13 -0600] "POST /wp-cron.php?doing_wp_cron=1785598273.3498110771179199218750 HTTP/1.1" 200 - "-" "WordPress/7.0.2; https://nrfwomencouncil.org"
163.223.254.13 - - [01/Aug/2026:09:31:12 -0600] "POST /xmlrpc.php HTTP/1.1" 200 403 "-" "Jetpack by WordPress.com (Jetpack 12.0; WordPress 6.2)"
163.223.254.13 - - [01/Aug/2026:09:31:22 -0600] "POST /xmlrpc.php HTTP/1.1" 200 403 "-" "Jetpack/12.1; WordPress/6.3; http://site89788140.com"
163.223.254.13 - - [01/Aug/2026:09:31:33 -0600] "POST /xmlrpc.php HTTP/1.1" 200 403 "-" "WordPress.com; https://wordpress.com"
163.223.254.13 - - [01/Aug/2026:09:31:44 -0600] "POST /xmlrpc.php HTTP/1.1" 200 403 "-" "Jetpack/12.0; WordPress/6.1; http://site53330361.com"
163.223.254.13 - - [01/Aug/2026:09:31:54 -0600] "POST /xmlrpc.php HTTP/1.1" 200 403 "-" "Jetpack/12.0; WordPress/6.1; http://site24864702.com"
162.240.68.55 - - [01/Aug/2026:09:32:06 -0600] "POST /wp-cron.php?doing_wp_cron=1785598326.0560300350189208984375 HTTP/1.1" 200 - "-" "WordPress/7.0.2; https://nrfwomencouncil.org"
163.223.254.13 - - [01/Aug/2026:09:32:05 -0600] "POST /xmlrpc.php HTTP/1.1" 200 403 "-" "Jetpack by WordPress.com (Jetpack 13.0; WordPress 6.1)"
163.223.254.13 - - [01/Aug/2026:09:32:15 -0600] "POST /xmlrpc.php HTTP/1.1" 200 403 "-" "Jetpack by WordPress.com"
163.223.254.13 - - [01/Aug/2026:09:32:26 -0600] "POST /xmlrpc.php HTTP/1.1" 200 403 "-" "Jetpack by WordPress.com (Jetpack 12.5; WordPress 6.4)"
163.223.254.13 - - [01/Aug/2026:09:32:36 -0600] "POST /xmlrpc.php HTTP/1.1" 200 403 "-" "Jetpack/13.0; WordPress/6.1; http://site64005683.com"
163.223.254.13 - - [01/Aug/2026:09:32:48 -0600] "POST /xmlrpc.php HTTP/1.1" 200 403 "-" "WordPress.com; https://wordpress.com"
162.240.68.55 - - [01/Aug/2026:09:32:59 -0600] "POST /wp-cron.php?doing_wp_cron=1785598379.0334711074829101562500 HTTP/1.1" 200 - "-" "WordPress/7.0.2; https://nrfwomencouncil.org"
163.223.254.13 - - [01/Aug/2026:09:32:58 -0600] "POST /xmlrpc.php HTTP/1.1" 200 403 "-" "Jetpack by WordPress.com"
163.223.254.13 - - [01/Aug/2026:09:33:08 -0600] "POST /xmlrpc.php HTTP/1.1" 200 403 "-" "WordPress.com; https://wordpress.com"
163.223.254.13 - - [01/Aug/2026:09:33:19 -0600] "POST /xmlrpc.php HTTP/1.1" 200 403 "-" "Jetpack/12.5; WordPress/6.4; http://site13079421.com"
163.223.254.13 - - [01/Aug/2026:09:33:30 -0600] "POST /xmlrpc.php HTTP/1.1" 200 403 "-" "WordPress.com; https://wordpress.com"
163.223.254.13 - - [01/Aug/2026:09:33:40 -0600] "POST /xmlrpc.php HTTP/1.1" 200 403 "-" "WordPress.com; https://wordpress.com"
162.240.68.55 - - [01/Aug/2026:09:33:51 -0600] "POST /wp-cron.php?doing_wp_cron=1785598431.9321620464324951171875 HTTP/1.1" 200 - "-" "WordPress/7.0.2; https://nrfwomencouncil.org"
163.223.254.13 - - [01/Aug/2026:09:33:51 -0600] "POST /xmlrpc.php HTTP/1.1" 200 403 "-" "Jetpack by WordPress.com"
162.240.68.55 - - [01/Aug/2026:09:34:02 -0600] "POST /wp-cron.php?doing_wp_cron=1785598442.6094400882720947265625 HTTP/1.1" 200 - "-" "WordPress/7.0.2; https://nrfwomencouncil.org"
163.223.254.13 - - [01/Aug/2026:09:34:01 -0600] "POST /xmlrpc.php HTTP/1.1" 200 403 "-" "WordPress.com; https://wordpress.com"
163.223.254.13 - - [01/Aug/2026:09:34:12 -0600] "POST /xmlrpc.php HTTP/1.1" 200 403 "-" "Jetpack by WordPress.com (Jetpack 12.0; WordPress 6.1)"
163.223.254.13 - - [01/Aug/2026:09:34:22 -0600] "POST /xmlrpc.php HTTP/1.1" 200 403 "-" "Jetpack/12.0; WordPress/6.2; http://site36518506.com"
162.240.68.55 - - [01/Aug/2026:09:34:23 -0600] "POST /wp-cron.php?doing_wp_cron=1785598463.7896111011505126953125 HTTP/1.1" 200 - "-" "WordPress/7.0.2; https://nrfwomencouncil.org"
163.223.254.13 - - [01/Aug/2026:09:34:33 -0600] "POST /xmlrpc.php HTTP/1.1" 200 403 "-" "Jetpack by WordPress.com (Jetpack 12.5; WordPress 6.3)"
163.223.254.13 - - [01/Aug/2026:09:34:44 -0600] "POST /xmlrpc.php HTTP/1.1" 200 403 "-" "Jetpack by WordPress.com (Jetpack 13.0; WordPress 6.4)"
163.223.254.13 - - [01/Aug/2026:09:34:54 -0600] "POST /xmlrpc.php HTTP/1.1" 200 403 "-" "Jetpack by WordPress.com"
162.240.68.55 - - [01/Aug/2026:09:35:06 -0600] "POST /wp-cron.php?doing_wp_cron=1785598506.2521491050720214843750 HTTP/1.1" 200 - "-" "WordPress/7.0.2; https://nrfwomencouncil.org"
163.223.254.13 - - [01/Aug/2026:09:35:05 -0600] "POST /xmlrpc.php HTTP/1.1" 200 403 "-" "Jetpack/13.0; WordPress/6.2; http://site10871132.com"
163.223.254.13 - - [01/Aug/2026:09:35:16 -0600] "POST /xmlrpc.php HTTP/1.1" 200 403 "-" "Jetpack/12.0; WordPress/6.3; http://site84506568.com"
163.223.254.13 - - [01/Aug/2026:09:35:26 -0600] "POST /xmlrpc.php HTTP/1.1" 200 403 "-" "Jetpack by WordPress.com"
163.223.254.13 - - [01/Aug/2026:09:35:37 -0600] "POST /xmlrpc.php HTTP/1.1" 200 403 "-" "Jetpack by WordPress.com (Jetpack 12.0; WordPress 6.2)"
163.223.254.13 - - [01/Aug/2026:09:35:47 -0600] "POST /xmlrpc.php HTTP/1.1" 200 403 "-" "Jetpack/12.1; WordPress/6.2; http://site57879525.com"
162.240.68.55 - - [01/Aug/2026:09:35:59 -0600] "POST /wp-cron.php?doing_wp_cron=1785598559.1532990932464599609375 HTTP/1.1" 200 - "-" "WordPress/7.0.2; https://nrfwomencouncil.org"
163.223.254.13 - - [01/Aug/2026:09:35:58 -0600] "POST /xmlrpc.php HTTP/1.1" 200 403 "-" "WordPress.com; https://wordpress.com"
163.223.254.13 - - [01/Aug/2026:09:36:08 -0600] "POST /xmlrpc.php HTTP/1.1" 200 403 "-" "WordPress.com; https://wordpress.com"
163.223.254.13 - - [01/Aug/2026:09:36:19 -0600] "POST /xmlrpc.php HTTP/1.1" 200 403 "-" "WordPress.com; https://wordpress.com"
163.223.254.13 - - [01/Aug/2026:09:36:30 -0600] "POST /xmlrpc.php HTTP/1.1" 200 403 "-" "WordPress.com; https://wordpress.com"
163.223.254.13 - - [01/Aug/2026:09:36:40 -0600] "POST /xmlrpc.php HTTP/1.1" 200 403 "-" "Jetpack by WordPress.com (Jetpack 12.5; WordPress 6.3)"
163.223.254.13 - - [01/Aug/2026:09:36:51 -0600] "POST /xmlrpc.php HTTP/1.1" 200 403 "-" "WordPress.com; https://wordpress.com"
162.240.68.55 - - [01/Aug/2026:09:37:02 -0600] "POST /wp-cron.php?doing_wp_cron=1785598622.5642290115356445312500 HTTP/1.1" 200 - "-" "WordPress/7.0.2; https://nrfwomencouncil.org"
163.223.254.13 - - [01/Aug/2026:09:37:01 -0600] "POST /xmlrpc.php HTTP/1.1" 200 403 "-" "Jetpack/12.0; WordPress/6.1; http://site93533437.com"
163.223.254.13 - - [01/Aug/2026:09:37:12 -0600] "POST /xmlrpc.php HTTP/1.1" 200 403 "-" "WordPress.com; https://wordpress.com"
163.223.254.13 - - [01/Aug/2026:09:37:22 -0600] "POST /xmlrpc.php HTTP/1.1" 200 403 "-" "Jetpack by WordPress.com (Jetpack 12.0; WordPress 6.3)"
163.223.254.13 - - [01/Aug/2026:09:37:33 -0600] "POST /xmlrpc.php HTTP/1.1" 200 403 "-" "WordPress.com; https://wordpress.com"
163.223.254.13 - - [01/Aug/2026:09:37:44 -0600] "POST /xmlrpc.php HTTP/1.1" 200 403 "-" "Jetpack by WordPress.com"
163.223.254.13 - - [01/Aug/2026:09:37:54 -0600] "POST /xmlrpc.php HTTP/1.1" 200 403 "-" "Jetpack by WordPress.com"
162.240.68.55 - - [01/Aug/2026:09:38:06 -0600] "POST /wp-cron.php?doing_wp_cron=1785598686.1956000328063964843750 HTTP/1.1" 200 - "-" "WordPress/7.0.2; https://nrfwomencouncil.org"
163.223.254.13 - - [01/Aug/2026:09:38:05 -0600] "POST /xmlrpc.php HTTP/1.1" 200 403 "-" "WordPress.com; https://wordpress.com"
163.223.254.13 - - [01/Aug/2026:09:38:15 -0600] "POST /xmlrpc.php HTTP/1.1" 200 403 "-" "Jetpack/12.0; WordPress/6.2; http://site90999599.com"
163.223.254.13 - - [01/Aug/2026:09:38:26 -0600] "POST /xmlrpc.php HTTP/1.1" 200 403 "-" "Jetpack/12.5; WordPress/6.1; http://site16305551.com"
163.223.254.13 - - [01/Aug/2026:09:38:37 -0600] "POST /xmlrpc.php HTTP/1.1" 200 403 "-" "Jetpack/12.0; WordPress/6.1; http://site99153601.com"
163.223.254.13 - - [01/Aug/2026:09:38:47 -0600] "POST /xmlrpc.php HTTP/1.1" 200 403 "-" "Jetpack/13.0; WordPress/6.3; http://site78266052.com"
162.240.68.55 - - [01/Aug/2026:09:38:59 -0600] "POST /wp-cron.php?doing_wp_cron=1785598739.2245340347290039062500 HTTP/1.1" 200 - "-" "WordPress/7.0.2; https://nrfwomencouncil.org"
163.223.254.13 - - [01/Aug/2026:09:38:58 -0600] "POST /xmlrpc.php HTTP/1.1" 200 403 "-" "Jetpack/12.5; WordPress/6.1; http://site85760597.com"
163.223.254.13 - - [01/Aug/2026:09:39:09 -0600] "POST /xmlrpc.php HTTP/1.1" 200 403 "-" "WordPress.com; https://wordpress.com"
163.223.254.13 - - [01/Aug/2026:09:39:19 -0600] "POST /xmlrpc.php HTTP/1.1" 200 403 "-" "Jetpack by WordPress.com (Jetpack 13.0; WordPress 6.2)"
163.223.254.13 - - [01/Aug/2026:09:39:30 -0600] "POST /xmlrpc.php HTTP/1.1" 200 403 "-" "Jetpack/12.5; WordPress/6.4; http://site36834856.com"
163.223.254.13 - - [01/Aug/2026:09:39:41 -0600] "POST /xmlrpc.php HTTP/1.1" 200 403 "-" "WordPress.com; https://wordpress.com"
163.223.254.13 - - [01/Aug/2026:09:39:51 -0600] "POST /xmlrpc.php HTTP/1.1" 200 403 "-" "Jetpack/12.5; WordPress/6.4; http://site15954262.com"
162.240.68.55 - - [01/Aug/2026:09:40:03 -0600] "POST /wp-cron.php?doing_wp_cron=1785598803.3531079292297363281250 HTTP/1.1" 200 - "-" "WordPress/7.0.2; https://nrfwomencouncil.org"
163.223.254.13 - - [01/Aug/2026:09:40:02 -0600] "POST /xmlrpc.php HTTP/1.1" 200 403 "-" "WordPress.com; https://wordpress.com"
163.223.254.13 - - [01/Aug/2026:09:40:13 -0600] "POST /xmlrpc.php HTTP/1.1" 200 403 "-" "WordPress.com; https://wordpress.com"
163.223.254.13 - - [01/Aug/2026:09:40:23 -0600] "POST /xmlrpc.php HTTP/1.1" 200 403 "-" "WordPress.com; https://wordpress.com"
163.223.254.13 - - [01/Aug/2026:09:40:34 -0600] "POST /xmlrpc.php HTTP/1.1" 200 403 "-" "Jetpack by WordPress.com"
163.223.254.13 - - [01/Aug/2026:09:40:45 -0600] "POST /xmlrpc.php HTTP/1.1" 200 403 "-" "Jetpack/12.5; WordPress/6.1; http://site19996503.com"
163.223.254.13 - - [01/Aug/2026:09:40:55 -0600] "POST /xmlrpc.php HTTP/1.1" 200 403 "-" "Jetpack/12.5; WordPress/6.4; http://site21932703.com"
162.240.68.55 - - [01/Aug/2026:09:41:07 -0600] "POST /wp-cron.php?doing_wp_cron=1785598867.5051169395446777343750 HTTP/1.1" 200 - "-" "WordPress/7.0.2; https://nrfwomencouncil.org"
163.223.254.13 - - [01/Aug/2026:09:41:06 -0600] "POST /xmlrpc.php HTTP/1.1" 200 403 "-" "Jetpack/12.5; WordPress/6.3; http://site43093552.com"
163.223.254.13 - - [01/Aug/2026:09:41:17 -0600] "POST /xmlrpc.php HTTP/1.1" 200 403 "-" "Jetpack/12.0; WordPress/6.4; http://site84207969.com"
163.223.254.13 - - [01/Aug/2026:09:41:27 -0600] "POST /xmlrpc.php HTTP/1.1" 200 403 "-" "WordPress.com; https://wordpress.com"
163.223.254.13 - - [01/Aug/2026:09:41:38 -0600] "POST /xmlrpc.php HTTP/1.1" 200 403 "-" "Jetpack by WordPress.com"
163.223.254.13 - - [01/Aug/2026:09:41:48 -0600] "POST /xmlrpc.php HTTP/1.1" 200 403 "-" "Jetpack by WordPress.com (Jetpack 12.1; WordPress 6.1)"
51.222.168.28 - - [01/Aug/2026:09:41:49 -0600] "GET /wp-sitemap.xml HTTP/1.1" 200 1484 "-" "Mozilla/5.0 (compatible; AhrefsBot/7.0; +http://ahrefs.com/robot/)"
54.39.210.174 - - [01/Aug/2026:09:41:52 -0600] "GET /wp-sitemap-posts-post-1.xml HTTP/1.1" 200 334 "-" "Mozilla/5.0 (compatible; AhrefsBot/7.0; +http://ahrefs.com/robot/)"
142.44.233.205 - - [01/Aug/2026:09:41:55 -0600] "GET /wp-sitemap-posts-page-1.xml HTTP/1.1" 200 927 "-" "Mozilla/5.0 (compatible; AhrefsBot/7.0; +http://ahrefs.com/robot/)"
162.240.68.55 - - [01/Aug/2026:09:41:58 -0600] "POST /wp-cron.php?doing_wp_cron=1785598918.0974390506744384765625 HTTP/1.1" 200 - "-" "WordPress/7.0.2; https://nrfwomencouncil.org"
142.44.225.201 - - [01/Aug/2026:09:41:57 -0600] "GET /wp-sitemap-posts-portfolio-1.xml HTTP/1.1" 200 3871 "-" "Mozilla/5.0 (compatible; AhrefsBot/7.0; +http://ahrefs.com/robot/)"
