162.240.68.55 - - [01/Aug/2026:14:40:03 -0600] "POST /wp-cron.php?doing_wp_cron=1785616803.5947549343109130859375 HTTP/1.1" 200 - "-" "WordPress/7.0.2; https://nrfwomencouncil.org"
15.235.27.158 - - [01/Aug/2026:14:40:02 -0600] "GET /events/2027-02-17/index.html HTTP/1.1" 404 37150 "-" "Mozilla/5.0 (compatible; AhrefsBot/7.0; +http://ahrefs.com/robot/)"
205.210.31.18 - - [01/Aug/2026:14:50:26 -0600] "GET / HTTP/1.1" 301 - "-" "Hello from Palo Alto Networks, find out more about our scans in https://docs-cortex.paloaltonetworks.com/r/1/Cortex-Xpanse/Scanning-activity"
162.240.68.55 - - [01/Aug/2026:14:50:27 -0600] "POST /wp-cron.php?doing_wp_cron=1785617427.0177459716796875000000 HTTP/1.1" 200 - "-" "WordPress/7.0.2; https://nrfwomencouncil.org"
162.240.68.55 - - [01/Aug/2026:14:50:58 -0600] "POST /wp-cron.php?doing_wp_cron=1785617458.2015349864959716796875 HTTP/1.1" 200 - "-" "WordPress/7.0.2; https://nrfwomencouncil.org"
52.167.144.193 - - [01/Aug/2026:14:50:57 -0600] "GET /wp-sitemap-posts-department-1.xml HTTP/1.1" 200 3668 "-" "Mozilla/5.0 AppleWebKit/537.36 (KHTML, like Gecko; compatible; bingbot/2.0; +http://www.bing.com/bingbot.htm) Chrome/116.0.1938.76 Safari/537.36"
162.240.68.55 - - [01/Aug/2026:14:53:31 -0600] "POST /wp-cron.php?doing_wp_cron=1785617611.0184700489044189453125 HTTP/1.1" 200 - "-" "WordPress/7.0.2; https://nrfwomencouncil.org"
144.76.32.236 - - [01/Aug/2026:14:53:30 -0600] "GET /robots.txt HTTP/1.1" 200 120 "-" "Mozilla/5.0 (compatible; SERankingBacklinksBot/1.0; +https://seranking.com/backlinks-crawler)"
144.76.32.236 - - [01/Aug/2026:14:53:32 -0600] "GET /team/elvina-julie-2/ HTTP/1.1" 200 39748 "-" "Mozilla/5.0 (compatible; SERankingBacklinksBot/1.0; +https://seranking.com/backlinks-crawler)"
216.24.219.228 - - [01/Aug/2026:14:53:43 -0600] "GET /wp-login.php HTTP/1.1" 200 7285 "-" "Mozilla/5.0 (Macintosh; Intel Mac OS X 10_15_7) AppleWebKit/605.1.15 Version/17.0 Safari/605.1.15"
216.24.219.228 - - [01/Aug/2026:14:53:44 -0600] "GET /?author=1 HTTP/1.1" 404 37150 "-" "Mozilla/5.0 (Windows NT 10.0; Win64; x64) AppleWebKit/537.36 Chrome/129.0.0.0 Safari/537.36"
216.24.219.228 - - [01/Aug/2026:14:53:46 -0600] "GET /?rest_route=/wp/v2/users HTTP/1.1" 200 1461 "-" "Mozilla/5.0 (Windows NT 10.0; Win64; rv:143.0) Gecko/20100101 Firefox/143.0"
216.24.219.228 - - [01/Aug/2026:14:53:47 -0600] "GET /feed HTTP/1.1" 301 - "-" "Mozilla/5.0 (Windows NT 10.0; Win64; x64) AppleWebKit/537.36 Chrome/129.0.0.0 Safari/537.36"
216.24.219.228 - - [01/Aug/2026:14:53:48 -0600] "GET /feed/ HTTP/1.1" 200 8454 "-" "Mozilla/5.0 (Windows NT 10.0; Win64; x64) AppleWebKit/537.36 Chrome/129.0.0.0 Safari/537.36"
162.240.68.55 - - [01/Aug/2026:14:54:17 -0600] "POST /wp-cron.php?doing_wp_cron=1785617657.3257050514221191406250 HTTP/1.1" 200 - "-" "WordPress/7.0.2; https://nrfwomencouncil.org"
144.76.32.236 - - [01/Aug/2026:14:54:16 -0600] "GET /team/elvina-julie-3/ HTTP/1.1" 200 39748 "-" "Mozilla/5.0 (compatible; SERankingBacklinksBot/1.0; +https://seranking.com/backlinks-crawler)"
162.240.68.55 - - [01/Aug/2026:14:55:00 -0600] "POST /wp-cron.php?doing_wp_cron=1785617700.8142070770263671875000 HTTP/1.1" 200 - "-" "WordPress/7.0.2; https://nrfwomencouncil.org"
144.76.32.236 - - [01/Aug/2026:14:55:00 -0600] "GET /service/pets-animals/ HTTP/1.1" 200 39348 "-" "Mozilla/5.0 (compatible; SERankingBacklinksBot/1.0; +https://seranking.com/backlinks-crawler)"
144.76.32.236 - - [01/Aug/2026:14:55:44 -0600] "GET /team/bertram-irvin-2/ HTTP/1.1" 200 39755 "-" "Mozilla/5.0 (compatible; SERankingBacklinksBot/1.0; +https://seranking.com/backlinks-crawler)"
162.240.68.55 - - [01/Aug/2026:14:56:28 -0600] "POST /wp-cron.php?doing_wp_cron=1785617788.6829349994659423828125 HTTP/1.1" 200 - "-" "WordPress/7.0.2; https://nrfwomencouncil.org"
144.76.32.236 - - [01/Aug/2026:14:56:27 -0600] "GET /team/bertram-irvin-3/ HTTP/1.1" 200 39755 "-" "Mozilla/5.0 (compatible; SERankingBacklinksBot/1.0; +https://seranking.com/backlinks-crawler)"
162.240.68.55 - - [01/Aug/2026:14:57:13 -0600] "POST /wp-cron.php?doing_wp_cron=1785617833.0831038951873779296875 HTTP/1.1" 200 - "-" "WordPress/7.0.2; https://nrfwomencouncil.org"
144.76.32.236 - - [01/Aug/2026:14:57:12 -0600] "GET /team/herman-gordon-2/ HTTP/1.1" 200 39755 "-" "Mozilla/5.0 (compatible; SERankingBacklinksBot/1.0; +https://seranking.com/backlinks-crawler)"
162.240.68.55 - - [01/Aug/2026:14:57:57 -0600] "POST /wp-cron.php?doing_wp_cron=1785617877.2373468875885009765625 HTTP/1.1" 200 - "-" "WordPress/7.0.2; https://nrfwomencouncil.org"
144.76.32.236 - - [01/Aug/2026:14:57:56 -0600] "GET /team/herman-gordon-3/ HTTP/1.1" 200 39755 "-" "Mozilla/5.0 (compatible; SERankingBacklinksBot/1.0; +https://seranking.com/backlinks-crawler)"
144.76.32.236 - - [01/Aug/2026:14:58:40 -0600] "GET /team/marian-lenora-2/ HTTP/1.1" 200 39755 "-" "Mozilla/5.0 (compatible; SERankingBacklinksBot/1.0; +https://seranking.com/backlinks-crawler)"
162.240.68.55 - - [01/Aug/2026:14:59:24 -0600] "POST /wp-cron.php?doing_wp_cron=1785617964.4695899486541748046875 HTTP/1.1" 200 - "-" "WordPress/7.0.2; https://nrfwomencouncil.org"
144.76.32.236 - - [01/Aug/2026:14:59:23 -0600] "GET /team/marian-lenora-3/ HTTP/1.1" 200 39755 "-" "Mozilla/5.0 (compatible; SERankingBacklinksBot/1.0; +https://seranking.com/backlinks-crawler)"
52.167.144.195 - - [01/Aug/2026:14:59:36 -0600] "GET /wp-sitemap-taxonomies-category-1.xml HTTP/1.1" 200 333 "-" "Mozilla/5.0 AppleWebKit/537.36 (KHTML, like Gecko; compatible; bingbot/2.0; +http://www.bing.com/bingbot.htm) Chrome/116.0.1938.76 Safari/537.36"
162.240.68.55 - - [01/Aug/2026:15:00:07 -0600] "POST /wp-cron.php?doing_wp_cron=1785618007.7359468936920166015625 HTTP/1.1" 200 - "-" "WordPress/7.0.2; https://nrfwomencouncil.org"
144.76.32.236 - - [01/Aug/2026:15:00:06 -0600] "GET /events/category/events/ HTTP/1.1" 200 75160 "-" "Mozilla/5.0 (compatible; SERankingBacklinksBot/1.0; +https://seranking.com/backlinks-crawler)"
57.141.18.120 - - [01/Aug/2026:15:00:43 -0600] "GET /service/rates-valuation/ HTTP/1.1" 200 39369 "-" "Mozilla/5.0 (Windows NT 10.0; Win64; x64) AppleWebKit/537.36 (KHTML, like Gecko) Chrome/145.0.0.0 Safari/537.36 (compatible; meta-externalagent/1.1 (+https://developers.facebook.com/docs/sharing/webmasters/crawler))"
144.76.32.236 - - [01/Aug/2026:15:00:52 -0600] "GET /department/arts-culture/ HTTP/1.1" 200 39655 "-" "Mozilla/5.0 (compatible; SERankingBacklinksBot/1.0; +https://seranking.com/backlinks-crawler)"
162.240.68.55 - - [01/Aug/2026:15:01:04 -0600] "POST /wp-cron.php?doing_wp_cron=1785618064.9242389202117919921875 HTTP/1.1" 200 - "-" "WordPress/7.0.2; https://nrfwomencouncil.org"
107.173.171.201 - - [01/Aug/2026:15:01:04 -0600] "GET / HTTP/1.1" 200 62762 "-" "Mozilla/5.0 (Ubuntu; Linux i686) AppleWebKit/537.36 (KHTML, like Gecko) Chrome/126.0.0.0 Safari/537.36"
144.76.32.236 - - [01/Aug/2026:15:01:36 -0600] "GET /department/housing-land/ HTTP/1.1" 200 39655 "-" "Mozilla/5.0 (compatible; SERankingBacklinksBot/1.0; +https://seranking.com/backlinks-crawler)"
107.173.171.201 - - [01/Aug/2026:15:02:14 -0600] "GET /wp-content/uploads/2023/03/cropped-cropped-Banner-03-1-180x180.png HTTP/1.1" 200 31633 "-" "Mozilla/5.0 (Ubuntu; Linux i686) AppleWebKit/537.36 (KHTML, like Gecko) Chrome/126.0.0.0 Safari/537.36"
162.240.68.55 - - [01/Aug/2026:15:02:20 -0600] "POST /wp-cron.php?doing_wp_cron=1785618140.7448930740356445312500 HTTP/1.1" 200 - "-" "WordPress/7.0.2; https://nrfwomencouncil.org"
144.76.32.236 - - [01/Aug/2026:15:02:19 -0600] "GET /portfolio/job-expo-2020/ HTTP/1.1" 200 39552 "-" "Mozilla/5.0 (compatible; SERankingBacklinksBot/1.0; +https://seranking.com/backlinks-crawler)"
162.240.68.55 - - [01/Aug/2026:15:03:04 -0600] "POST /wp-cron.php?doing_wp_cron=1785618184.5462210178375244140625 HTTP/1.1" 200 - "-" "WordPress/7.0.2; https://nrfwomencouncil.org"
144.76.32.236 - - [01/Aug/2026:15:03:03 -0600] "GET /portfolio/parking-clerk/ HTTP/1.1" 200 39552 "-" "Mozilla/5.0 (compatible; SERankingBacklinksBot/1.0; +https://seranking.com/backlinks-crawler)"
144.76.32.236 - - [01/Aug/2026:15:03:46 -0600] "GET /portfolio/st-james-park/ HTTP/1.1" 200 39552 "-" "Mozilla/5.0 (compatible; SERankingBacklinksBot/1.0; +https://seranking.com/backlinks-crawler)"
162.240.68.55 - - [01/Aug/2026:15:04:29 -0600] "POST /wp-cron.php?doing_wp_cron=1785618269.4569110870361328125000 HTTP/1.1" 200 - "-" "WordPress/7.0.2; https://nrfwomencouncil.org"
144.76.32.236 - - [01/Aug/2026:15:04:28 -0600] "GET /service/rates-valuation/ HTTP/1.1" 200 39369 "-" "Mozilla/5.0 (compatible; SERankingBacklinksBot/1.0; +https://seranking.com/backlinks-crawler)"
162.240.68.55 - - [01/Aug/2026:15:05:12 -0600] "POST /wp-cron.php?doing_wp_cron=1785618312.1178119182586669921875 HTTP/1.1" 200 - "-" "WordPress/7.0.2; https://nrfwomencouncil.org"
144.76.32.236 - - [01/Aug/2026:15:05:11 -0600] "GET /service_cat/services-v1/ HTTP/1.1" 200 46906 "-" "Mozilla/5.0 (compatible; SERankingBacklinksBot/1.0; +https://seranking.com/backlinks-crawler)"
144.76.32.236 - - [01/Aug/2026:15:05:53 -0600] "GET /testimonials/ivan-johny/ HTTP/1.1" 200 39760 "-" "Mozilla/5.0 (compatible; SERankingBacklinksBot/1.0; +https://seranking.com/backlinks-crawler)"
162.240.68.55 - - [01/Aug/2026:15:05:58 -0600] "POST /wp-cron.php?doing_wp_cron=1785618358.9445569515228271484375 HTTP/1.1" 200 - "-" "WordPress/7.0.2; https://nrfwomencouncil.org"
54.39.203.31 - - [01/Aug/2026:15:05:58 -0600] "GET /events/2024-11-20/ HTTP/1.1" 200 70012 "-" "Mozilla/5.0 (compatible; AhrefsBot/7.0; +http://ahrefs.com/robot/)"
144.76.32.236 - - [01/Aug/2026:15:06:34 -0600] "GET /department/finance-legal/ HTTP/1.1" 200 39662 "-" "Mozilla/5.0 (compatible; SERankingBacklinksBot/1.0; +https://seranking.com/backlinks-crawler)"
162.240.68.55 - - [01/Aug/2026:15:07:16 -0600] "POST /wp-cron.php?doing_wp_cron=1785618436.8442130088806152343750 HTTP/1.1" 200 - "-" "WordPress/7.0.2; https://nrfwomencouncil.org"
144.76.32.236 - - [01/Aug/2026:15:07:16 -0600] "GET /portfolio/british-museum/ HTTP/1.1" 200 39559 "-" "Mozilla/5.0 (compatible; SERankingBacklinksBot/1.0; +https://seranking.com/backlinks-crawler)"
162.240.68.55 - - [01/Aug/2026:15:07:58 -0600] "POST /wp-cron.php?doing_wp_cron=1785618478.7978949546813964843750 HTTP/1.1" 200 - "-" "WordPress/7.0.2; https://nrfwomencouncil.org"
144.76.32.236 - - [01/Aug/2026:15:07:57 -0600] "GET /portfolio/mayor-golf-day/ HTTP/1.1" 200 39559 "-" "Mozilla/5.0 (compatible; SERankingBacklinksBot/1.0; +https://seranking.com/backlinks-crawler)"
144.76.32.236 - - [01/Aug/2026:15:08:40 -0600] "GET /vision-mission/index.html HTTP/1.1" 404 37150 "-" "Mozilla/5.0 (compatible; SERankingBacklinksBot/1.0; +https://seranking.com/backlinks-crawler)"
162.240.68.55 - - [01/Aug/2026:15:10:23 -0600] "POST /wp-cron.php?doing_wp_cron=1785618623.4946570396423339843750 HTTP/1.1" 200 - "-" "WordPress/7.0.2; https://nrfwomencouncil.org"
51.161.37.42 - - [01/Aug/2026:15:10:22 -0600] "GET /events/2024-09-23/index.html HTTP/1.1" 404 37150 "-" "Mozilla/5.0 (compatible; AhrefsBot/7.0; +http://ahrefs.com/robot/)"
162.240.68.55 - - [01/Aug/2026:15:12:28 -0600] "POST /wp-cron.php?doing_wp_cron=1785618748.0899679660797119140625 HTTP/1.1" 200 - "-" "WordPress/7.0.2; https://nrfwomencouncil.org"
52.167.144.163 - - [01/Aug/2026:15:12:27 -0600] "GET /wp-sitemap-posts-post-1.xml HTTP/1.1" 200 334 "-" "Mozilla/5.0 AppleWebKit/537.36 (KHTML, like Gecko; compatible; bingbot/2.0; +http://www.bing.com/bingbot.htm) Chrome/116.0.1938.76 Safari/537.36"
64.23.136.194 - - [01/Aug/2026:15:13:31 -0600] "GET / HTTP/1.1" 200 62762 "-" "Mozilla/5.0 (X11; Linux x86_64; rv:142.0) Gecko/20100101 Firefox/142.0"
64.23.136.194 - - [01/Aug/2026:15:13:32 -0600] "GET /wp-content/uploads/2023/03/cropped-cropped-Banner-03-1-32x32.png HTTP/1.1" 200 2337 "https://nrfwomencouncil.org/" "Mozilla/5.0 (X11; Linux x86_64; rv:142.0) Gecko/20100101 Firefox/142.0"
162.240.68.55 - - [01/Aug/2026:15:16:45 -0600] "POST /wp-cron.php?doing_wp_cron=1785619005.9715659618377685546875 HTTP/1.1" 200 - "-" "WordPress/7.0.2; https://nrfwomencouncil.org"
57.141.18.51 - - [01/Aug/2026:15:16:45 -0600] "GET /portfolio/ancient-roman-sculpture-5/ HTTP/1.1" 200 39433 "-" "Mozilla/5.0 (X11; Linux x86_64) AppleWebKit/537.36 (KHTML, like Gecko) Chrome/145.0.0.0 Safari/537.36 (compatible; meta-externalagent/1.1 (+https://developers.facebook.com/docs/sharing/webmasters/crawler))"
162.240.68.55 - - [01/Aug/2026:15:26:39 -0600] "POST /wp-cron.php?doing_wp_cron=1785619599.5615220069885253906250 HTTP/1.1" 200 - "-" "WordPress/7.0.2; https://nrfwomencouncil.org"
20.199.181.219 - - [01/Aug/2026:15:26:38 -0600] "GET /majalahpro-core/lib/index.php HTTP/1.1" 301 - "-" "Mozilla/5.0 (Windows NT 10.0; Win64; x64) AppleWebKit/537.36 (KHTML, like Gecko) Chrome/120.0.0.0 Safari/537.36"
20.199.181.219 - - [01/Aug/2026:15:26:40 -0600] "GET /majalahpro-core/widgets/index.php HTTP/1.1" 301 - "-" "Mozilla/5.0 (Windows NT 10.0; Win64; x64) AppleWebKit/537.36 (KHTML, like Gecko) Chrome/120.0.0.0 Safari/537.36"
20.199.181.219 - - [01/Aug/2026:15:26:41 -0600] "GET /makeasmtp.php HTTP/1.1" 404 37150 "-" "Mozilla/5.0 (Windows NT 10.0; Win64; x64) AppleWebKit/537.36 (KHTML, like Gecko) Chrome/120.0.0.0 Safari/537.36"
20.199.181.219 - - [01/Aug/2026:15:26:42 -0600] "GET /makesmtp.php HTTP/1.1" 404 37150 "-" "Mozilla/5.0 (Windows NT 10.0; Win64; x64) AppleWebKit/537.36 (KHTML, like Gecko) Chrome/120.0.0.0 Safari/537.36"
20.199.181.219 - - [01/Aug/2026:15:26:43 -0600] "GET /man.php HTTP/1.1" 404 37150 "-" "Mozilla/5.0 (Windows NT 10.0; Win64; x64) AppleWebKit/537.36 (KHTML, like Gecko) Chrome/120.0.0.0 Safari/537.36"
20.199.181.219 - - [01/Aug/2026:15:26:44 -0600] "GET /manager.php HTTP/1.1" 404 37150 "-" "Mozilla/5.0 (Windows NT 10.0; Win64; x64) AppleWebKit/537.36 (KHTML, like Gecko) Chrome/120.0.0.0 Safari/537.36"
20.199.181.219 - - [01/Aug/2026:15:26:45 -0600] "GET /mango.php HTTP/1.1" 404 37150 "-" "Mozilla/5.0 (Windows NT 10.0; Win64; x64) AppleWebKit/537.36 (KHTML, like Gecko) Chrome/120.0.0.0 Safari/537.36"
20.199.181.219 - - [01/Aug/2026:15:26:47 -0600] "GET /mani.php HTTP/1.1" 404 37150 "-" "Mozilla/5.0 (Windows NT 10.0; Win64; x64) AppleWebKit/537.36 (KHTML, like Gecko) Chrome/120.0.0.0 Safari/537.36"
20.199.181.219 - - [01/Aug/2026:15:26:48 -0600] "GET /mar.php HTTP/1.1" 404 37150 "-" "Mozilla/5.0 (Windows NT 10.0; Win64; x64) AppleWebKit/537.36 (KHTML, like Gecko) Chrome/120.0.0.0 Safari/537.36"
20.199.181.219 - - [01/Aug/2026:15:26:49 -0600] "GET /mari.php HTTP/1.1" 404 37150 "-" "Mozilla/5.0 (Windows NT 10.0; Win64; x64) AppleWebKit/537.36 (KHTML, like Gecko) Chrome/120.0.0.0 Safari/537.36"
20.199.181.219 - - [01/Aug/2026:15:26:50 -0600] "GET /mariju.php HTTP/1.1" 404 37150 "-" "Mozilla/5.0 (Windows NT 10.0; Win64; x64) AppleWebKit/537.36 (KHTML, like Gecko) Chrome/120.0.0.0 Safari/537.36"
20.199.181.219 - - [01/Aug/2026:15:26:51 -0600] "GET /marijuana.php HTTP/1.1" 404 37150 "-" "Mozilla/5.0 (Windows NT 10.0; Win64; x64) AppleWebKit/537.36 (KHTML, like Gecko) Chrome/120.0.0.0 Safari/537.36"
20.199.181.219 - - [01/Aug/2026:15:26:52 -0600] "GET /maro.php HTTP/1.1" 404 37150 "-" "Mozilla/5.0 (Windows NT 10.0; Win64; x64) AppleWebKit/537.36 (KHTML, like Gecko) Chrome/120.0.0.0 Safari/537.36"
20.199.181.219 - - [01/Aug/2026:15:26:53 -0600] "GET /marsvf.php HTTP/1.1" 404 37150 "-" "Mozilla/5.0 (Windows NT 10.0; Win64; x64) AppleWebKit/537.36 (KHTML, like Gecko) Chrome/120.0.0.0 Safari/537.36"
20.199.181.219 - - [01/Aug/2026:15:26:54 -0600] "GET /mas.php HTTP/1.1" 404 37150 "-" "Mozilla/5.0 (Windows NT 10.0; Win64; x64) AppleWebKit/537.36 (KHTML, like Gecko) Chrome/120.0.0.0 Safari/537.36"
20.199.181.219 - - [01/Aug/2026:15:26:55 -0600] "GET /masshp.php HTTP/1.1" 404 37150 "-" "Mozilla/5.0 (Windows NT 10.0; Win64; x64) AppleWebKit/537.36 (KHTML, like Gecko) Chrome/120.0.0.0 Safari/537.36"
162.240.68.55 - - [01/Aug/2026:15:26:57 -0600] "POST /wp-cron.php?doing_wp_cron=1785619617.8889460563659667968750 HTTP/1.1" 200 - "-" "WordPress/7.0.2; https://nrfwomencouncil.org"
20.199.181.219 - - [01/Aug/2026:15:26:57 -0600] "GET /masterx/wpx.php HTTP/1.1" 404 37150 "-" "Mozilla/5.0 (Windows NT 10.0; Win64; x64) AppleWebKit/537.36 (KHTML, like Gecko) Chrome/120.0.0.0 Safari/537.36"
20.199.181.219 - - [01/Aug/2026:15:26:58 -0600] "GET /matamu.php HTTP/1.1" 404 37150 "-" "Mozilla/5.0 (Windows NT 10.0; Win64; x64) AppleWebKit/537.36 (KHTML, like Gecko) Chrome/120.0.0.0 Safari/537.36"
20.199.181.219 - - [01/Aug/2026:15:27:00 -0600] "GET /maul.php HTTP/1.1" 404 37150 "-" "Mozilla/5.0 (Windows NT 10.0; Win64; x64) AppleWebKit/537.36 (KHTML, like Gecko) Chrome/120.0.0.0 Safari/537.36"
20.199.181.219 - - [01/Aug/2026:15:27:01 -0600] "GET /maw.php HTTP/1.1" 404 37150 "-" "Mozilla/5.0 (Windows NT 10.0; Win64; x64) AppleWebKit/537.36 (KHTML, like Gecko) Chrome/120.0.0.0 Safari/537.36"
20.199.181.219 - - [01/Aug/2026:15:27:02 -0600] "GET /max.php HTTP/1.1" 404 37150 "-" "Mozilla/5.0 (Windows NT 10.0; Win64; x64) AppleWebKit/537.36 (KHTML, like Gecko) Chrome/120.0.0.0 Safari/537.36"
20.199.181.219 - - [01/Aug/2026:15:27:03 -0600] "GET /mbt.php HTTP/1.1" 404 37150 "-" "Mozilla/5.0 (Windows NT 10.0; Win64; x64) AppleWebKit/537.36 (KHTML, like Gecko) Chrome/120.0.0.0 Safari/537.36"
20.199.181.219 - - [01/Aug/2026:15:27:04 -0600] "GET /mcc.php HTTP/1.1" 404 37150 "-" "Mozilla/5.0 (Windows NT 10.0; Win64; x64) AppleWebKit/537.36 (KHTML, like Gecko) Chrome/120.0.0.0 Safari/537.36"
20.199.181.219 - - [01/Aug/2026:15:27:05 -0600] "GET /mclash.php HTTP/1.1" 404 37150 "-" "Mozilla/5.0 (Windows NT 10.0; Win64; x64) AppleWebKit/537.36 (KHTML, like Gecko) Chrome/120.0.0.0 Safari/537.36"
20.199.181.219 - - [01/Aug/2026:15:27:06 -0600] "GET /media-admin.php HTTP/1.1" 404 37150 "-" "Mozilla/5.0 (Windows NT 10.0; Win64; x64) AppleWebKit/537.36 (KHTML, like Gecko) Chrome/120.0.0.0 Safari/537.36"
20.199.181.219 - - [01/Aug/2026:15:27:08 -0600] "GET /media-new.php HTTP/1.1" 404 37150 "-" "Mozilla/5.0 (Windows NT 10.0; Win64; x64) AppleWebKit/537.36 (KHTML, like Gecko) Chrome/120.0.0.0 Safari/537.36"
20.199.181.219 - - [01/Aug/2026:15:27:09 -0600] "GET /media.php HTTP/1.1" 404 37150 "-" "Mozilla/5.0 (Windows NT 10.0; Win64; x64) AppleWebKit/537.36 (KHTML, like Gecko) Chrome/120.0.0.0 Safari/537.36"
20.199.181.219 - - [01/Aug/2026:15:27:10 -0600] "GET /media.php.INFECTED.php HTTP/1.1" 404 37150 "-" "Mozilla/5.0 (Windows NT 10.0; Win64; x64) AppleWebKit/537.36 (KHTML, like Gecko) Chrome/120.0.0.0 Safari/537.36"
20.199.181.219 - - [01/Aug/2026:15:27:11 -0600] "GET /media/about.php HTTP/1.1" 404 37150 "-" "Mozilla/5.0 (Windows NT 10.0; Win64; x64) AppleWebKit/537.36 (KHTML, like Gecko) Chrome/120.0.0.0 Safari/537.36"
20.199.181.219 - - [01/Aug/2026:15:27:12 -0600] "GET /media/alfa-rex.php HTTP/1.1" 404 37150 "-" "Mozilla/5.0 (Windows NT 10.0; Win64; x64) AppleWebKit/537.36 (KHTML, like Gecko) Chrome/120.0.0.0 Safari/537.36"
20.199.181.219 - - [01/Aug/2026:15:27:13 -0600] "GET /media/dog.php HTTP/1.1" 404 37150 "-" "Mozilla/5.0 (Windows NT 10.0; Win64; x64) AppleWebKit/537.36 (KHTML, like Gecko) Chrome/120.0.0.0 Safari/537.36"
20.199.181.219 - - [01/Aug/2026:15:27:14 -0600] "GET /media/index.php HTTP/1.1" 301 - "-" "Mozilla/5.0 (Windows NT 10.0; Win64; x64) AppleWebKit/537.36 (KHTML, like Gecko) Chrome/120.0.0.0 Safari/537.36"
20.199.181.219 - - [01/Aug/2026:15:27:15 -0600] "GET /media/priv.php HTTP/1.1" 404 37150 "-" "Mozilla/5.0 (Windows NT 10.0; Win64; x64) AppleWebKit/537.36 (KHTML, like Gecko) Chrome/120.0.0.0 Safari/537.36"
20.199.181.219 - - [01/Aug/2026:15:27:16 -0600] "GET /media/wp-login.php HTTP/1.1" 404 37150 "-" "Mozilla/5.0 (Windows NT 10.0; Win64; x64) AppleWebKit/537.36 (KHTML, like Gecko) Chrome/120.0.0.0 Safari/537.36"
20.199.181.219 - - [01/Aug/2026:15:27:17 -0600] "GET /mediaadmin.php HTTP/1.1" 404 37150 "-" "Mozilla/5.0 (Windows NT 10.0; Win64; x64) AppleWebKit/537.36 (KHTML, like Gecko) Chrome/120.0.0.0 Safari/537.36"
20.199.181.219 - - [01/Aug/2026:15:27:18 -0600] "GET /mediaalfa.php HTTP/1.1" 404 37150 "-" "Mozilla/5.0 (Windows NT 10.0; Win64; x64) AppleWebKit/537.36 (KHTML, like Gecko) Chrome/120.0.0.0 Safari/537.36"
20.199.181.219 - - [01/Aug/2026:15:27:19 -0600] "GET /mediabypass.php HTTP/1.1" 404 37150 "-" "Mozilla/5.0 (Windows NT 10.0; Win64; x64) AppleWebKit/537.36 (KHTML, like Gecko) Chrome/120.0.0.0 Safari/537.36"
20.199.181.219 - - [01/Aug/2026:15:27:21 -0600] "GET /mediak.php HTTP/1.1" 404 37150 "-" "Mozilla/5.0 (Windows NT 10.0; Win64; x64) AppleWebKit/537.36 (KHTML, like Gecko) Chrome/120.0.0.0 Safari/537.36"
20.199.181.219 - - [01/Aug/2026:15:27:22 -0600] "GET /mediawp.php HTTP/1.1" 404 37150 "-" "Mozilla/5.0 (Windows NT 10.0; Win64; x64) AppleWebKit/537.36 (KHTML, like Gecko) Chrome/120.0.0.0 Safari/537.36"
20.199.181.219 - - [01/Aug/2026:15:27:23 -0600] "GET /mega.php HTTP/1.1" 404 37150 "-" "Mozilla/5.0 (Windows NT 10.0; Win64; x64) AppleWebKit/537.36 (KHTML, like Gecko) Chrome/120.0.0.0 Safari/537.36"
162.240.68.55 - - [01/Aug/2026:15:32:51 -0600] "POST /wp-cron.php?doing_wp_cron=1785619971.2467620372772216796875 HTTP/1.1" 200 - "-" "WordPress/7.0.2; https://nrfwomencouncil.org"
148.113.130.179 - - [01/Aug/2026:15:32:50 -0600] "GET /wp-sitemap.xml HTTP/1.1" 200 1484 "-" "Mozilla/5.0 (compatible; AhrefsBot/7.0; +http://ahrefs.com/robot/)"
142.44.233.1 - - [01/Aug/2026:15:32:55 -0600] "GET /wp-sitemap-posts-post-1.xml HTTP/1.1" 200 334 "-" "Mozilla/5.0 (compatible; AhrefsBot/7.0; +http://ahrefs.com/robot/)"
162.240.68.55 - - [01/Aug/2026:15:32:57 -0600] "POST /wp-cron.php?doing_wp_cron=1785619977.8334329128265380859375 HTTP/1.1" 200 - "-" "WordPress/7.0.2; https://nrfwomencouncil.org"
142.44.233.186 - - [01/Aug/2026:15:32:57 -0600] "GET /wp-sitemap-posts-page-1.xml HTTP/1.1" 200 927 "-" "Mozilla/5.0 (compatible; AhrefsBot/7.0; +http://ahrefs.com/robot/)"
54.39.89.44 - - [01/Aug/2026:15:32:59 -0600] "GET /wp-sitemap-posts-portfolio-1.xml HTTP/1.1" 200 3871 "-" "Mozilla/5.0 (compatible; AhrefsBot/7.0; +http://ahrefs.com/robot/)"
15.235.27.14 - - [01/Aug/2026:15:33:02 -0600] "GET /wp-sitemap-posts-team-1.xml HTTP/1.1" 200 1564 "-" "Mozilla/5.0 (compatible; AhrefsBot/7.0; +http://ahrefs.com/robot/)"
54.39.0.153 - - [01/Aug/2026:15:33:04 -0600] "GET /wp-sitemap-posts-testimonials-1.xml HTTP/1.1" 200 924 "-" "Mozilla/5.0 (compatible; AhrefsBot/7.0; +http://ahrefs.com/robot/)"
51.222.168.238 - - [01/Aug/2026:15:33:10 -0600] "GET /wp-sitemap-posts-service-1.xml HTTP/1.1" 200 670 "-" "Mozilla/5.0 (compatible; AhrefsBot/7.0; +http://ahrefs.com/robot/)"
15.235.27.207 - - [01/Aug/2026:15:33:12 -0600] "GET /wp-sitemap-posts-department-1.xml HTTP/1.1" 200 3668 "-" "Mozilla/5.0 (compatible; AhrefsBot/7.0; +http://ahrefs.com/robot/)"
162.240.68.55 - - [01/Aug/2026:15:35:31 -0600] "POST /wp-cron.php?doing_wp_cron=1785620131.7493999004364013671875 HTTP/1.1" 200 - "-" "WordPress/7.0.2; https://nrfwomencouncil.org"
167.114.139.248 - - [01/Aug/2026:15:35:30 -0600] "GET /events/2025-03-25/ HTTP/1.1" 200 70004 "-" "Mozilla/5.0 (compatible; AhrefsBot/7.0; +http://ahrefs.com/robot/)"
162.240.68.55 - - [01/Aug/2026:15:37:58 -0600] "POST /wp-cron.php?doing_wp_cron=1785620278.6376469135284423828125 HTTP/1.1" 200 - "-" "WordPress/7.0.2; https://nrfwomencouncil.org"
54.39.0.196 - - [01/Aug/2026:15:37:57 -0600] "GET /events/2024-06-28/ HTTP/1.1" 200 70002 "-" "Mozilla/5.0 (compatible; AhrefsBot/7.0; +http://ahrefs.com/robot/)"
162.240.68.55 - - [01/Aug/2026:15:45:16 -0600] "POST /wp-cron.php?doing_wp_cron=1785620716.0863490104675292968750 HTTP/1.1" 200 - "-" "WordPress/7.0.2; https://nrfwomencouncil.org"
57.141.18.29 - - [01/Aug/2026:15:45:15 -0600] "GET /sitemap.xml HTTP/1.1" 301 - "-" "Mozilla/5.0 (Windows NT 10.0; Win64; x64) AppleWebKit/537.36 (KHTML, like Gecko) Chrome/145.0.0.0 Safari/537.36 (compatible; meta-externalagent/1.1 (+https://developers.facebook.com/docs/sharing/webmasters/crawler))"
57.141.18.43 - - [01/Aug/2026:15:45:18 -0600] "GET /wp-sitemap.xml HTTP/1.1" 200 1484 "-" "Mozilla/5.0 (Windows NT 10.0; Win64; x64) AppleWebKit/537.36 (KHTML, like Gecko) Chrome/145.0.0.0 Safari/537.36 (compatible; meta-externalagent/1.1 (+https://developers.facebook.com/docs/sharing/webmasters/crawler))"
57.141.18.32 - - [01/Aug/2026:15:51:37 -0600] "GET /department/park-recreation/ HTTP/1.1" 200 39679 "-" "Mozilla/5.0 (Windows NT 10.0; Win64; x64) AppleWebKit/537.36 (KHTML, like Gecko) Chrome/145.0.0.0 Safari/537.36 (compatible; meta-externalagent/1.1 (+https://developers.facebook.com/docs/sharing/webmasters/crawler))"
162.240.68.55 - - [01/Aug/2026:15:51:37 -0600] "POST /wp-cron.php?doing_wp_cron=1785621097.8661749362945556640625 HTTP/1.1" 200 - "-" "WordPress/7.0.2; https://nrfwomencouncil.org"
162.240.68.55 - - [01/Aug/2026:16:06:00 -0600] "POST /wp-cron.php?doing_wp_cron=1785621960.5215010643005371093750 HTTP/1.1" 200 - "-" "WordPress/7.0.2; https://nrfwomencouncil.org"
51.222.168.4 - - [01/Aug/2026:16:05:59 -0600] "GET /events/2025-11-20/ HTTP/1.1" 200 70012 "-" "Mozilla/5.0 (compatible; AhrefsBot/7.0; +http://ahrefs.com/robot/)"
162.240.68.55 - - [01/Aug/2026:16:10:41 -0600] "POST /wp-cron.php?doing_wp_cron=1785622240.9155390262603759765625 HTTP/1.1" 200 - "-" "WordPress/7.0.2; https://nrfwomencouncil.org"
54.39.89.30 - - [01/Aug/2026:16:10:39 -0600] "GET /events/month/2027-04/ HTTP/1.1" 200 171821 "-" "Mozilla/5.0 (compatible; AhrefsBot/7.0; +http://ahrefs.com/robot/)"
162.240.68.55 - - [01/Aug/2026:16:12:59 -0600] "POST /wp-cron.php?doing_wp_cron=1785622379.0061259269714355468750 HTTP/1.1" 200 - "-" "WordPress/7.0.2; https://nrfwomencouncil.org"
205.169.39.15 - - [01/Aug/2026:16:12:58 -0600] "GET / HTTP/1.1" 301 - "-" "Mozilla/5.0 (Windows NT 10.0) AppleWebKit/537.36 (KHTML, like Gecko) Chrome/106.0.0.0 Safari/537.36"
57.141.18.93 - - [01/Aug/2026:16:27:13 -0600] "GET /faqs/will-the-mayor-send-a-congratulatory-message/ HTTP/1.1" 200 39563 "-" "Mozilla/5.0 (Macintosh; Intel Mac OS X 10_15_7) AppleWebKit/537.36 (KHTML, like Gecko) Chrome/145.0.0.0 Safari/537.36 (compatible; meta-externalagent/1.1 (+https://developers.facebook.com/docs/sharing/webmasters/crawler))"
162.240.68.55 - - [01/Aug/2026:16:32:15 -0600] "POST /wp-cron.php?doing_wp_cron=1785623535.0399270057678222656250 HTTP/1.1" 200 - "-" "WordPress/7.0.2; https://nrfwomencouncil.org"
66.132.195.97 - - [01/Aug/2026:16:32:14 -0600] "GET /wp-json/?_fields=name,description,home,gmt_offset,timezone_string,namespaces HTTP/1.1" 200 346 "-" "Mozilla/5.0 (compatible; CensysInspect/1.1; +https://about.censys.io/)"
162.240.68.55 - - [01/Aug/2026:16:35:08 -0600] "POST /wp-cron.php?doing_wp_cron=1785623708.3509280681610107421875 HTTP/1.1" 200 - "-" "WordPress/7.0.2; https://nrfwomencouncil.org"
52.167.144.213 - - [01/Aug/2026:16:35:07 -0600] "GET /wp-sitemap.xml HTTP/1.1" 200 1484 "-" "Mozilla/5.0 AppleWebKit/537.36 (KHTML, like Gecko; compatible; bingbot/2.0; +http://www.bing.com/bingbot.htm) Chrome/116.0.1938.76 Safari/537.36"
162.240.68.55 - - [01/Aug/2026:16:39:16 -0600] "POST /wp-cron.php?doing_wp_cron=1785623956.5188229084014892578125 HTTP/1.1" 200 - "-" "WordPress/7.0.2; https://nrfwomencouncil.org"
52.167.144.232 - - [01/Aug/2026:16:39:15 -0600] "GET /wp-sitemap-posts-testimonials-1.xml HTTP/1.1" 200 924 "-" "Mozilla/5.0 AppleWebKit/537.36 (KHTML, like Gecko; compatible; bingbot/2.0; +http://www.bing.com/bingbot.htm) Chrome/116.0.1938.76 Safari/537.36"
162.240.68.55 - - [01/Aug/2026:16:42:21 -0600] "POST /wp-cron.php?doing_wp_cron=1785624141.2318439483642578125000 HTTP/1.1" 200 - "-" "WordPress/7.0.2; https://nrfwomencouncil.org"
57.141.18.104 - - [01/Aug/2026:16:42:20 -0600] "GET /wp-sitemap-users-1.xml HTTP/1.1" 200 257 "-" "Mozilla/5.0 (Macintosh; Intel Mac OS X 10_15_7) AppleWebKit/537.36 (KHTML, like Gecko) Chrome/145.0.0.0 Safari/537.36 (compatible; meta-externalagent/1.1 (+https://developers.facebook.com/docs/sharing/webmasters/crawler))"
43.153.122.30 - - [01/Aug/2026:16:46:33 -0600] "GET / HTTP/1.1" 200 62762 "http://nrfwomencouncil.org" "Mozilla/5.0 (iPhone; CPU iPhone OS 13_2_3 like Mac OS X) AppleWebKit/605.1.15 (KHTML, like Gecko) Version/13.0.3 Mobile/15E148 Safari/604.1"
162.240.68.55 - - [01/Aug/2026:16:47:46 -0600] "POST /wp-cron.php?doing_wp_cron=1785624466.4137670993804931640625 HTTP/1.1" 200 - "-" "WordPress/7.0.2; https://nrfwomencouncil.org"
144.76.32.236 - - [01/Aug/2026:16:47:45 -0600] "GET /robots.txt HTTP/1.1" 200 120 "-" "Mozilla/5.0 (compatible; SERankingBacklinksBot/1.0; +https://seranking.com/backlinks-crawler)"
144.76.32.236 - - [01/Aug/2026:16:47:47 -0600] "GET /department/health-medical/ HTTP/1.1" 200 39669 "-" "Mozilla/5.0 (compatible; SERankingBacklinksBot/1.0; +https://seranking.com/backlinks-crawler)"
162.240.68.55 - - [01/Aug/2026:16:48:17 -0600] "POST /wp-cron.php?doing_wp_cron=1785624497.6893930435180664062500 HTTP/1.1" 200 - "-" "WordPress/7.0.2; https://nrfwomencouncil.org"
144.76.32.236 - - [01/Aug/2026:16:48:16 -0600] "GET /department/housing-land-2/ HTTP/1.1" 200 39663 "-" "Mozilla/5.0 (compatible; SERankingBacklinksBot/1.0; +https://seranking.com/backlinks-crawler)"
144.76.32.236 - - [01/Aug/2026:16:48:45 -0600] "GET /department/housing-land-3/ HTTP/1.1" 200 39663 "-" "Mozilla/5.0 (compatible; SERankingBacklinksBot/1.0; +https://seranking.com/backlinks-crawler)"
162.240.68.55 - - [01/Aug/2026:16:49:15 -0600] "POST /wp-cron.php?doing_wp_cron=1785624555.0801389217376708984375 HTTP/1.1" 200 - "-" "WordPress/7.0.2; https://nrfwomencouncil.org"
144.76.32.236 - - [01/Aug/2026:16:49:14 -0600] "GET /department/housing-land-4/ HTTP/1.1" 200 39663 "-" "Mozilla/5.0 (compatible; SERankingBacklinksBot/1.0; +https://seranking.com/backlinks-crawler)"
144.76.32.236 - - [01/Aug/2026:16:49:42 -0600] "GET /department/policing-crime/ HTTP/1.1" 200 39669 "-" "Mozilla/5.0 (compatible; SERankingBacklinksBot/1.0; +https://seranking.com/backlinks-crawler)"
162.240.68.55 - - [01/Aug/2026:16:50:12 -0600] "POST /wp-cron.php?doing_wp_cron=1785624612.1401000022888183593750 HTTP/1.1" 200 - "-" "WordPress/7.0.2; https://nrfwomencouncil.org"
144.76.32.236 - - [01/Aug/2026:16:50:11 -0600] "GET /department/tourism-travel/ HTTP/1.1" 200 39672 "-" "Mozilla/5.0 (compatible; SERankingBacklinksBot/1.0; +https://seranking.com/backlinks-crawler)"
144.76.32.236 - - [01/Aug/2026:16:50:40 -0600] "GET /portfolio/job-expo-2020-2/ HTTP/1.1" 200 39563 "-" "Mozilla/5.0 (compatible; SERankingBacklinksBot/1.0; +https://seranking.com/backlinks-crawler)"
162.240.68.55 - - [01/Aug/2026:16:51:08 -0600] "POST /wp-cron.php?doing_wp_cron=1785624668.4845070838928222656250 HTTP/1.1" 200 - "-" "WordPress/7.0.2; https://nrfwomencouncil.org"
144.76.32.236 - - [01/Aug/2026:16:51:07 -0600] "GET /portfolio/job-expo-2020-3/ HTTP/1.1" 200 39363 "-" "Mozilla/5.0 (compatible; SERankingBacklinksBot/1.0; +https://seranking.com/backlinks-crawler)"
74.7.244.18 - - [01/Aug/2026:16:51:32 -0600] "GET /robots.txt HTTP/1.1" 200 120 "-" "Mozilla/5.0 (Macintosh; Intel Mac OS X 10_15_7) AppleWebKit/537.36 (KHTML, like Gecko) Chrome/131.0.0.0 Safari/537.36; compatible; OAI-SearchBot/1.4; robots.txt; +https://openai.com/searchbot"
144.76.32.236 - - [01/Aug/2026:16:51:36 -0600] "GET /portfolio/parking-clerk-2/ HTTP/1.1" 200 39563 "-" "Mozilla/5.0 (compatible; SERankingBacklinksBot/1.0; +https://seranking.com/backlinks-crawler)"
144.76.32.236 - - [01/Aug/2026:16:52:03 -0600] "GET /portfolio/parking-clerk-3/ HTTP/1.1" 200 39363 "-" "Mozilla/5.0 (compatible; SERankingBacklinksBot/1.0; +https://seranking.com/backlinks-crawler)"
162.240.68.55 - - [01/Aug/2026:16:52:04 -0600] "POST /wp-cron.php?doing_wp_cron=1785624724.5259509086608886718750 HTTP/1.1" 200 - "-" "WordPress/7.0.2; https://nrfwomencouncil.org"
74.7.242.43 - - [01/Aug/2026:16:52:30 -0600] "GET / HTTP/1.1" 200 62762 "https://pudhe.com" "Mozilla/5.0 AppleWebKit/537.36 (KHTML, like Gecko; compatible; GPTBot/1.4; +https://openai.com/gptbot)"
144.76.32.236 - - [01/Aug/2026:16:52:32 -0600] "GET /portfolio/st-james-park-2/ HTTP/1.1" 200 39563 "-" "Mozilla/5.0 (compatible; SERankingBacklinksBot/1.0; +https://seranking.com/backlinks-crawler)"
162.240.68.55 - - [01/Aug/2026:16:53:00 -0600] "POST /wp-cron.php?doing_wp_cron=1785624780.2545599937438964843750 HTTP/1.1" 200 - "-" "WordPress/7.0.2; https://nrfwomencouncil.org"
144.76.32.236 - - [01/Aug/2026:16:52:59 -0600] "GET /portfolio/st-james-park-3/ HTTP/1.1" 200 39563 "-" "Mozilla/5.0 (compatible; SERankingBacklinksBot/1.0; +https://seranking.com/backlinks-crawler)"
144.76.32.236 - - [01/Aug/2026:16:53:27 -0600] "GET /portfolio/tower-of-london/ HTTP/1.1" 200 39566 "-" "Mozilla/5.0 (compatible; SERankingBacklinksBot/1.0; +https://seranking.com/backlinks-crawler)"
144.76.32.236 - - [01/Aug/2026:16:53:54 -0600] "GET /prominent-women/index.html HTTP/1.1" 404 37150 "-" "Mozilla/5.0 (compatible; SERankingBacklinksBot/1.0; +https://seranking.com/backlinks-crawler)"
162.240.68.55 - - [01/Aug/2026:16:58:32 -0600] "POST /wp-cron.php?doing_wp_cron=1785625112.3818390369415283203125 HTTP/1.1" 200 - "-" "WordPress/7.0.2; https://nrfwomencouncil.org"
40.77.167.2 - - [01/Aug/2026:16:58:31 -0600] "GET /team/herman-gordon-2/index.html HTTP/1.1" 404 37150 "-" "Mozilla/5.0 AppleWebKit/537.36 (KHTML, like Gecko; compatible; bingbot/2.0; +http://www.bing.com/bingbot.htm) Chrome/116.0.1938.76 Safari/537.36"
162.240.68.55 - - [01/Aug/2026:17:05:10 -0600] "POST /wp-cron.php?doing_wp_cron=1785625510.6939680576324462890625 HTTP/1.1" 200 - "-" "WordPress/7.0.2; https://nrfwomencouncil.org"
57.141.18.0 - - [01/Aug/2026:17:05:09 -0600] "GET /department/housing-land-3/ HTTP/1.1" 200 39663 "-" "Mozilla/5.0 (Windows NT 10.0; Win64; x64) AppleWebKit/537.36 (KHTML, like Gecko) Chrome/145.0.0.0 Safari/537.36 (compatible; meta-externalagent/1.1 (+https://developers.facebook.com/docs/sharing/webmasters/crawler))"
162.240.68.55 - - [01/Aug/2026:17:09:26 -0600] "POST /wp-cron.php?doing_wp_cron=1785625766.8268289566040039062500 HTTP/1.1" 200 - "-" "WordPress/7.0.2; https://nrfwomencouncil.org"
74.7.242.43 - - [01/Aug/2026:17:09:26 -0600] "GET /wp-sitemap.xml HTTP/1.1" 200 1484 "-" "Mozilla/5.0 AppleWebKit/537.36 (KHTML, like Gecko; compatible; GPTBot/1.4; +https://openai.com/gptbot)"
162.240.68.55 - - [01/Aug/2026:17:10:12 -0600] "POST /wp-cron.php?doing_wp_cron=1785625812.6630160808563232421875 HTTP/1.1" 200 - "-" "WordPress/7.0.2; https://nrfwomencouncil.org"
51.68.247.218 - - [01/Aug/2026:17:10:11 -0600] "GET /robots.txt HTTP/1.1" 200 120 "-" "Mozilla/5.0 (compatible; AhrefsBot/7.0; +http://ahrefs.com/robot/)"
54.39.89.160 - - [01/Aug/2026:17:10:14 -0600] "GET /wp-sitemap.xml HTTP/1.1" 200 1484 "-" "Mozilla/5.0 (compatible; AhrefsBot/7.0; +http://ahrefs.com/robot/)"
54.39.136.230 - - [01/Aug/2026:17:10:18 -0600] "GET /wp-sitemap-posts-post-1.xml HTTP/1.1" 200 334 "-" "Mozilla/5.0 (compatible; AhrefsBot/7.0; +http://ahrefs.com/robot/)"
142.44.228.176 - - [01/Aug/2026:17:10:20 -0600] "GET /wp-sitemap-posts-page-1.xml HTTP/1.1" 200 927 "-" "Mozilla/5.0 (compatible; AhrefsBot/7.0; +http://ahrefs.com/robot/)"
51.161.37.176 - - [01/Aug/2026:17:10:22 -0600] "GET /wp-sitemap-posts-portfolio-1.xml HTTP/1.1" 200 3871 "-" "Mozilla/5.0 (compatible; AhrefsBot/7.0; +http://ahrefs.com/robot/)"
142.44.225.50 - - [01/Aug/2026:17:10:26 -0600] "GET /wp-sitemap-posts-team-1.xml HTTP/1.1" 200 1564 "-" "Mozilla/5.0 (compatible; AhrefsBot/7.0; +http://ahrefs.com/robot/)"
54.39.89.128 - - [01/Aug/2026:17:10:28 -0600] "GET /wp-sitemap-posts-testimonials-1.xml HTTP/1.1" 200 924 "-" "Mozilla/5.0 (compatible; AhrefsBot/7.0; +http://ahrefs.com/robot/)"
148.113.128.55 - - [01/Aug/2026:17:10:31 -0600] "GET /wp-sitemap-posts-service-1.xml HTTP/1.1" 200 670 "-" "Mozilla/5.0 (compatible; AhrefsBot/7.0; +http://ahrefs.com/robot/)"
15.235.27.80 - - [01/Aug/2026:17:10:33 -0600] "GET /wp-sitemap-posts-department-1.xml HTTP/1.1" 200 3668 "-" "Mozilla/5.0 (compatible; AhrefsBot/7.0; +http://ahrefs.com/robot/)"
51.161.37.144 - - [01/Aug/2026:17:10:36 -0600] "GET /wp-sitemap-posts-faqs-1.xml HTTP/1.1" 200 1886 "-" "Mozilla/5.0 (compatible; AhrefsBot/7.0; +http://ahrefs.com/robot/)"
15.235.98.207 - - [01/Aug/2026:17:10:40 -0600] "GET /wp-sitemap-taxonomies-category-1.xml HTTP/1.1" 200 333 "-" "Mozilla/5.0 (compatible; AhrefsBot/7.0; +http://ahrefs.com/robot/)"
142.44.233.187 - - [01/Aug/2026:17:10:42 -0600] "GET /wp-sitemap-taxonomies-service_cat-1.xml HTTP/1.1" 200 269 "-" "Mozilla/5.0 (compatible; AhrefsBot/7.0; +http://ahrefs.com/robot/)"
142.44.228.3 - - [01/Aug/2026:17:10:45 -0600] "GET /wp-sitemap-taxonomies-testimonials_cat-1.xml HTTP/1.1" 200 361 "-" "Mozilla/5.0 (compatible; AhrefsBot/7.0; +http://ahrefs.com/robot/)"
54.39.89.81 - - [01/Aug/2026:17:10:47 -0600] "GET /wp-sitemap-taxonomies-team_cat-1.xml HTTP/1.1" 200 262 "-" "Mozilla/5.0 (compatible; AhrefsBot/7.0; +http://ahrefs.com/robot/)"
54.39.210.170 - - [01/Aug/2026:17:10:49 -0600] "GET /wp-sitemap-taxonomies-tribe_events_cat-1.xml HTTP/1.1" 200 423 "-" "Mozilla/5.0 (compatible; AhrefsBot/7.0; +http://ahrefs.com/robot/)"
51.222.168.110 - - [01/Aug/2026:17:10:51 -0600] "GET /wp-sitemap-users-1.xml HTTP/1.1" 200 257 "-" "Mozilla/5.0 (compatible; AhrefsBot/7.0; +http://ahrefs.com/robot/)"
162.240.68.55 - - [01/Aug/2026:17:12:57 -0600] "POST /wp-cron.php?doing_wp_cron=1785625977.5918779373168945312500 HTTP/1.1" 200 - "-" "WordPress/7.0.2; https://nrfwomencouncil.org"
45.33.110.44 - - [01/Aug/2026:17:12:56 -0600] "GET / HTTP/1.1" 200 62762 "-" "Mozilla/5.0 (Windows NT 10.0; Win64; x64) AppleWebKit/537.36 (KHTML, like Gecko) Chrome/120.0.0.0 Safari/537.36"
45.33.110.44 - - [01/Aug/2026:17:12:58 -0600] "HEAD /wp-includes/js/wp-emoji.js HTTP/1.1" 200 - "-" "Mozilla/5.0 CMS-Detector/1.0"
45.33.110.44 - - [01/Aug/2026:17:12:58 -0600] "HEAD /register HTTP/1.1" 404 - "-" "Mozilla/5.0 CMS-Detector/1.0"
45.33.110.44 - - [01/Aug/2026:17:12:58 -0600] "HEAD /_ignition/health-check HTTP/1.1" 404 - "-" "Mozilla/5.0 CMS-Detector/1.0"
45.33.110.44 - - [01/Aug/2026:17:12:58 -0600] "HEAD /wp-login.php HTTP/1.1" 200 - "-" "Mozilla/5.0 CMS-Detector/1.0"
45.33.110.44 - - [01/Aug/2026:17:12:58 -0600] "HEAD /media/jui/js/jquery.min.js HTTP/1.1" 404 - "-" "Mozilla/5.0 CMS-Detector/1.0"
45.33.110.44 - - [01/Aug/2026:17:12:58 -0600] "HEAD /wp-admin/ HTTP/1.1" 302 - "-" "Mozilla/5.0 CMS-Detector/1.0"
45.33.110.44 - - [01/Aug/2026:17:12:58 -0600] "HEAD /_next/webpack-hmr HTTP/1.1" 404 - "-" "Mozilla/5.0 CMS-Detector/1.0"
45.33.110.44 - - [01/Aug/2026:17:12:58 -0600] "HEAD /components/ HTTP/1.1" 404 - "-" "Mozilla/5.0 CMS-Detector/1.0"
45.33.110.44 - - [01/Aug/2026:17:12:58 -0600] "HEAD /_next/static/ HTTP/1.1" 404 - "-" "Mozilla/5.0 CMS-Detector/1.0"
45.33.110.44 - - [01/Aug/2026:17:12:58 -0600] "HEAD /login HTTP/1.1" 302 - "-" "Mozilla/5.0 CMS-Detector/1.0"
45.33.110.44 - - [01/Aug/2026:17:12:58 -0600] "HEAD /administrator/ HTTP/1.1" 404 - "-" "Mozilla/5.0 CMS-Detector/1.0"
45.33.110.44 - - [01/Aug/2026:17:13:03 -0600] "HEAD /wp-login.php?redirect_to=https%3A%2F%2Fnrfwomencouncil.org%2Fwp-admin%2F&reauth=1 HTTP/1.1" 200 - "https://nrfwomencouncil.org/wp-admin/" "Mozilla/5.0 CMS-Detector/1.0"
45.33.110.44 - - [01/Aug/2026:17:13:03 -0600] "HEAD /wp-login.php HTTP/1.1" 200 - "https://nrfwomencouncil.org/login" "Mozilla/5.0 CMS-Detector/1.0"
49.234.192.248 - - [01/Aug/2026:17:27:43 -0600] "GET / HTTP/1.1" 200 62762 "http://nrfwomencouncil.org" "Mozilla/5.0 (iPhone; CPU iPhone OS 13_2_3 like Mac OS X) AppleWebKit/605.1.15 (KHTML, like Gecko) Version/13.0.3 Mobile/15E148 Safari/604.1"
57.141.18.51 - - [01/Aug/2026:17:27:49 -0600] "GET /news/ HTTP/1.1" 200 38179 "-" "Mozilla/5.0 (Windows NT 10.0; Win64; x64) AppleWebKit/537.36 (KHTML, like Gecko) Chrome/145.0.0.0 Safari/537.36 (compatible; meta-externalagent/1.1 (+https://developers.facebook.com/docs/sharing/webmasters/crawler))"
162.240.68.55 - - [01/Aug/2026:17:33:30 -0600] "POST /wp-cron.php?doing_wp_cron=1785627210.9260509014129638671875 HTTP/1.1" 200 - "-" "WordPress/7.0.2; https://nrfwomencouncil.org"
15.235.98.185 - - [01/Aug/2026:17:33:29 -0600] "GET /events/2025-04-23/ HTTP/1.1" 200 70004 "-" "Mozilla/5.0 (compatible; AhrefsBot/7.0; +http://ahrefs.com/robot/)"
162.240.68.55 - - [01/Aug/2026:17:37:53 -0600] "POST /wp-cron.php?doing_wp_cron=1785627473.2467560768127441406250 HTTP/1.1" 200 - "-" "WordPress/7.0.2; https://nrfwomencouncil.org"
51.222.168.230 - - [01/Aug/2026:17:37:52 -0600] "GET /events/2024-06-28/index.html HTTP/1.1" 404 37150 "-" "Mozilla/5.0 (compatible; AhrefsBot/7.0; +http://ahrefs.com/robot/)"
162.240.68.55 - - [01/Aug/2026:17:38:44 -0600] "POST /wp-cron.php?doing_wp_cron=1785627524.1554660797119140625000 HTTP/1.1" 200 - "-" "WordPress/7.0.2; https://nrfwomencouncil.org"
157.230.8.64 - - [01/Aug/2026:17:38:43 -0600] "GET /wp-json/ HTTP/1.1" 200 293762 "-" "Mozilla/5.0 (X11; Linux x86_64) AppleWebKit/537.36 (KHTML, like Gecko) Chrome/126.0.0.0 Safari/537.36"
157.230.8.64 - - [01/Aug/2026:17:38:45 -0600] "GET /?rest_route=/ HTTP/1.1" 200 293762 "-" "Mozilla/5.0 (X11; Linux x86_64) AppleWebKit/537.36 (KHTML, like Gecko) Chrome/126.0.0.0 Safari/537.36"
157.230.8.64 - - [01/Aug/2026:17:38:46 -0600] "GET /feed/ HTTP/1.1" 200 8454 "-" "Mozilla/5.0 (X11; Linux x86_64) AppleWebKit/537.36 (KHTML, like Gecko) Chrome/126.0.0.0 Safari/537.36"
157.230.8.64 - - [01/Aug/2026:17:38:47 -0600] "POST /wp-json/batch/v1 HTTP/1.1" 207 16 "-" "Mozilla/5.0 (X11; Linux x86_64) AppleWebKit/537.36 (KHTML, like Gecko) Chrome/126.0.0.0 Safari/537.36"
157.230.8.64 - - [01/Aug/2026:17:38:48 -0600] "POST /wp-json/batch/v1 HTTP/1.1" 207 16 "-" "Mozilla/5.0 (X11; Linux x86_64) AppleWebKit/537.36 (KHTML, like Gecko) Chrome/126.0.0.0 Safari/537.36"
157.230.8.64 - - [01/Aug/2026:17:38:49 -0600] "POST /wp-json/batch/v1 HTTP/1.1" 207 634 "-" "Mozilla/5.0 (X11; Linux x86_64) AppleWebKit/537.36 (KHTML, like Gecko) Chrome/126.0.0.0 Safari/537.36"
157.230.8.64 - - [01/Aug/2026:17:38:50 -0600] "POST /wp-json/batch/v1 HTTP/1.1" 207 478 "-" "Mozilla/5.0 (X11; Linux x86_64) AppleWebKit/537.36 (KHTML, like Gecko) Chrome/126.0.0.0 Safari/537.36"
157.230.8.64 - - [01/Aug/2026:17:38:51 -0600] "POST /wp-json/batch/v1 HTTP/1.1" 207 478 "-" "Mozilla/5.0 (X11; Linux x86_64) AppleWebKit/537.36 (KHTML, like Gecko) Chrome/126.0.0.0 Safari/537.36"
157.230.8.64 - - [01/Aug/2026:17:38:52 -0600] "POST /wp-json/batch/v1 HTTP/1.1" 207 478 "-" "Mozilla/5.0 (X11; Linux x86_64) AppleWebKit/537.36 (KHTML, like Gecko) Chrome/126.0.0.0 Safari/537.36"
101.32.52.164 - - [01/Aug/2026:17:42:24 -0600] "GET / HTTP/1.1" 200 62762 "http://www.nrfwomencouncil.org" "Mozilla/5.0 (iPhone; CPU iPhone OS 13_2_3 like Mac OS X) AppleWebKit/605.1.15 (KHTML, like Gecko) Version/13.0.3 Mobile/15E148 Safari/604.1"
162.240.68.55 - - [01/Aug/2026:17:51:30 -0600] "POST /wp-cron.php?doing_wp_cron=1785628290.7553710937500000000000 HTTP/1.1" 200 - "-" "WordPress/7.0.2; https://nrfwomencouncil.org"
69.171.231.5 - - [01/Aug/2026:17:51:29 -0600] "GET /robots.txt HTTP/1.1" 200 120 "-" "facebookexternalhit/1.1 (+http://www.facebook.com/externalhit_uatext.php)"
69.171.231.25 - - [01/Aug/2026:17:51:31 -0600] "GET /robots.txt HTTP/1.1" 200 120 "-" "facebookexternalhit/1.1 (+http://www.facebook.com/externalhit_uatext.php)"
69.171.231.28 - - [01/Aug/2026:17:51:31 -0600] "GET /robots.txt HTTP/1.1" 200 120 "-" "facebookexternalhit/1.1 (+http://www.facebook.com/externalhit_uatext.php)"
69.171.230.40 - - [01/Aug/2026:17:54:07 -0600] "GET /robots.txt HTTP/1.1" 200 120 "-" "facebookexternalhit/1.1 (+http://www.facebook.com/externalhit_uatext.php)"
162.240.68.55 - - [01/Aug/2026:17:54:08 -0600] "POST /wp-cron.php?doing_wp_cron=1785628448.4859809875488281250000 HTTP/1.1" 200 - "-" "WordPress/7.0.2; https://nrfwomencouncil.org"
173.252.95.16 - - [01/Aug/2026:17:54:11 -0600] "GET /robots.txt HTTP/1.1" 200 120 "-" "facebookexternalhit/1.1 (+http://www.facebook.com/externalhit_uatext.php)"
173.252.95.35 - - [01/Aug/2026:17:54:12 -0600] "GET /robots.txt HTTP/1.1" 200 120 "-" "facebookexternalhit/1.1 (+http://www.facebook.com/externalhit_uatext.php)"
57.141.18.16 - - [01/Aug/2026:17:54:13 -0600] "GET /faqs/i-have-a-complaint-who-do-i-talk-to-about-my-concerns/ HTTP/1.1" 200 39629 "-" "Mozilla/5.0 (Macintosh; Intel Mac OS X 10_15_7) AppleWebKit/537.36 (KHTML, like Gecko) Chrome/145.0.0.0 Safari/537.36 (compatible; meta-externalagent/1.1 (+https://developers.facebook.com/docs/sharing/webmasters/crawler))"
144.76.32.236 - - [01/Aug/2026:17:54:38 -0600] "GET /robots.txt HTTP/1.1" 200 120 "-" "Mozilla/5.0 (compatible; SERankingBacklinksBot/1.0; +https://seranking.com/backlinks-crawler)"
144.76.32.236 - - [01/Aug/2026:17:54:40 -0600] "GET /service/garbage-recycling/ HTTP/1.1" 200 39383 "-" "Mozilla/5.0 (compatible; SERankingBacklinksBot/1.0; +https://seranking.com/backlinks-crawler)"
162.240.68.55 - - [01/Aug/2026:17:55:04 -0600] "POST /wp-cron.php?doing_wp_cron=1785628504.2963039875030517578125 HTTP/1.1" 200 - "-" "WordPress/7.0.2; https://nrfwomencouncil.org"
144.76.32.236 - - [01/Aug/2026:17:55:03 -0600] "GET /department/park-recreation/ HTTP/1.1" 200 39679 "-" "Mozilla/5.0 (compatible; SERankingBacklinksBot/1.0; +https://seranking.com/backlinks-crawler)"
144.76.32.236 - - [01/Aug/2026:17:55:27 -0600] "GET /events/category/event-list/ HTTP/1.1" 200 75232 "-" "Mozilla/5.0 (compatible; SERankingBacklinksBot/1.0; +https://seranking.com/backlinks-crawler)"
144.76.32.236 - - [01/Aug/2026:17:55:51 -0600] "GET /portfolio/british-museum-2/ HTTP/1.1" 200 39570 "-" "Mozilla/5.0 (compatible; SERankingBacklinksBot/1.0; +https://seranking.com/backlinks-crawler)"
162.240.68.55 - - [01/Aug/2026:17:56:14 -0600] "POST /wp-cron.php?doing_wp_cron=1785628574.9213929176330566406250 HTTP/1.1" 200 - "-" "WordPress/7.0.2; https://nrfwomencouncil.org"
144.76.32.236 - - [01/Aug/2026:17:56:14 -0600] "GET /portfolio/british-museum-3/ HTTP/1.1" 200 39570 "-" "Mozilla/5.0 (compatible; SERankingBacklinksBot/1.0; +https://seranking.com/backlinks-crawler)"
144.76.32.236 - - [01/Aug/2026:17:56:38 -0600] "GET /portfolio/mayor-golf-day-2/ HTTP/1.1" 200 39570 "-" "Mozilla/5.0 (compatible; SERankingBacklinksBot/1.0; +https://seranking.com/backlinks-crawler)"
162.240.68.55 - - [01/Aug/2026:17:57:01 -0600] "POST /wp-cron.php?doing_wp_cron=1785628621.7814838886260986328125 HTTP/1.1" 200 - "-" "WordPress/7.0.2; https://nrfwomencouncil.org"
144.76.32.236 - - [01/Aug/2026:17:57:00 -0600] "GET /portfolio/mayor-golf-day-3/ HTTP/1.1" 200 39370 "-" "Mozilla/5.0 (compatible; SERankingBacklinksBot/1.0; +https://seranking.com/backlinks-crawler)"
144.76.32.236 - - [01/Aug/2026:17:57:24 -0600] "GET /testimonials/bertram-irvin/ HTTP/1.1" 200 39788 "-" "Mozilla/5.0 (compatible; SERankingBacklinksBot/1.0; +https://seranking.com/backlinks-crawler)"
144.76.32.236 - - [01/Aug/2026:17:57:47 -0600] "GET /testimonials/lucian-manroe/ HTTP/1.1" 200 39782 "-" "Mozilla/5.0 (compatible; SERankingBacklinksBot/1.0; +https://seranking.com/backlinks-crawler)"
162.240.68.55 - - [01/Aug/2026:17:58:11 -0600] "POST /wp-cron.php?doing_wp_cron=1785628691.3719360828399658203125 HTTP/1.1" 200 - "-" "WordPress/7.0.2; https://nrfwomencouncil.org"
144.76.32.236 - - [01/Aug/2026:17:58:10 -0600] "GET /category/messages/index.html HTTP/1.1" 404 37150 "-" "Mozilla/5.0 (compatible; SERankingBacklinksBot/1.0; +https://seranking.com/backlinks-crawler)"
162.240.68.55 - - [01/Aug/2026:18:25:28 -0600] "POST /wp-cron.php?doing_wp_cron=1785630328.3385639190673828125000 HTTP/1.1" 200 - "-" "WordPress/7.0.2; https://nrfwomencouncil.org"
57.141.18.86 - - [01/Aug/2026:18:25:27 -0600] "GET /wp-sitemap-taxonomies-testimonials_cat-1.xml HTTP/1.1" 200 361 "-" "Mozilla/5.0 (Windows NT 10.0; Win64; x64) AppleWebKit/537.36 (KHTML, like Gecko) Chrome/145.0.0.0 Safari/537.36 (compatible; meta-externalagent/1.1 (+https://developers.facebook.com/docs/sharing/webmasters/crawler))"
162.240.68.55 - - [01/Aug/2026:18:31:59 -0600] "POST /wp-cron.php?doing_wp_cron=1785630719.2135980129241943359375 HTTP/1.1" 200 - "-" "WordPress/7.0.2; https://nrfwomencouncil.org"
148.113.128.113 - - [01/Aug/2026:18:31:58 -0600] "GET /wp-sitemap.xml HTTP/1.1" 200 1484 "-" "Mozilla/5.0 (compatible; AhrefsBot/7.0; +http://ahrefs.com/robot/)"
54.39.210.150 - - [01/Aug/2026:18:32:02 -0600] "GET /wp-sitemap-posts-post-1.xml HTTP/1.1" 200 334 "-" "Mozilla/5.0 (compatible; AhrefsBot/7.0; +http://ahrefs.com/robot/)"
51.222.168.28 - - [01/Aug/2026:18:32:05 -0600] "GET /wp-sitemap-posts-page-1.xml HTTP/1.1" 200 927 "-" "Mozilla/5.0 (compatible; AhrefsBot/7.0; +http://ahrefs.com/robot/)"
54.39.89.95 - - [01/Aug/2026:18:32:07 -0600] "GET /wp-sitemap-posts-portfolio-1.xml HTTP/1.1" 200 3871 "-" "Mozilla/5.0 (compatible; AhrefsBot/7.0; +http://ahrefs.com/robot/)"
51.161.37.167 - - [01/Aug/2026:18:32:09 -0600] "GET /wp-sitemap-posts-team-1.xml HTTP/1.1" 200 1564 "-" "Mozilla/5.0 (compatible; AhrefsBot/7.0; +http://ahrefs.com/robot/)"
51.161.65.73 - - [01/Aug/2026:18:32:11 -0600] "GET /wp-sitemap-posts-testimonials-1.xml HTTP/1.1" 200 924 "-" "Mozilla/5.0 (compatible; AhrefsBot/7.0; +http://ahrefs.com/robot/)"
142.44.228.118 - - [01/Aug/2026:18:32:15 -0600] "GET /wp-sitemap-posts-service-1.xml HTTP/1.1" 200 670 "-" "Mozilla/5.0 (compatible; AhrefsBot/7.0; +http://ahrefs.com/robot/)"
15.235.27.53 - - [01/Aug/2026:18:32:18 -0600] "GET /wp-sitemap-posts-department-1.xml HTTP/1.1" 200 3668 "-" "Mozilla/5.0 (compatible; AhrefsBot/7.0; +http://ahrefs.com/robot/)"
54.39.203.54 - - [01/Aug/2026:18:32:21 -0600] "GET /wp-sitemap-posts-faqs-1.xml HTTP/1.1" 200 1886 "-" "Mozilla/5.0 (compatible; AhrefsBot/7.0; +http://ahrefs.com/robot/)"
54.39.89.122 - - [01/Aug/2026:18:32:23 -0600] "GET /wp-sitemap-taxonomies-category-1.xml HTTP/1.1" 200 333 "-" "Mozilla/5.0 (compatible; AhrefsBot/7.0; +http://ahrefs.com/robot/)"
142.44.225.14 - - [01/Aug/2026:18:32:26 -0600] "GET /wp-sitemap-taxonomies-service_cat-1.xml HTTP/1.1" 200 269 "-" "Mozilla/5.0 (compatible; AhrefsBot/7.0; +http://ahrefs.com/robot/)"
54.39.0.42 - - [01/Aug/2026:18:32:28 -0600] "GET /wp-sitemap-taxonomies-testimonials_cat-1.xml HTTP/1.1" 200 361 "-" "Mozilla/5.0 (compatible; AhrefsBot/7.0; +http://ahrefs.com/robot/)"
