54.39.203.92 - - [01/Aug/2026:11:01:32 -0600] "GET /wp-sitemap-taxonomies-team_cat-1.xml HTTP/1.1" 200 262 "-" "Mozilla/5.0 (compatible; AhrefsBot/7.0; +http://ahrefs.com/robot/)"
142.44.225.37 - - [01/Aug/2026:11:01:35 -0600] "GET /wp-sitemap-taxonomies-tribe_events_cat-1.xml HTTP/1.1" 200 423 "-" "Mozilla/5.0 (compatible; AhrefsBot/7.0; +http://ahrefs.com/robot/)"
142.44.233.69 - - [01/Aug/2026:11:01:38 -0600] "GET /wp-sitemap-users-1.xml HTTP/1.1" 200 257 "-" "Mozilla/5.0 (compatible; AhrefsBot/7.0; +http://ahrefs.com/robot/)"
162.240.68.55 - - [01/Aug/2026:11:05:14 -0600] "POST /wp-cron.php?doing_wp_cron=1785603914.4472579956054687500000 HTTP/1.1" 200 - "-" "WordPress/7.0.2; https://nrfwomencouncil.org"
15.235.27.5 - - [01/Aug/2026:11:05:13 -0600] "GET /events/2025-01-28/ HTTP/1.1" 200 70008 "-" "Mozilla/5.0 (compatible; AhrefsBot/7.0; +http://ahrefs.com/robot/)"
173.252.82.50 - - [01/Aug/2026:11:06:09 -0600] "GET /wp-content/uploads/2021/06/gallery-22.jpg HTTP/1.1" 200 54004 "-" "meta-externalagent/1.1 (+https://developers.facebook.com/docs/sharing/webmasters/crawler)"
162.240.68.55 - - [01/Aug/2026:11:07:08 -0600] "POST /wp-cron.php?doing_wp_cron=1785604028.3364028930664062500000 HTTP/1.1" 200 - "-" "WordPress/7.0.2; https://nrfwomencouncil.org"
57.141.18.87 - - [01/Aug/2026:11:07:07 -0600] "GET /portfolio/st-james-park/ HTTP/1.1" 200 39552 "-" "Mozilla/5.0 (Windows NT 10.0; Win64; x64) AppleWebKit/537.36 (KHTML, like Gecko) Chrome/145.0.0.0 Safari/537.36 (compatible; meta-externalagent/1.1 (+https://developers.facebook.com/docs/sharing/webmasters/crawler))"
130.12.180.105 - - [01/Aug/2026:11:16:49 -0600] "GET / HTTP/1.1" 200 62762 "-" "Mozilla/5.0 (Windows NT 10.0; Win64; x64) AppleWebKit/537.36 (KHTML, like Gecko) Chrome/120.0.0.0 Safari/537.36"
130.12.180.105 - - [01/Aug/2026:11:16:50 -0600] "POST /wp-json/batch/v1 HTTP/1.1" 207 16 "-" "wp2shell"
130.12.180.105 - - [01/Aug/2026:11:16:52 -0600] "POST /?rest_route=/batch/v1 HTTP/1.1" 207 16 "-" "wp2shell"
130.12.180.105 - - [01/Aug/2026:11:16:53 -0600] "POST /?rest_route=/batch/v1 HTTP/1.1" 207 478 "-" "wp2shell"
162.240.68.55 - - [01/Aug/2026:11:26:58 -0600] "POST /wp-cron.php?doing_wp_cron=1785605218.9664390087127685546875 HTTP/1.1" 200 - "-" "WordPress/7.0.2; https://nrfwomencouncil.org"
57.141.18.35 - - [01/Aug/2026:11:26:58 -0600] "GET /testimonials_cat/testimonials-v1/ HTTP/1.1" 200 46036 "-" "Mozilla/5.0 (Windows NT 10.0; Win64; x64) AppleWebKit/537.36 (KHTML, like Gecko) Chrome/145.0.0.0 Safari/537.36 (compatible; meta-externalagent/1.1 (+https://developers.facebook.com/docs/sharing/webmasters/crawler))"
43.162.103.165 - - [01/Aug/2026:11:28:51 -0600] "GET / HTTP/1.1" 200 62762 "http://nrfwomencouncil.org" "Mozilla/5.0 (iPhone; CPU iPhone OS 13_2_3 like Mac OS X) AppleWebKit/605.1.15 (KHTML, like Gecko) Version/13.0.3 Mobile/15E148 Safari/604.1"
162.240.68.55 - - [01/Aug/2026:11:35:02 -0600] "POST /wp-cron.php?doing_wp_cron=1785605702.6814889907836914062500 HTTP/1.1" 200 - "-" "WordPress/7.0.2; https://nrfwomencouncil.org"
142.44.228.61 - - [01/Aug/2026:11:35:01 -0600] "GET /events/2027-09-01/index.html HTTP/1.1" 404 37150 "-" "Mozilla/5.0 (compatible; AhrefsBot/7.0; +http://ahrefs.com/robot/)"
52.167.144.230 - - [01/Aug/2026:11:37:49 -0600] "GET /wp-sitemap-users-1.xml HTTP/1.1" 200 257 "-" "Mozilla/5.0 AppleWebKit/537.36 (KHTML, like Gecko; compatible; bingbot/2.0; +http://www.bing.com/bingbot.htm) Chrome/116.0.1938.76 Safari/537.36"
162.240.68.55 - - [01/Aug/2026:11:37:49 -0600] "POST /wp-cron.php?doing_wp_cron=1785605869.9746429920196533203125 HTTP/1.1" 200 - "-" "WordPress/7.0.2; https://nrfwomencouncil.org"
162.240.68.55 - - [01/Aug/2026:11:42:18 -0600] "POST /wp-cron.php?doing_wp_cron=1785606138.0570979118347167968750 HTTP/1.1" 200 - "-" "WordPress/7.0.2; https://nrfwomencouncil.org"
52.167.144.191 - - [01/Aug/2026:11:42:17 -0600] "GET /wp-sitemap-posts-portfolio-1.xml HTTP/1.1" 200 3871 "-" "Mozilla/5.0 AppleWebKit/537.36 (KHTML, like Gecko; compatible; bingbot/2.0; +http://www.bing.com/bingbot.htm) Chrome/116.0.1938.76 Safari/537.36"
162.240.68.55 - - [01/Aug/2026:11:56:41 -0600] "POST /wp-cron.php?doing_wp_cron=1785607001.5579459667205810546875 HTTP/1.1" 200 - "-" "WordPress/7.0.2; https://nrfwomencouncil.org"
202.69.42.10 - - [01/Aug/2026:11:56:40 -0600] "POST /xmlrpc.php HTTP/1.1" 200 403 "-" "WordPress.com; https://wordpress.com"
202.69.42.10 - - [01/Aug/2026:11:56:50 -0600] "POST /xmlrpc.php HTTP/1.1" 200 403 "-" "WordPress.com; https://wordpress.com"
162.240.68.55 - - [01/Aug/2026:11:57:02 -0600] "POST /wp-cron.php?doing_wp_cron=1785607022.4960660934448242187500 HTTP/1.1" 200 - "-" "WordPress/7.0.2; https://nrfwomencouncil.org"
202.69.42.10 - - [01/Aug/2026:11:57:01 -0600] "POST /xmlrpc.php HTTP/1.1" 200 403 "-" "Jetpack by WordPress.com (Jetpack 12.0; WordPress 6.1)"
202.69.42.10 - - [01/Aug/2026:11:57:12 -0600] "POST /xmlrpc.php HTTP/1.1" 200 403 "-" "Jetpack by WordPress.com"
202.69.42.10 - - [01/Aug/2026:11:57:22 -0600] "POST /xmlrpc.php HTTP/1.1" 200 403 "-" "Jetpack by WordPress.com"
202.69.42.10 - - [01/Aug/2026:11:57:33 -0600] "POST /xmlrpc.php HTTP/1.1" 200 403 "-" "WordPress.com; https://wordpress.com"
202.69.42.10 - - [01/Aug/2026:11:57:44 -0600] "POST /xmlrpc.php HTTP/1.1" 200 403 "-" "Jetpack/12.0; WordPress/6.4; http://site79903585.com"
202.69.42.10 - - [01/Aug/2026:11:57:54 -0600] "POST /xmlrpc.php HTTP/1.1" 200 403 "-" "Jetpack/12.0; WordPress/6.3; http://site45968795.com"
162.240.68.55 - - [01/Aug/2026:11:58:06 -0600] "POST /wp-cron.php?doing_wp_cron=1785607086.2530989646911621093750 HTTP/1.1" 200 - "-" "WordPress/7.0.2; https://nrfwomencouncil.org"
202.69.42.10 - - [01/Aug/2026:11:58:05 -0600] "POST /xmlrpc.php HTTP/1.1" 200 403 "-" "Jetpack by WordPress.com"
202.69.42.10 - - [01/Aug/2026:11:58:16 -0600] "POST /xmlrpc.php HTTP/1.1" 200 403 "-" "Jetpack by WordPress.com"
202.69.42.10 - - [01/Aug/2026:11:58:26 -0600] "POST /xmlrpc.php HTTP/1.1" 200 403 "-" "Jetpack/12.1; WordPress/6.4; http://site38784159.com"
202.69.42.10 - - [01/Aug/2026:11:58:37 -0600] "POST /xmlrpc.php HTTP/1.1" 200 403 "-" "Jetpack by WordPress.com (Jetpack 13.0; WordPress 6.2)"
202.69.42.10 - - [01/Aug/2026:11:58:48 -0600] "POST /xmlrpc.php HTTP/1.1" 200 403 "-" "Jetpack by WordPress.com (Jetpack 12.0; WordPress 6.2)"
162.240.68.55 - - [01/Aug/2026:11:58:59 -0600] "POST /wp-cron.php?doing_wp_cron=1785607139.9231050014495849609375 HTTP/1.1" 200 - "-" "WordPress/7.0.2; https://nrfwomencouncil.org"
202.69.42.10 - - [01/Aug/2026:11:58:59 -0600] "POST /xmlrpc.php HTTP/1.1" 200 403 "-" "Jetpack by WordPress.com"
202.69.42.10 - - [01/Aug/2026:11:59:09 -0600] "POST /xmlrpc.php HTTP/1.1" 200 403 "-" "Jetpack by WordPress.com (Jetpack 12.5; WordPress 6.4)"
202.69.42.10 - - [01/Aug/2026:11:59:20 -0600] "POST /xmlrpc.php HTTP/1.1" 200 403 "-" "Jetpack by WordPress.com"
202.69.42.10 - - [01/Aug/2026:11:59:31 -0600] "POST /xmlrpc.php HTTP/1.1" 200 403 "-" "Jetpack/13.0; WordPress/6.1; http://site45019990.com"
202.69.42.10 - - [01/Aug/2026:11:59:42 -0600] "POST /xmlrpc.php HTTP/1.1" 200 403 "-" "WordPress.com; https://wordpress.com"
202.69.42.10 - - [01/Aug/2026:11:59:52 -0600] "POST /xmlrpc.php HTTP/1.1" 200 403 "-" "Jetpack by WordPress.com (Jetpack 12.1; WordPress 6.4)"
162.240.68.55 - - [01/Aug/2026:12:00:04 -0600] "POST /wp-cron.php?doing_wp_cron=1785607204.4865169525146484375000 HTTP/1.1" 200 - "-" "WordPress/7.0.2; https://nrfwomencouncil.org"
202.69.42.10 - - [01/Aug/2026:12:00:03 -0600] "POST /xmlrpc.php HTTP/1.1" 200 403 "-" "Jetpack/12.1; WordPress/6.4; http://site66994781.com"
202.69.42.10 - - [01/Aug/2026:12:00:14 -0600] "POST /xmlrpc.php HTTP/1.1" 200 403 "-" "Jetpack by WordPress.com (Jetpack 12.0; WordPress 6.4)"
202.69.42.10 - - [01/Aug/2026:12:00:25 -0600] "POST /xmlrpc.php HTTP/1.1" 200 403 "-" "Jetpack/12.0; WordPress/6.1; http://site10268487.com"
202.69.42.10 - - [01/Aug/2026:12:00:36 -0600] "POST /xmlrpc.php HTTP/1.1" 200 403 "-" "Jetpack by WordPress.com (Jetpack 12.1; WordPress 6.3)"
202.69.42.10 - - [01/Aug/2026:12:00:47 -0600] "POST /xmlrpc.php HTTP/1.1" 200 403 "-" "WordPress.com; https://wordpress.com"
57.141.18.112 - - [01/Aug/2026:12:00:53 -0600] "GET /testimonials/lucian-manroe/ HTTP/1.1" 200 39782 "-" "Mozilla/5.0 (Windows NT 10.0; Win64; x64) AppleWebKit/537.36 (KHTML, like Gecko) Chrome/145.0.0.0 Safari/537.36 (compatible; meta-externalagent/1.1 (+https://developers.facebook.com/docs/sharing/webmasters/crawler))"
162.240.68.55 - - [01/Aug/2026:12:00:58 -0600] "POST /wp-cron.php?doing_wp_cron=1785607258.9778358936309814453125 HTTP/1.1" 200 - "-" "WordPress/7.0.2; https://nrfwomencouncil.org"
202.69.42.10 - - [01/Aug/2026:12:00:57 -0600] "POST /xmlrpc.php HTTP/1.1" 200 403 "-" "Jetpack/12.5; WordPress/6.4; http://site94504687.com"
202.69.42.10 - - [01/Aug/2026:12:01:08 -0600] "POST /xmlrpc.php HTTP/1.1" 200 403 "-" "Jetpack by WordPress.com"
202.69.42.10 - - [01/Aug/2026:12:01:19 -0600] "POST /xmlrpc.php HTTP/1.1" 200 403 "-" "WordPress.com; https://wordpress.com"
202.69.42.10 - - [01/Aug/2026:12:01:29 -0600] "POST /xmlrpc.php HTTP/1.1" 200 403 "-" "Jetpack by WordPress.com"
202.69.42.10 - - [01/Aug/2026:12:01:40 -0600] "POST /xmlrpc.php HTTP/1.1" 200 403 "-" "Jetpack by WordPress.com"
202.69.42.10 - - [01/Aug/2026:12:01:51 -0600] "POST /xmlrpc.php HTTP/1.1" 200 403 "-" "Jetpack by WordPress.com (Jetpack 12.1; WordPress 6.1)"
162.240.68.55 - - [01/Aug/2026:12:02:02 -0600] "POST /wp-cron.php?doing_wp_cron=1785607322.6292319297790527343750 HTTP/1.1" 200 - "-" "WordPress/7.0.2; https://nrfwomencouncil.org"
202.69.42.10 - - [01/Aug/2026:12:02:01 -0600] "POST /xmlrpc.php HTTP/1.1" 200 403 "-" "Jetpack/13.0; WordPress/6.1; http://site10201254.com"
202.69.42.10 - - [01/Aug/2026:12:02:12 -0600] "POST /xmlrpc.php HTTP/1.1" 200 403 "-" "Jetpack by WordPress.com (Jetpack 12.0; WordPress 6.3)"
202.69.42.10 - - [01/Aug/2026:12:02:23 -0600] "POST /xmlrpc.php HTTP/1.1" 200 403 "-" "Jetpack by WordPress.com"
202.69.42.10 - - [01/Aug/2026:12:02:34 -0600] "POST /xmlrpc.php HTTP/1.1" 200 403 "-" "Jetpack/12.1; WordPress/6.4; http://site67727432.com"
202.69.42.10 - - [01/Aug/2026:12:02:44 -0600] "POST /xmlrpc.php HTTP/1.1" 200 403 "-" "Jetpack by WordPress.com"
202.69.42.10 - - [01/Aug/2026:12:02:55 -0600] "POST /xmlrpc.php HTTP/1.1" 200 403 "-" "Jetpack/12.0; WordPress/6.2; http://site89955310.com"
162.240.68.55 - - [01/Aug/2026:12:03:06 -0600] "POST /wp-cron.php?doing_wp_cron=1785607386.9731969833374023437500 HTTP/1.1" 200 - "-" "WordPress/7.0.2; https://nrfwomencouncil.org"
202.69.42.10 - - [01/Aug/2026:12:03:06 -0600] "POST /xmlrpc.php HTTP/1.1" 200 403 "-" "Jetpack by WordPress.com"
202.69.42.10 - - [01/Aug/2026:12:03:17 -0600] "POST /xmlrpc.php HTTP/1.1" 200 403 "-" "WordPress.com; https://wordpress.com"
202.69.42.10 - - [01/Aug/2026:12:03:27 -0600] "POST /xmlrpc.php HTTP/1.1" 200 403 "-" "Jetpack by WordPress.com"
202.69.42.10 - - [01/Aug/2026:12:03:38 -0600] "POST /xmlrpc.php HTTP/1.1" 200 403 "-" "Jetpack by WordPress.com (Jetpack 12.1; WordPress 6.4)"
202.69.42.10 - - [01/Aug/2026:12:03:49 -0600] "POST /xmlrpc.php HTTP/1.1" 200 403 "-" "Jetpack by WordPress.com"
162.240.68.55 - - [01/Aug/2026:12:04:01 -0600] "POST /wp-cron.php?doing_wp_cron=1785607441.0255010128021240234375 HTTP/1.1" 200 - "-" "WordPress/7.0.2; https://nrfwomencouncil.org"
202.69.42.10 - - [01/Aug/2026:12:04:00 -0600] "POST /xmlrpc.php HTTP/1.1" 200 403 "-" "WordPress.com; https://wordpress.com"
142.44.225.79 - - [01/Aug/2026:12:04:01 -0600] "GET /events/2025-09-11/ HTTP/1.1" 200 70012 "-" "Mozilla/5.0 (compatible; AhrefsBot/7.0; +http://ahrefs.com/robot/)"
202.69.42.10 - - [01/Aug/2026:12:04:11 -0600] "POST /xmlrpc.php HTTP/1.1" 200 403 "-" "Jetpack by WordPress.com"
202.69.42.10 - - [01/Aug/2026:12:04:21 -0600] "POST /xmlrpc.php HTTP/1.1" 200 403 "-" "WordPress.com; https://wordpress.com"
202.69.42.10 - - [01/Aug/2026:12:04:32 -0600] "POST /xmlrpc.php HTTP/1.1" 200 403 "-" "Jetpack by WordPress.com"
202.69.42.10 - - [01/Aug/2026:12:04:42 -0600] "POST /xmlrpc.php HTTP/1.1" 200 403 "-" "Jetpack by WordPress.com"
202.69.42.10 - - [01/Aug/2026:12:04:53 -0600] "POST /xmlrpc.php HTTP/1.1" 200 403 "-" "Jetpack by WordPress.com"
202.69.42.10 - - [01/Aug/2026:12:05:04 -0600] "POST /xmlrpc.php HTTP/1.1" 200 403 "-" "WordPress.com; https://wordpress.com"
162.240.68.55 - - [01/Aug/2026:12:05:05 -0600] "POST /wp-cron.php?doing_wp_cron=1785607505.3989779949188232421875 HTTP/1.1" 200 - "-" "WordPress/7.0.2; https://nrfwomencouncil.org"
202.69.42.10 - - [01/Aug/2026:12:05:15 -0600] "POST /xmlrpc.php HTTP/1.1" 200 403 "-" "Jetpack by WordPress.com (Jetpack 13.0; WordPress 6.2)"
202.69.42.10 - - [01/Aug/2026:12:05:25 -0600] "POST /xmlrpc.php HTTP/1.1" 200 403 "-" "WordPress.com; https://wordpress.com"
202.69.42.10 - - [01/Aug/2026:12:05:36 -0600] "POST /xmlrpc.php HTTP/1.1" 200 403 "-" "Jetpack/13.0; WordPress/6.4; http://site90314006.com"
202.69.42.10 - - [01/Aug/2026:12:05:47 -0600] "POST /xmlrpc.php HTTP/1.1" 200 403 "-" "Jetpack by WordPress.com (Jetpack 12.1; WordPress 6.3)"
162.240.68.55 - - [01/Aug/2026:12:05:59 -0600] "POST /wp-cron.php?doing_wp_cron=1785607559.2625989913940429687500 HTTP/1.1" 200 - "-" "WordPress/7.0.2; https://nrfwomencouncil.org"
202.69.42.10 - - [01/Aug/2026:12:05:58 -0600] "POST /xmlrpc.php HTTP/1.1" 200 403 "-" "Jetpack by WordPress.com (Jetpack 13.0; WordPress 6.1)"
202.69.42.10 - - [01/Aug/2026:12:06:09 -0600] "POST /xmlrpc.php HTTP/1.1" 200 403 "-" "Jetpack by WordPress.com (Jetpack 13.0; WordPress 6.1)"
202.69.42.10 - - [01/Aug/2026:12:06:20 -0600] "POST /xmlrpc.php HTTP/1.1" 200 403 "-" "Jetpack/13.0; WordPress/6.3; http://site53217769.com"
202.69.42.10 - - [01/Aug/2026:12:06:30 -0600] "POST /xmlrpc.php HTTP/1.1" 200 403 "-" "Jetpack/12.1; WordPress/6.3; http://site90123750.com"
202.69.42.10 - - [01/Aug/2026:12:06:41 -0600] "POST /xmlrpc.php HTTP/1.1" 200 403 "-" "Jetpack/12.1; WordPress/6.3; http://site63660322.com"
202.69.42.10 - - [01/Aug/2026:12:06:51 -0600] "POST /xmlrpc.php HTTP/1.1" 200 403 "-" "Jetpack/12.1; WordPress/6.1; http://site14860339.com"
162.240.68.55 - - [01/Aug/2026:12:07:03 -0600] "POST /wp-cron.php?doing_wp_cron=1785607623.5504729747772216796875 HTTP/1.1" 200 - "-" "WordPress/7.0.2; https://nrfwomencouncil.org"
202.69.42.10 - - [01/Aug/2026:12:07:02 -0600] "POST /xmlrpc.php HTTP/1.1" 200 403 "-" "Jetpack by WordPress.com"
202.69.42.10 - - [01/Aug/2026:12:07:13 -0600] "POST /xmlrpc.php HTTP/1.1" 200 403 "-" "Jetpack by WordPress.com"
202.69.42.10 - - [01/Aug/2026:12:07:24 -0600] "POST /xmlrpc.php HTTP/1.1" 200 403 "-" "Jetpack/12.5; WordPress/6.4; http://site38344979.com"
167.114.139.17 - - [01/Aug/2026:12:07:34 -0600] "GET /events/2027-06-24/ HTTP/1.1" 200 70002 "-" "Mozilla/5.0 (compatible; AhrefsBot/7.0; +http://ahrefs.com/robot/)"
202.69.42.10 - - [01/Aug/2026:12:07:34 -0600] "POST /xmlrpc.php HTTP/1.1" 200 403 "-" "Jetpack by WordPress.com"
202.69.42.10 - - [01/Aug/2026:12:07:45 -0600] "POST /xmlrpc.php HTTP/1.1" 200 403 "-" "WordPress.com; https://wordpress.com"
162.240.68.55 - - [01/Aug/2026:12:07:57 -0600] "POST /wp-cron.php?doing_wp_cron=1785607677.4912509918212890625000 HTTP/1.1" 200 - "-" "WordPress/7.0.2; https://nrfwomencouncil.org"
202.69.42.10 - - [01/Aug/2026:12:07:56 -0600] "POST /xmlrpc.php HTTP/1.1" 200 403 "-" "WordPress.com; https://wordpress.com"
202.69.42.10 - - [01/Aug/2026:12:08:07 -0600] "POST /xmlrpc.php HTTP/1.1" 200 403 "-" "Jetpack/13.0; WordPress/6.4; http://site26411525.com"
202.69.42.10 - - [01/Aug/2026:12:08:18 -0600] "POST /xmlrpc.php HTTP/1.1" 200 403 "-" "WordPress.com; https://wordpress.com"
202.69.42.10 - - [01/Aug/2026:12:08:28 -0600] "POST /xmlrpc.php HTTP/1.1" 200 403 "-" "Jetpack by WordPress.com"
202.69.42.10 - - [01/Aug/2026:12:08:39 -0600] "POST /xmlrpc.php HTTP/1.1" 200 403 "-" "Jetpack by WordPress.com"
202.69.42.10 - - [01/Aug/2026:12:08:50 -0600] "POST /xmlrpc.php HTTP/1.1" 200 403 "-" "WordPress.com; https://wordpress.com"
202.69.42.10 - - [01/Aug/2026:12:09:01 -0600] "POST /xmlrpc.php HTTP/1.1" 200 403 "-" "WordPress.com; https://wordpress.com"
162.240.68.55 - - [01/Aug/2026:12:09:02 -0600] "POST /wp-cron.php?doing_wp_cron=1785607742.2301580905914306640625 HTTP/1.1" 200 - "-" "WordPress/7.0.2; https://nrfwomencouncil.org"
162.240.68.55 - - [01/Aug/2026:12:09:12 -0600] "POST /wp-cron.php?doing_wp_cron=1785607752.5331659317016601562500 HTTP/1.1" 200 - "-" "WordPress/7.0.2; https://nrfwomencouncil.org"
202.69.42.10 - - [01/Aug/2026:12:09:11 -0600] "POST /xmlrpc.php HTTP/1.1" 200 403 "-" "WordPress.com; https://wordpress.com"
202.69.42.10 - - [01/Aug/2026:12:09:22 -0600] "POST /xmlrpc.php HTTP/1.1" 200 403 "-" "WordPress.com; https://wordpress.com"
202.69.42.10 - - [01/Aug/2026:12:09:33 -0600] "POST /xmlrpc.php HTTP/1.1" 200 403 "-" "WordPress.com; https://wordpress.com"
202.69.42.10 - - [01/Aug/2026:12:09:43 -0600] "POST /xmlrpc.php HTTP/1.1" 200 403 "-" "Jetpack by WordPress.com"
202.69.42.10 - - [01/Aug/2026:12:09:54 -0600] "POST /xmlrpc.php HTTP/1.1" 200 403 "-" "Jetpack by WordPress.com (Jetpack 12.0; WordPress 6.4)"
202.69.42.10 - - [01/Aug/2026:12:10:05 -0600] "POST /xmlrpc.php HTTP/1.1" 200 403 "-" "Jetpack by WordPress.com"
202.69.42.10 - - [01/Aug/2026:12:10:16 -0600] "POST /xmlrpc.php HTTP/1.1" 200 403 "-" "Jetpack by WordPress.com (Jetpack 13.0; WordPress 6.1)"
202.69.42.10 - - [01/Aug/2026:12:10:27 -0600] "POST /xmlrpc.php HTTP/1.1" 200 403 "-" "Jetpack by WordPress.com"
202.69.42.10 - - [01/Aug/2026:12:10:38 -0600] "POST /xmlrpc.php HTTP/1.1" 200 403 "-" "Jetpack/13.0; WordPress/6.4; http://site75950166.com"
51.222.168.88 - - [01/Aug/2026:12:10:43 -0600] "GET /events/month/2024-12/ HTTP/1.1" 200 192521 "-" "Mozilla/5.0 (compatible; AhrefsBot/7.0; +http://ahrefs.com/robot/)"
202.69.42.10 - - [01/Aug/2026:12:10:48 -0600] "POST /xmlrpc.php HTTP/1.1" 200 403 "-" "Jetpack by WordPress.com"
162.240.68.55 - - [01/Aug/2026:12:11:00 -0600] "POST /wp-cron.php?doing_wp_cron=1785607860.5231680870056152343750 HTTP/1.1" 200 - "-" "WordPress/7.0.2; https://nrfwomencouncil.org"
202.69.42.10 - - [01/Aug/2026:12:10:59 -0600] "POST /xmlrpc.php HTTP/1.1" 200 403 "-" "Jetpack by WordPress.com"
202.69.42.10 - - [01/Aug/2026:12:11:10 -0600] "POST /xmlrpc.php HTTP/1.1" 200 403 "-" "WordPress.com; https://wordpress.com"
202.69.42.10 - - [01/Aug/2026:12:11:20 -0600] "POST /xmlrpc.php HTTP/1.1" 200 403 "-" "Jetpack/12.0; WordPress/6.1; http://site99303398.com"
202.69.42.10 - - [01/Aug/2026:12:11:31 -0600] "POST /xmlrpc.php HTTP/1.1" 200 403 "-" "Jetpack by WordPress.com (Jetpack 12.5; WordPress 6.1)"
202.69.42.10 - - [01/Aug/2026:12:11:42 -0600] "POST /xmlrpc.php HTTP/1.1" 200 403 "-" "WordPress.com; https://wordpress.com"
202.69.42.10 - - [01/Aug/2026:12:11:52 -0600] "POST /xmlrpc.php HTTP/1.1" 200 403 "-" "Jetpack by WordPress.com"
162.240.68.55 - - [01/Aug/2026:12:12:04 -0600] "POST /wp-cron.php?doing_wp_cron=1785607924.3378069400787353515625 HTTP/1.1" 200 - "-" "WordPress/7.0.2; https://nrfwomencouncil.org"
202.69.42.10 - - [01/Aug/2026:12:12:03 -0600] "POST /xmlrpc.php HTTP/1.1" 200 403 "-" "Jetpack by WordPress.com"
202.69.42.10 - - [01/Aug/2026:12:12:14 -0600] "POST /xmlrpc.php HTTP/1.1" 200 403 "-" "WordPress.com; https://wordpress.com"
202.69.42.10 - - [01/Aug/2026:12:12:25 -0600] "POST /xmlrpc.php HTTP/1.1" 200 403 "-" "Jetpack by WordPress.com (Jetpack 12.0; WordPress 6.2)"
202.69.42.10 - - [01/Aug/2026:12:12:35 -0600] "POST /xmlrpc.php HTTP/1.1" 200 403 "-" "Jetpack/12.5; WordPress/6.2; http://site15479574.com"
202.69.42.10 - - [01/Aug/2026:12:12:46 -0600] "POST /xmlrpc.php HTTP/1.1" 200 403 "-" "Jetpack by WordPress.com"
162.240.68.55 - - [01/Aug/2026:12:12:58 -0600] "POST /wp-cron.php?doing_wp_cron=1785607978.2622718811035156250000 HTTP/1.1" 200 - "-" "WordPress/7.0.2; https://nrfwomencouncil.org"
202.69.42.10 - - [01/Aug/2026:12:12:57 -0600] "POST /xmlrpc.php HTTP/1.1" 200 403 "-" "WordPress.com; https://wordpress.com"
202.69.42.10 - - [01/Aug/2026:12:13:07 -0600] "POST /xmlrpc.php HTTP/1.1" 200 403 "-" "Jetpack by WordPress.com (Jetpack 12.1; WordPress 6.4)"
202.69.42.10 - - [01/Aug/2026:12:13:18 -0600] "POST /xmlrpc.php HTTP/1.1" 200 403 "-" "Jetpack by WordPress.com (Jetpack 12.0; WordPress 6.4)"
202.69.42.10 - - [01/Aug/2026:12:13:29 -0600] "POST /xmlrpc.php HTTP/1.1" 200 403 "-" "Jetpack by WordPress.com (Jetpack 12.1; WordPress 6.1)"
202.69.42.10 - - [01/Aug/2026:12:13:40 -0600] "POST /xmlrpc.php HTTP/1.1" 200 403 "-" "Jetpack by WordPress.com"
202.69.42.10 - - [01/Aug/2026:12:13:50 -0600] "POST /xmlrpc.php HTTP/1.1" 200 403 "-" "Jetpack by WordPress.com (Jetpack 12.5; WordPress 6.3)"
202.69.42.10 - - [01/Aug/2026:12:14:01 -0600] "POST /xmlrpc.php HTTP/1.1" 200 403 "-" "Jetpack/13.0; WordPress/6.3; http://site85657415.com"
162.240.68.55 - - [01/Aug/2026:12:14:02 -0600] "POST /wp-cron.php?doing_wp_cron=1785608042.8842139244079589843750 HTTP/1.1" 200 - "-" "WordPress/7.0.2; https://nrfwomencouncil.org"
202.69.42.10 - - [01/Aug/2026:12:14:12 -0600] "POST /xmlrpc.php HTTP/1.1" 200 403 "-" "WordPress.com; https://wordpress.com"
202.69.42.10 - - [01/Aug/2026:12:14:23 -0600] "POST /xmlrpc.php HTTP/1.1" 200 403 "-" "Jetpack by WordPress.com (Jetpack 12.1; WordPress 6.4)"
202.69.42.10 - - [01/Aug/2026:12:14:34 -0600] "POST /xmlrpc.php HTTP/1.1" 200 403 "-" "Jetpack by WordPress.com"
202.69.42.10 - - [01/Aug/2026:12:14:45 -0600] "POST /xmlrpc.php HTTP/1.1" 200 403 "-" "Jetpack by WordPress.com (Jetpack 12.0; WordPress 6.2)"
202.69.42.10 - - [01/Aug/2026:12:14:55 -0600] "POST /xmlrpc.php HTTP/1.1" 200 403 "-" "Jetpack by WordPress.com"
162.240.68.55 - - [01/Aug/2026:12:15:07 -0600] "POST /wp-cron.php?doing_wp_cron=1785608107.3950529098510742187500 HTTP/1.1" 200 - "-" "WordPress/7.0.2; https://nrfwomencouncil.org"
202.69.42.10 - - [01/Aug/2026:12:15:06 -0600] "POST /xmlrpc.php HTTP/1.1" 200 403 "-" "Jetpack by WordPress.com"
202.69.42.10 - - [01/Aug/2026:12:15:17 -0600] "POST /xmlrpc.php HTTP/1.1" 200 403 "-" "Jetpack by WordPress.com (Jetpack 12.0; WordPress 6.1)"
202.69.42.10 - - [01/Aug/2026:12:15:28 -0600] "POST /xmlrpc.php HTTP/1.1" 200 403 "-" "WordPress.com; https://wordpress.com"
202.69.42.10 - - [01/Aug/2026:12:15:39 -0600] "POST /xmlrpc.php HTTP/1.1" 200 403 "-" "Jetpack by WordPress.com (Jetpack 12.1; WordPress 6.4)"
202.69.42.10 - - [01/Aug/2026:12:15:49 -0600] "POST /xmlrpc.php HTTP/1.1" 200 403 "-" "Jetpack by WordPress.com (Jetpack 12.5; WordPress 6.2)"
162.240.68.55 - - [01/Aug/2026:12:16:01 -0600] "POST /wp-cron.php?doing_wp_cron=1785608161.4793410301208496093750 HTTP/1.1" 200 - "-" "WordPress/7.0.2; https://nrfwomencouncil.org"
202.69.42.10 - - [01/Aug/2026:12:16:00 -0600] "POST /xmlrpc.php HTTP/1.1" 200 403 "-" "Jetpack/13.0; WordPress/6.4; http://site82229800.com"
202.69.42.10 - - [01/Aug/2026:12:16:11 -0600] "POST /xmlrpc.php HTTP/1.1" 200 403 "-" "Jetpack/13.0; WordPress/6.3; http://site46861494.com"
202.69.42.10 - - [01/Aug/2026:12:16:22 -0600] "POST /xmlrpc.php HTTP/1.1" 200 403 "-" "Jetpack by WordPress.com"
202.69.42.10 - - [01/Aug/2026:12:16:32 -0600] "POST /xmlrpc.php HTTP/1.1" 200 403 "-" "WordPress.com; https://wordpress.com"
202.69.42.10 - - [01/Aug/2026:12:16:43 -0600] "POST /xmlrpc.php HTTP/1.1" 200 403 "-" "WordPress.com; https://wordpress.com"
202.69.42.10 - - [01/Aug/2026:12:16:54 -0600] "POST /xmlrpc.php HTTP/1.1" 200 403 "-" "Jetpack by WordPress.com (Jetpack 12.0; WordPress 6.2)"
202.69.42.10 - - [01/Aug/2026:12:17:04 -0600] "POST /xmlrpc.php HTTP/1.1" 200 403 "-" "Jetpack/12.1; WordPress/6.1; http://site66939291.com"
162.240.68.55 - - [01/Aug/2026:12:17:07 -0600] "POST /wp-cron.php?doing_wp_cron=1785608227.6824479103088378906250 HTTP/1.1" 200 - "-" "WordPress/7.0.2; https://nrfwomencouncil.org"
202.69.42.10 - - [01/Aug/2026:12:17:15 -0600] "POST /xmlrpc.php HTTP/1.1" 200 403 "-" "Jetpack/12.0; WordPress/6.2; http://site67804220.com"
57.141.18.3 - - [01/Aug/2026:12:17:25 -0600] "GET /portfolio/parking-clerk-2/ HTTP/1.1" 200 39563 "-" "Mozilla/5.0 (Macintosh; Intel Mac OS X 10_15_7) AppleWebKit/537.36 (KHTML, like Gecko) Chrome/145.0.0.0 Safari/537.36 (compatible; meta-externalagent/1.1 (+https://developers.facebook.com/docs/sharing/webmasters/crawler))"
202.69.42.10 - - [01/Aug/2026:12:17:26 -0600] "POST /xmlrpc.php HTTP/1.1" 200 403 "-" "Jetpack/12.1; WordPress/6.4; http://site79119530.com"
202.69.42.10 - - [01/Aug/2026:12:17:36 -0600] "POST /xmlrpc.php HTTP/1.1" 200 403 "-" "WordPress.com; https://wordpress.com"
202.69.42.10 - - [01/Aug/2026:12:17:47 -0600] "POST /xmlrpc.php HTTP/1.1" 200 403 "-" "Jetpack by WordPress.com (Jetpack 13.0; WordPress 6.3)"
162.240.68.55 - - [01/Aug/2026:12:17:59 -0600] "POST /wp-cron.php?doing_wp_cron=1785608279.2995491027832031250000 HTTP/1.1" 200 - "-" "WordPress/7.0.2; https://nrfwomencouncil.org"
202.69.42.10 - - [01/Aug/2026:12:17:58 -0600] "POST /xmlrpc.php HTTP/1.1" 200 403 "-" "Jetpack by WordPress.com (Jetpack 12.5; WordPress 6.2)"
202.69.42.10 - - [01/Aug/2026:12:18:09 -0600] "POST /xmlrpc.php HTTP/1.1" 200 403 "-" "Jetpack/12.1; WordPress/6.3; http://site97428513.com"
202.69.42.10 - - [01/Aug/2026:12:18:19 -0600] "POST /xmlrpc.php HTTP/1.1" 200 403 "-" "WordPress.com; https://wordpress.com"
202.69.42.10 - - [01/Aug/2026:12:18:30 -0600] "POST /xmlrpc.php HTTP/1.1" 200 403 "-" "WordPress.com; https://wordpress.com"
202.69.42.10 - - [01/Aug/2026:12:18:41 -0600] "POST /xmlrpc.php HTTP/1.1" 200 403 "-" "Jetpack by WordPress.com"
202.69.42.10 - - [01/Aug/2026:12:18:52 -0600] "POST /xmlrpc.php HTTP/1.1" 200 403 "-" "Jetpack by WordPress.com"
162.240.68.55 - - [01/Aug/2026:12:18:58 -0600] "POST /wp-cron.php?doing_wp_cron=1785608338.1651499271392822265625 HTTP/1.1" 200 - "-" "WordPress/7.0.2; https://nrfwomencouncil.org"
94.154.43.183 - - [01/Aug/2026:12:18:57 -0600] "GET / HTTP/1.1" 301 - "-" "Mozilla/5.0 (Windows NT 10.0; Win64; x64) AppleWebKit/537.36 (KHTML, like Gecko) Chrome/147.0.0.0 Safari/537.36"
94.154.43.183 - - [01/Aug/2026:12:18:59 -0600] "GET / HTTP/1.1" 200 62762 "-" "Mozilla/5.0 (Windows NT 10.0; Win64; x64) AppleWebKit/537.36 (KHTML, like Gecko) Chrome/147.0.0.0 Safari/537.36"
94.154.43.188 - - [01/Aug/2026:12:19:02 -0600] "GET / HTTP/1.1" 200 62762 "-" "Mozilla/5.0 (Windows NT 10.0; Win64; x64) AppleWebKit/537.36 (KHTML, like Gecko) Chrome/147.0.0.0 Safari/537.36"
202.69.42.10 - - [01/Aug/2026:12:19:02 -0600] "POST /xmlrpc.php HTTP/1.1" 200 403 "-" "WordPress.com; https://wordpress.com"
202.69.42.10 - - [01/Aug/2026:12:19:13 -0600] "POST /xmlrpc.php HTTP/1.1" 200 403 "-" "Jetpack/13.0; WordPress/6.2; http://site29287504.com"
58.27.251.18 - - [01/Aug/2026:12:19:35 -0600] "POST /xmlrpc.php HTTP/1.1" 200 403 "-" "Jetpack/13.0; WordPress/6.1; http://site22923468.com"
58.27.251.18 - - [01/Aug/2026:12:19:46 -0600] "POST /xmlrpc.php HTTP/1.1" 200 403 "-" "Jetpack by WordPress.com (Jetpack 12.0; WordPress 6.1)"
162.240.68.55 - - [01/Aug/2026:12:20:29 -0600] "POST /wp-cron.php?doing_wp_cron=1785608429.7014799118041992187500 HTTP/1.1" 200 - "-" "WordPress/7.0.2; https://nrfwomencouncil.org"
58.27.251.18 - - [01/Aug/2026:12:20:28 -0600] "POST /xmlrpc.php HTTP/1.1" 200 403 "-" "Jetpack/12.0; WordPress/6.4; http://site59711887.com"
202.69.42.10 - - [01/Aug/2026:12:20:50 -0600] "POST /xmlrpc.php HTTP/1.1" 200 403 "-" "Jetpack by WordPress.com (Jetpack 12.1; WordPress 6.1)"
162.240.68.55 - - [01/Aug/2026:12:21:01 -0600] "POST /wp-cron.php?doing_wp_cron=1785608461.7738010883331298828125 HTTP/1.1" 200 - "-" "WordPress/7.0.2; https://nrfwomencouncil.org"
202.69.42.10 - - [01/Aug/2026:12:21:00 -0600] "POST /xmlrpc.php HTTP/1.1" 200 403 "-" "Jetpack/12.5; WordPress/6.3; http://site33623009.com"
202.69.42.10 - - [01/Aug/2026:12:21:11 -0600] "POST /xmlrpc.php HTTP/1.1" 200 403 "-" "Jetpack/12.5; WordPress/6.3; http://site67121521.com"
202.69.42.10 - - [01/Aug/2026:12:21:22 -0600] "POST /xmlrpc.php HTTP/1.1" 200 403 "-" "Jetpack by WordPress.com (Jetpack 12.0; WordPress 6.4)"
202.69.42.10 - - [01/Aug/2026:12:21:33 -0600] "POST /xmlrpc.php HTTP/1.1" 200 403 "-" "Jetpack/12.0; WordPress/6.4; http://site12899375.com"
202.69.42.10 - - [01/Aug/2026:12:21:44 -0600] "POST /xmlrpc.php HTTP/1.1" 200 403 "-" "Jetpack by WordPress.com (Jetpack 12.5; WordPress 6.2)"
202.69.42.10 - - [01/Aug/2026:12:21:54 -0600] "POST /xmlrpc.php HTTP/1.1" 200 403 "-" "Jetpack/12.5; WordPress/6.3; http://site34839554.com"
162.240.68.55 - - [01/Aug/2026:12:22:16 -0600] "POST /wp-cron.php?doing_wp_cron=1785608536.6837780475616455078125 HTTP/1.1" 200 - "-" "WordPress/7.0.2; https://nrfwomencouncil.org"
202.69.42.10 - - [01/Aug/2026:12:22:15 -0600] "POST /xmlrpc.php HTTP/1.1" 200 403 "-" "Jetpack by WordPress.com"
202.69.42.10 - - [01/Aug/2026:12:22:27 -0600] "POST /xmlrpc.php HTTP/1.1" 200 403 "-" "Jetpack by WordPress.com (Jetpack 12.0; WordPress 6.4)"
202.69.42.10 - - [01/Aug/2026:12:22:38 -0600] "POST /xmlrpc.php HTTP/1.1" 200 403 "-" "Jetpack by WordPress.com"
202.69.42.10 - - [01/Aug/2026:12:22:48 -0600] "POST /xmlrpc.php HTTP/1.1" 200 403 "-" "WordPress.com; https://wordpress.com"
162.240.68.55 - - [01/Aug/2026:12:23:01 -0600] "POST /wp-cron.php?doing_wp_cron=1785608581.6412699222564697265625 HTTP/1.1" 200 - "-" "WordPress/7.0.2; https://nrfwomencouncil.org"
202.69.42.10 - - [01/Aug/2026:12:22:59 -0600] "POST /xmlrpc.php HTTP/1.1" 200 403 "-" "Jetpack/12.5; WordPress/6.1; http://site95821320.com"
202.69.42.10 - - [01/Aug/2026:12:23:10 -0600] "POST /xmlrpc.php HTTP/1.1" 200 403 "-" "Jetpack/13.0; WordPress/6.4; http://site55707552.com"
202.69.42.10 - - [01/Aug/2026:12:23:21 -0600] "POST /xmlrpc.php HTTP/1.1" 200 403 "-" "WordPress.com; https://wordpress.com"
43.164.131.148 - - [01/Aug/2026:12:25:12 -0600] "GET / HTTP/1.1" 200 62762 "http://www.nrfwomencouncil.org" "Mozilla/5.0 (iPhone; CPU iPhone OS 13_2_3 like Mac OS X) AppleWebKit/605.1.15 (KHTML, like Gecko) Version/13.0.3 Mobile/15E148 Safari/604.1"
162.240.68.55 - - [01/Aug/2026:12:29:09 -0600] "POST /wp-cron.php?doing_wp_cron=1785608949.1722168922424316406250 HTTP/1.1" 200 - "-" "WordPress/7.0.2; https://nrfwomencouncil.org"
47.79.13.181 - - [01/Aug/2026:12:29:08 -0600] "GET /wp-sitemap.xml HTTP/1.1" 200 1484 "-" "Mozilla/5.0 (Macintosh; Intel Mac OS X 10_15_7) AppleWebKit/537.36 (KHTML, like Gecko) Chrome/128.0.0.0 Safari/537.36"
162.240.68.55 - - [01/Aug/2026:12:30:26 -0600] "POST /wp-cron.php?doing_wp_cron=1785609026.9507100582122802734375 HTTP/1.1" 200 - "-" "WordPress/7.0.2; https://nrfwomencouncil.org"
57.141.18.12 - - [01/Aug/2026:12:30:26 -0600] "GET /wp-sitemap-taxonomies-team_cat-1.xml HTTP/1.1" 200 262 "-" "Mozilla/5.0 (Windows NT 10.0; Win64; x64) AppleWebKit/537.36 (KHTML, like Gecko) Chrome/145.0.0.0 Safari/537.36 (compatible; meta-externalagent/1.1 (+https://developers.facebook.com/docs/sharing/webmasters/crawler))"
162.240.68.55 - - [01/Aug/2026:12:32:41 -0600] "POST /wp-cron.php?doing_wp_cron=1785609161.2953369617462158203125 HTTP/1.1" 200 - "-" "WordPress/7.0.2; https://nrfwomencouncil.org"
148.113.130.118 - - [01/Aug/2026:12:32:40 -0600] "GET /wp-sitemap.xml HTTP/1.1" 200 1484 "-" "Mozilla/5.0 (compatible; AhrefsBot/7.0; +http://ahrefs.com/robot/)"
57.141.18.118 - - [01/Aug/2026:12:32:44 -0600] "GET /faqs/will-the-mayor-send-a-congratulatory-message-2/ HTTP/1.1" 200 39571 "-" "Mozilla/5.0 (Macintosh; Intel Mac OS X 10_15_7) AppleWebKit/537.36 (KHTML, like Gecko) Chrome/145.0.0.0 Safari/537.36 (compatible; meta-externalagent/1.1 (+https://developers.facebook.com/docs/sharing/webmasters/crawler))"
15.235.27.90 - - [01/Aug/2026:12:32:45 -0600] "GET /wp-sitemap-posts-post-1.xml HTTP/1.1" 200 334 "-" "Mozilla/5.0 (compatible; AhrefsBot/7.0; +http://ahrefs.com/robot/)"
148.113.130.43 - - [01/Aug/2026:12:32:47 -0600] "GET /wp-sitemap-posts-page-1.xml HTTP/1.1" 200 927 "-" "Mozilla/5.0 (compatible; AhrefsBot/7.0; +http://ahrefs.com/robot/)"
142.44.225.196 - - [01/Aug/2026:12:32:50 -0600] "GET /wp-sitemap-posts-portfolio-1.xml HTTP/1.1" 200 3871 "-" "Mozilla/5.0 (compatible; AhrefsBot/7.0; +http://ahrefs.com/robot/)"
51.222.168.40 - - [01/Aug/2026:12:32:52 -0600] "GET /wp-sitemap-posts-team-1.xml HTTP/1.1" 200 1564 "-" "Mozilla/5.0 (compatible; AhrefsBot/7.0; +http://ahrefs.com/robot/)"
15.235.27.16 - - [01/Aug/2026:12:32:54 -0600] "GET /wp-sitemap-posts-testimonials-1.xml HTTP/1.1" 200 924 "-" "Mozilla/5.0 (compatible; AhrefsBot/7.0; +http://ahrefs.com/robot/)"
162.240.68.55 - - [01/Aug/2026:12:32:59 -0600] "POST /wp-cron.php?doing_wp_cron=1785609179.3022561073303222656250 HTTP/1.1" 200 - "-" "WordPress/7.0.2; https://nrfwomencouncil.org"
167.114.139.211 - - [01/Aug/2026:12:32:58 -0600] "GET /wp-sitemap-posts-service-1.xml HTTP/1.1" 200 670 "-" "Mozilla/5.0 (compatible; AhrefsBot/7.0; +http://ahrefs.com/robot/)"
54.39.0.38 - - [01/Aug/2026:12:33:01 -0600] "GET /wp-sitemap-posts-department-1.xml HTTP/1.1" 200 3668 "-" "Mozilla/5.0 (compatible; AhrefsBot/7.0; +http://ahrefs.com/robot/)"
148.113.128.155 - - [01/Aug/2026:12:33:04 -0600] "GET /wp-sitemap-posts-faqs-1.xml HTTP/1.1" 200 1886 "-" "Mozilla/5.0 (compatible; AhrefsBot/7.0; +http://ahrefs.com/robot/)"
54.39.210.98 - - [01/Aug/2026:12:33:08 -0600] "GET /wp-sitemap-taxonomies-category-1.xml HTTP/1.1" 200 333 "-" "Mozilla/5.0 (compatible; AhrefsBot/7.0; +http://ahrefs.com/robot/)"
54.39.203.39 - - [01/Aug/2026:12:33:10 -0600] "GET /wp-sitemap-taxonomies-service_cat-1.xml HTTP/1.1" 200 269 "-" "Mozilla/5.0 (compatible; AhrefsBot/7.0; +http://ahrefs.com/robot/)"
142.44.233.25 - - [01/Aug/2026:12:33:17 -0600] "GET /wp-sitemap-taxonomies-testimonials_cat-1.xml HTTP/1.1" 200 361 "-" "Mozilla/5.0 (compatible; AhrefsBot/7.0; +http://ahrefs.com/robot/)"
142.44.233.0 - - [01/Aug/2026:12:33:19 -0600] "GET /wp-sitemap-taxonomies-team_cat-1.xml HTTP/1.1" 200 262 "-" "Mozilla/5.0 (compatible; AhrefsBot/7.0; +http://ahrefs.com/robot/)"
15.235.98.136 - - [01/Aug/2026:12:33:21 -0600] "GET /wp-sitemap-taxonomies-tribe_events_cat-1.xml HTTP/1.1" 200 423 "-" "Mozilla/5.0 (compatible; AhrefsBot/7.0; +http://ahrefs.com/robot/)"
54.39.203.65 - - [01/Aug/2026:12:33:24 -0600] "GET /wp-sitemap-users-1.xml HTTP/1.1" 200 257 "-" "Mozilla/5.0 (compatible; AhrefsBot/7.0; +http://ahrefs.com/robot/)"
162.240.68.55 - - [01/Aug/2026:12:36:56 -0600] "POST /wp-cron.php?doing_wp_cron=1785609416.3954479694366455078125 HTTP/1.1" 200 - "-" "WordPress/7.0.2; https://nrfwomencouncil.org"
51.222.168.63 - - [01/Aug/2026:12:36:55 -0600] "GET /events/2026-07-31/ HTTP/1.1" 200 70002 "-" "Mozilla/5.0 (compatible; AhrefsBot/7.0; +http://ahrefs.com/robot/)"
57.141.18.0 - - [01/Aug/2026:12:38:07 -0600] "GET /wp-sitemap-posts-testimonials-1.xml HTTP/1.1" 200 924 "-" "Mozilla/5.0 (Windows NT 10.0; Win64; x64) AppleWebKit/537.36 (KHTML, like Gecko) Chrome/145.0.0.0 Safari/537.36 (compatible; meta-externalagent/1.1 (+https://developers.facebook.com/docs/sharing/webmasters/crawler))"
162.240.68.55 - - [01/Aug/2026:12:38:09 -0600] "POST /wp-cron.php?doing_wp_cron=1785609489.6105239391326904296875 HTTP/1.1" 200 - "-" "WordPress/7.0.2; https://nrfwomencouncil.org"
162.240.68.55 - - [01/Aug/2026:12:40:02 -0600] "POST /wp-cron.php?doing_wp_cron=1785609602.4296550750732421875000 HTTP/1.1" 200 - "-" "WordPress/7.0.2; https://nrfwomencouncil.org"
57.141.18.112 - - [01/Aug/2026:12:40:01 -0600] "GET /portfolio/parking-clerk-3/ HTTP/1.1" 200 39363 "-" "Mozilla/5.0 (Windows NT 10.0; Win64; x64) AppleWebKit/537.36 (KHTML, like Gecko) Chrome/145.0.0.0 Safari/537.36 (compatible; meta-externalagent/1.1 (+https://developers.facebook.com/docs/sharing/webmasters/crawler))"
162.240.68.55 - - [01/Aug/2026:12:50:04 -0600] "POST /wp-cron.php?doing_wp_cron=1785610204.4958128929138183593750 HTTP/1.1" 200 - "-" "WordPress/7.0.2; https://nrfwomencouncil.org"
40.77.167.74 - - [01/Aug/2026:12:50:03 -0600] "GET /wp-sitemap-posts-team-1.xml HTTP/1.1" 200 1564 "-" "Mozilla/5.0 AppleWebKit/537.36 (KHTML, like Gecko; compatible; bingbot/2.0; +http://www.bing.com/bingbot.htm) Chrome/116.0.1938.76 Safari/537.36"
162.240.68.55 - - [01/Aug/2026:12:53:55 -0600] "POST /wp-cron.php?doing_wp_cron=1785610435.6220569610595703125000 HTTP/1.1" 200 - "-" "WordPress/7.0.2; https://nrfwomencouncil.org"
57.141.18.115 - - [01/Aug/2026:12:53:54 -0600] "GET /portfolio/job-expo-2020/ HTTP/1.1" 200 39552 "-" "Mozilla/5.0 (Windows NT 10.0; Win64; x64) AppleWebKit/537.36 (KHTML, like Gecko) Chrome/145.0.0.0 Safari/537.36 (compatible; meta-externalagent/1.1 (+https://developers.facebook.com/docs/sharing/webmasters/crawler))"
162.240.68.55 - - [01/Aug/2026:13:04:33 -0600] "POST /wp-cron.php?doing_wp_cron=1785611073.2193000316619873046875 HTTP/1.1" 200 - "-" "WordPress/7.0.2; https://nrfwomencouncil.org"
15.235.27.232 - - [01/Aug/2026:13:04:31 -0600] "GET /events/2026-09-12/ HTTP/1.1" 200 70012 "-" "Mozilla/5.0 (compatible; AhrefsBot/7.0; +http://ahrefs.com/robot/)"
162.240.68.55 - - [01/Aug/2026:13:11:27 -0600] "POST /wp-cron.php?doing_wp_cron=1785611487.3123579025268554687500 HTTP/1.1" 200 - "-" "WordPress/7.0.2; https://nrfwomencouncil.org"
144.76.32.236 - - [01/Aug/2026:13:11:26 -0600] "GET /robots.txt HTTP/1.1" 200 120 "-" "Mozilla/5.0 (compatible; SERankingBacklinksBot/1.0; +https://seranking.com/backlinks-crawler)"
144.76.32.236 - - [01/Aug/2026:13:11:28 -0600] "GET /author/kawa/ HTTP/1.1" 200 41447 "-" "Mozilla/5.0 (compatible; SERankingBacklinksBot/1.0; +https://seranking.com/backlinks-crawler)"
162.240.68.55 - - [01/Aug/2026:13:12:18 -0600] "POST /wp-cron.php?doing_wp_cron=1785611538.6459860801696777343750 HTTP/1.1" 200 - "-" "WordPress/7.0.2; https://nrfwomencouncil.org"
144.76.32.236 - - [01/Aug/2026:13:12:17 -0600] "GET /the-national-resistance-front-of-afghanistan/ HTTP/1.1" 200 51762 "-" "Mozilla/5.0 (compatible; SERankingBacklinksBot/1.0; +https://seranking.com/backlinks-crawler)"
162.240.68.55 - - [01/Aug/2026:13:13:08 -0600] "POST /wp-cron.php?doing_wp_cron=1785611588.5298430919647216796875 HTTP/1.1" 200 - "-" "WordPress/7.0.2; https://nrfwomencouncil.org"
144.76.32.236 - - [01/Aug/2026:13:13:07 -0600] "GET /team_cat/team-v1/ HTTP/1.1" 200 64379 "-" "Mozilla/5.0 (compatible; SERankingBacklinksBot/1.0; +https://seranking.com/backlinks-crawler)"
162.240.68.55 - - [01/Aug/2026:13:13:58 -0600] "POST /wp-cron.php?doing_wp_cron=1785611638.1721999645233154296875 HTTP/1.1" 200 - "-" "WordPress/7.0.2; https://nrfwomencouncil.org"
144.76.32.236 - - [01/Aug/2026:13:13:57 -0600] "GET /faqs/will-the-mayor-send-a-congratulatory-message/ HTTP/1.1" 200 39563 "-" "Mozilla/5.0 (compatible; SERankingBacklinksBot/1.0; +https://seranking.com/backlinks-crawler)"
144.76.32.236 - - [01/Aug/2026:13:14:46 -0600] "GET /team/elvina-julie/ HTTP/1.1" 200 39740 "-" "Mozilla/5.0 (compatible; SERankingBacklinksBot/1.0; +https://seranking.com/backlinks-crawler)"
144.76.32.236 - - [01/Aug/2026:13:15:36 -0600] "GET /faqs/what-is-the-work-culture-like-at-mayors-office/ HTTP/1.1" 200 39598 "-" "Mozilla/5.0 (compatible; SERankingBacklinksBot/1.0; +https://seranking.com/backlinks-crawler)"
162.240.68.55 - - [01/Aug/2026:13:15:38 -0600] "POST /wp-cron.php?doing_wp_cron=1785611738.3162701129913330078125 HTTP/1.1" 200 - "-" "WordPress/7.0.2; https://nrfwomencouncil.org"
162.240.68.55 - - [01/Aug/2026:13:16:28 -0600] "POST /wp-cron.php?doing_wp_cron=1785611788.5875990390777587890625 HTTP/1.1" 200 - "-" "WordPress/7.0.2; https://nrfwomencouncil.org"
144.76.32.236 - - [01/Aug/2026:13:16:27 -0600] "GET /team/bertram-irvin/ HTTP/1.1" 200 39747 "-" "Mozilla/5.0 (compatible; SERankingBacklinksBot/1.0; +https://seranking.com/backlinks-crawler)"
162.240.68.55 - - [01/Aug/2026:13:17:18 -0600] "POST /wp-cron.php?doing_wp_cron=1785611838.6266300678253173828125 HTTP/1.1" 200 - "-" "WordPress/7.0.2; https://nrfwomencouncil.org"
144.76.32.236 - - [01/Aug/2026:13:17:17 -0600] "GET /faqs/will-the-mayor-send-a-congratulatory-message-2/ HTTP/1.1" 200 39571 "-" "Mozilla/5.0 (compatible; SERankingBacklinksBot/1.0; +https://seranking.com/backlinks-crawler)"
162.240.68.55 - - [01/Aug/2026:13:18:09 -0600] "POST /wp-cron.php?doing_wp_cron=1785611889.7682969570159912109375 HTTP/1.1" 200 - "-" "WordPress/7.0.2; https://nrfwomencouncil.org"
144.76.32.236 - - [01/Aug/2026:13:18:08 -0600] "GET /team/herman-gordon/ HTTP/1.1" 200 39747 "-" "Mozilla/5.0 (compatible; SERankingBacklinksBot/1.0; +https://seranking.com/backlinks-crawler)"
162.240.68.55 - - [01/Aug/2026:13:19:00 -0600] "POST /wp-cron.php?doing_wp_cron=1785611940.1397418975830078125000 HTTP/1.1" 200 - "-" "WordPress/7.0.2; https://nrfwomencouncil.org"
144.76.32.236 - - [01/Aug/2026:13:18:59 -0600] "GET /faqs/i-have-a-complaint-who-do-i-talk-to-about-my-concerns/ HTTP/1.1" 200 39629 "-" "Mozilla/5.0 (compatible; SERankingBacklinksBot/1.0; +https://seranking.com/backlinks-crawler)"
144.76.32.236 - - [01/Aug/2026:13:19:49 -0600] "GET /team/marian-lenora/ HTTP/1.1" 200 39747 "-" "Mozilla/5.0 (compatible; SERankingBacklinksBot/1.0; +https://seranking.com/backlinks-crawler)"
144.76.32.236 - - [01/Aug/2026:13:20:39 -0600] "GET /faqs/will-the-city-provide-my-organization-with-a-letter-of-support/ HTTP/1.1" 200 39689 "-" "Mozilla/5.0 (compatible; SERankingBacklinksBot/1.0; +https://seranking.com/backlinks-crawler)"
162.240.68.55 - - [01/Aug/2026:13:20:40 -0600] "POST /wp-cron.php?doing_wp_cron=1785612040.2623291015625000000000 HTTP/1.1" 200 - "-" "WordPress/7.0.2; https://nrfwomencouncil.org"
162.240.68.55 - - [01/Aug/2026:13:21:30 -0600] "POST /wp-cron.php?doing_wp_cron=1785612090.7749459743499755859375 HTTP/1.1" 200 - "-" "WordPress/7.0.2; https://nrfwomencouncil.org"
144.76.32.236 - - [01/Aug/2026:13:21:29 -0600] "GET /category/statements/ HTTP/1.1" 200 41445 "-" "Mozilla/5.0 (compatible; SERankingBacklinksBot/1.0; +https://seranking.com/backlinks-crawler)"
162.240.68.55 - - [01/Aug/2026:13:22:21 -0600] "POST /wp-cron.php?doing_wp_cron=1785612141.9783160686492919921875 HTTP/1.1" 200 - "-" "WordPress/7.0.2; https://nrfwomencouncil.org"
144.76.32.236 - - [01/Aug/2026:13:22:21 -0600] "GET /faqs/will-the-city-provide-my-organization-with-a-letter-of-support-2/ HTTP/1.1" 200 39697 "-" "Mozilla/5.0 (compatible; SERankingBacklinksBot/1.0; +https://seranking.com/backlinks-crawler)"
144.76.32.236 - - [01/Aug/2026:13:23:12 -0600] "GET /statement/index.html HTTP/1.1" 404 37150 "-" "Mozilla/5.0 (compatible; SERankingBacklinksBot/1.0; +https://seranking.com/backlinks-crawler)"
162.240.68.55 - - [01/Aug/2026:13:23:14 -0600] "POST /wp-cron.php?doing_wp_cron=1785612194.2079598903656005859375 HTTP/1.1" 200 - "-" "WordPress/7.0.2; https://nrfwomencouncil.org"
162.240.68.55 - - [01/Aug/2026:13:25:02 -0600] "POST /wp-cron.php?doing_wp_cron=1785612302.8711700439453125000000 HTTP/1.1" 200 - "-" "WordPress/7.0.2; https://nrfwomencouncil.org"
51.81.81.39 - - [01/Aug/2026:13:25:01 -0600] "POST /wp-json/batch/v1 HTTP/1.1" 207 478 "-" "Mozilla/5.0 (Macintosh; Intel Mac OS X 10_15_7) AppleWebKit/537.36 (KHTML, like Gecko) Chrome/149.0.0.0 Safari/537.36"
51.81.81.39 - - [01/Aug/2026:13:25:13 -0600] "POST /wp-json/batch/v1 HTTP/1.1" 207 478 "-" "Mozilla/5.0 (Macintosh; Intel Mac OS X 10.15; rv:150.0) Gecko/20100101 Firefox/150.0"
51.81.81.39 - - [01/Aug/2026:13:25:14 -0600] "POST /wp-json/batch/v1 HTTP/1.1" 207 478 "-" "Mozilla/5.0 (Macintosh; Intel Mac OS X 10_15_7) AppleWebKit/537.36 (KHTML, like Gecko) Chrome/149.0.0.0 Safari/537.36"
51.81.81.39 - - [01/Aug/2026:13:25:15 -0600] "POST /wp-json/batch/v1 HTTP/1.1" 207 478 "-" "Mozilla/5.0 (Windows NT 10.0; Win64; x64) AppleWebKit/537.36 (KHTML, like Gecko) Chrome/148.0.0.0 Safari/537.36"
162.240.68.55 - - [01/Aug/2026:13:32:53 -0600] "POST /wp-cron.php?doing_wp_cron=1785612773.6372630596160888671875 HTTP/1.1" 200 - "-" "WordPress/7.0.2; https://nrfwomencouncil.org"
54.39.0.27 - - [01/Aug/2026:13:32:52 -0600] "GET /events/2026-12-16/index.html HTTP/1.1" 404 37150 "-" "Mozilla/5.0 (compatible; AhrefsBot/7.0; +http://ahrefs.com/robot/)"
104.196.21.156 - - [01/Aug/2026:13:32:54 -0600] "GET /.git/config HTTP/1.1" 404 37207 "-" "-"
162.240.68.55 - - [01/Aug/2026:13:37:42 -0600] "POST /wp-cron.php?doing_wp_cron=1785613061.9885449409484863281250 HTTP/1.1" 200 - "-" "WordPress/7.0.2; https://nrfwomencouncil.org"
142.44.228.164 - - [01/Aug/2026:13:37:40 -0600] "GET /events/2026-11-01/ HTTP/1.1" 200 70008 "-" "Mozilla/5.0 (compatible; AhrefsBot/7.0; +http://ahrefs.com/robot/)"
57.141.18.23 - - [01/Aug/2026:13:46:24 -0600] "GET /portfolio/british-museum-3/ HTTP/1.1" 200 39570 "-" "Mozilla/5.0 (Macintosh; Intel Mac OS X 10_15_7) AppleWebKit/537.36 (KHTML, like Gecko) Chrome/145.0.0.0 Safari/537.36 (compatible; meta-externalagent/1.1 (+https://developers.facebook.com/docs/sharing/webmasters/crawler))"
162.240.68.55 - - [01/Aug/2026:13:46:25 -0600] "POST /wp-cron.php?doing_wp_cron=1785613585.1175560951232910156250 HTTP/1.1" 200 - "-" "WordPress/7.0.2; https://nrfwomencouncil.org"
162.240.68.55 - - [01/Aug/2026:13:53:22 -0600] "POST /wp-cron.php?doing_wp_cron=1785614002.9802730083465576171875 HTTP/1.1" 200 - "-" "WordPress/7.0.2; https://nrfwomencouncil.org"
57.141.18.105 - - [01/Aug/2026:13:53:22 -0600] "GET /portfolio/st-james-park-3/ HTTP/1.1" 200 39563 "-" "Mozilla/5.0 (Windows NT 10.0; Win64; x64) AppleWebKit/537.36 (KHTML, like Gecko) Chrome/145.0.0.0 Safari/537.36 (compatible; meta-externalagent/1.1 (+https://developers.facebook.com/docs/sharing/webmasters/crawler))"
162.240.68.55 - - [01/Aug/2026:14:04:09 -0600] "POST /wp-cron.php?doing_wp_cron=1785614649.5622448921203613281250 HTTP/1.1" 200 - "-" "WordPress/7.0.2; https://nrfwomencouncil.org"
54.39.203.26 - - [01/Aug/2026:14:04:08 -0600] "GET /wp-sitemap.xml HTTP/1.1" 200 1484 "-" "Mozilla/5.0 (compatible; AhrefsBot/7.0; +http://ahrefs.com/robot/)"
54.39.136.156 - - [01/Aug/2026:14:04:12 -0600] "GET /wp-sitemap-posts-post-1.xml HTTP/1.1" 200 334 "-" "Mozilla/5.0 (compatible; AhrefsBot/7.0; +http://ahrefs.com/robot/)"
15.235.98.19 - - [01/Aug/2026:14:04:14 -0600] "GET /wp-sitemap-posts-page-1.xml HTTP/1.1" 200 927 "-" "Mozilla/5.0 (compatible; AhrefsBot/7.0; +http://ahrefs.com/robot/)"
54.39.0.183 - - [01/Aug/2026:14:04:16 -0600] "GET /wp-sitemap-posts-portfolio-1.xml HTTP/1.1" 200 3871 "-" "Mozilla/5.0 (compatible; AhrefsBot/7.0; +http://ahrefs.com/robot/)"
54.39.136.73 - - [01/Aug/2026:14:04:19 -0600] "GET /wp-sitemap-posts-team-1.xml HTTP/1.1" 200 1564 "-" "Mozilla/5.0 (compatible; AhrefsBot/7.0; +http://ahrefs.com/robot/)"
51.222.168.93 - - [01/Aug/2026:14:04:21 -0600] "GET /wp-sitemap-posts-testimonials-1.xml HTTP/1.1" 200 924 "-" "Mozilla/5.0 (compatible; AhrefsBot/7.0; +http://ahrefs.com/robot/)"
142.44.228.14 - - [01/Aug/2026:14:04:23 -0600] "GET /wp-sitemap-posts-service-1.xml HTTP/1.1" 200 670 "-" "Mozilla/5.0 (compatible; AhrefsBot/7.0; +http://ahrefs.com/robot/)"
167.114.139.20 - - [01/Aug/2026:14:04:32 -0600] "GET /wp-sitemap-posts-department-1.xml HTTP/1.1" 200 3668 "-" "Mozilla/5.0 (compatible; AhrefsBot/7.0; +http://ahrefs.com/robot/)"
148.113.128.138 - - [01/Aug/2026:14:04:35 -0600] "GET /wp-sitemap-posts-faqs-1.xml HTTP/1.1" 200 1886 "-" "Mozilla/5.0 (compatible; AhrefsBot/7.0; +http://ahrefs.com/robot/)"
167.114.139.195 - - [01/Aug/2026:14:04:38 -0600] "GET /wp-sitemap-taxonomies-category-1.xml HTTP/1.1" 200 333 "-" "Mozilla/5.0 (compatible; AhrefsBot/7.0; +http://ahrefs.com/robot/)"
51.161.37.99 - - [01/Aug/2026:14:04:40 -0600] "GET /wp-sitemap-taxonomies-service_cat-1.xml HTTP/1.1" 200 269 "-" "Mozilla/5.0 (compatible; AhrefsBot/7.0; +http://ahrefs.com/robot/)"
142.44.220.158 - - [01/Aug/2026:14:04:42 -0600] "GET /wp-sitemap-taxonomies-testimonials_cat-1.xml HTTP/1.1" 200 361 "-" "Mozilla/5.0 (compatible; AhrefsBot/7.0; +http://ahrefs.com/robot/)"
54.39.0.209 - - [01/Aug/2026:14:04:45 -0600] "GET /wp-sitemap-taxonomies-team_cat-1.xml HTTP/1.1" 200 262 "-" "Mozilla/5.0 (compatible; AhrefsBot/7.0; +http://ahrefs.com/robot/)"
142.44.233.130 - - [01/Aug/2026:14:04:47 -0600] "GET /wp-sitemap-taxonomies-tribe_events_cat-1.xml HTTP/1.1" 200 423 "-" "Mozilla/5.0 (compatible; AhrefsBot/7.0; +http://ahrefs.com/robot/)"
54.39.136.57 - - [01/Aug/2026:14:04:50 -0600] "GET /wp-sitemap-users-1.xml HTTP/1.1" 200 257 "-" "Mozilla/5.0 (compatible; AhrefsBot/7.0; +http://ahrefs.com/robot/)"
162.240.68.55 - - [01/Aug/2026:14:32:43 -0600] "POST /wp-cron.php?doing_wp_cron=1785616363.9576599597930908203125 HTTP/1.1" 200 - "-" "WordPress/7.0.2; https://nrfwomencouncil.org"
15.235.27.124 - - [01/Aug/2026:14:32:43 -0600] "GET /events/2025-12-11/index.html HTTP/1.1" 404 37150 "-" "Mozilla/5.0 (compatible; AhrefsBot/7.0; +http://ahrefs.com/robot/)"
162.240.68.55 - - [01/Aug/2026:14:35:21 -0600] "POST /wp-cron.php?doing_wp_cron=1785616521.1308948993682861328125 HTTP/1.1" 200 - "-" "WordPress/7.0.2; https://nrfwomencouncil.org"
51.222.168.98 - - [01/Aug/2026:14:35:20 -0600] "GET /events/2025-06-01/ HTTP/1.1" 200 69998 "-" "Mozilla/5.0 (compatible; AhrefsBot/7.0; +http://ahrefs.com/robot/)"
57.141.18.103 - - [01/Aug/2026:14:35:53 -0600] "GET /portfolio/british-museum/ HTTP/1.1" 200 39559 "-" "Mozilla/5.0 (Macintosh; Intel Mac OS X 10_15_7) AppleWebKit/537.36 (KHTML, like Gecko) Chrome/145.0.0.0 Safari/537.36 (compatible; meta-externalagent/1.1 (+https://developers.facebook.com/docs/sharing/webmasters/crawler))"
64.23.136.194 - - [01/Aug/2026:14:36:18 -0600] "GET / HTTP/1.1" 200 62762 "-" "Mozilla/5.0 (X11; Linux x86_64; rv:142.0) Gecko/20100101 Firefox/142.0"
64.23.136.194 - - [01/Aug/2026:14:36:20 -0600] "GET /wp-content/uploads/2023/03/cropped-cropped-Banner-03-1-32x32.png HTTP/1.1" 200 2337 "https://nrfwomencouncil.org/" "Mozilla/5.0 (X11; Linux x86_64; rv:142.0) Gecko/20100101 Firefox/142.0"
162.240.68.55 - - [01/Aug/2026:14:37:44 -0600] "POST /wp-cron.php?doing_wp_cron=1785616664.6115119457244873046875 HTTP/1.1" 200 - "-" "WordPress/7.0.2; https://nrfwomencouncil.org"
142.44.228.159 - - [01/Aug/2026:14:37:43 -0600] "GET /events/2027-03-30/ HTTP/1.1" 200 70004 "-" "Mozilla/5.0 (compatible; AhrefsBot/7.0; +http://ahrefs.com/robot/)"
