142.44.225.16 - - [01/Aug/2026:18:32:31 -0600] "GET /wp-sitemap-taxonomies-team_cat-1.xml HTTP/1.1" 200 262 "-" "Mozilla/5.0 (compatible; AhrefsBot/7.0; +http://ahrefs.com/robot/)"
148.113.130.210 - - [01/Aug/2026:18:32:33 -0600] "GET /wp-sitemap-taxonomies-tribe_events_cat-1.xml HTTP/1.1" 200 423 "-" "Mozilla/5.0 (compatible; AhrefsBot/7.0; +http://ahrefs.com/robot/)"
148.113.130.127 - - [01/Aug/2026:18:32:38 -0600] "GET /wp-sitemap-users-1.xml HTTP/1.1" 200 257 "-" "Mozilla/5.0 (compatible; AhrefsBot/7.0; +http://ahrefs.com/robot/)"
162.240.68.55 - - [01/Aug/2026:18:33:58 -0600] "POST /wp-cron.php?doing_wp_cron=1785630838.6893620491027832031250 HTTP/1.1" 200 - "-" "WordPress/7.0.2; https://nrfwomencouncil.org"
142.44.233.113 - - [01/Aug/2026:18:33:57 -0600] "GET /events/2025-08-29/ HTTP/1.1" 200 70006 "-" "Mozilla/5.0 (compatible; AhrefsBot/7.0; +http://ahrefs.com/robot/)"
61.2.50.245 - - [01/Aug/2026:18:34:30 -0600] "POST /xmlrpc.php HTTP/1.1" 200 403 "-" "Jetpack/12.5; WordPress/6.2; http://site22206531.com"
61.2.50.245 - - [01/Aug/2026:18:34:41 -0600] "POST /xmlrpc.php HTTP/1.1" 200 403 "-" "WordPress.com; https://wordpress.com"
61.2.50.245 - - [01/Aug/2026:18:34:51 -0600] "POST /xmlrpc.php HTTP/1.1" 200 403 "-" "Jetpack/13.0; WordPress/6.1; http://site67728809.com"
162.240.68.55 - - [01/Aug/2026:18:35:03 -0600] "POST /wp-cron.php?doing_wp_cron=1785630903.4918220043182373046875 HTTP/1.1" 200 - "-" "WordPress/7.0.2; https://nrfwomencouncil.org"
61.2.50.245 - - [01/Aug/2026:18:35:02 -0600] "POST /xmlrpc.php HTTP/1.1" 200 403 "-" "Jetpack by WordPress.com (Jetpack 12.1; WordPress 6.3)"
61.2.50.245 - - [01/Aug/2026:18:35:13 -0600] "POST /xmlrpc.php HTTP/1.1" 200 403 "-" "Jetpack by WordPress.com"
61.2.50.245 - - [01/Aug/2026:18:35:23 -0600] "POST /xmlrpc.php HTTP/1.1" 200 403 "-" "Jetpack by WordPress.com (Jetpack 13.0; WordPress 6.2)"
61.2.50.245 - - [01/Aug/2026:18:35:34 -0600] "POST /xmlrpc.php HTTP/1.1" 200 403 "-" "Jetpack by WordPress.com"
142.44.228.105 - - [01/Aug/2026:18:35:41 -0600] "GET /events/2025-12-30/ HTTP/1.1" 200 70012 "-" "Mozilla/5.0 (compatible; AhrefsBot/7.0; +http://ahrefs.com/robot/)"
61.2.50.245 - - [01/Aug/2026:18:35:44 -0600] "POST /xmlrpc.php HTTP/1.1" 200 403 "-" "Jetpack/12.1; WordPress/6.2; http://site36932733.com"
61.2.50.245 - - [01/Aug/2026:18:35:55 -0600] "POST /xmlrpc.php HTTP/1.1" 200 403 "-" "Jetpack/12.5; WordPress/6.1; http://site60681201.com"
162.240.68.55 - - [01/Aug/2026:18:36:06 -0600] "POST /wp-cron.php?doing_wp_cron=1785630966.8997750282287597656250 HTTP/1.1" 200 - "-" "WordPress/7.0.2; https://nrfwomencouncil.org"
61.2.50.245 - - [01/Aug/2026:18:36:06 -0600] "POST /xmlrpc.php HTTP/1.1" 200 403 "-" "Jetpack by WordPress.com"
61.2.50.245 - - [01/Aug/2026:18:36:16 -0600] "POST /xmlrpc.php HTTP/1.1" 200 403 "-" "Jetpack by WordPress.com"
61.2.50.245 - - [01/Aug/2026:18:36:27 -0600] "POST /xmlrpc.php HTTP/1.1" 200 403 "-" "Jetpack by WordPress.com (Jetpack 12.0; WordPress 6.3)"
61.2.50.245 - - [01/Aug/2026:18:36:37 -0600] "POST /xmlrpc.php HTTP/1.1" 200 403 "-" "Jetpack/12.5; WordPress/6.3; http://site94570411.com"
61.2.50.245 - - [01/Aug/2026:18:36:48 -0600] "POST /xmlrpc.php HTTP/1.1" 200 403 "-" "Jetpack by WordPress.com"
162.240.68.55 - - [01/Aug/2026:18:36:59 -0600] "POST /wp-cron.php?doing_wp_cron=1785631019.7474370002746582031250 HTTP/1.1" 200 - "-" "WordPress/7.0.2; https://nrfwomencouncil.org"
61.2.50.245 - - [01/Aug/2026:18:36:58 -0600] "POST /xmlrpc.php HTTP/1.1" 200 403 "-" "WordPress.com; https://wordpress.com"
142.44.225.23 - - [01/Aug/2026:18:37:08 -0600] "GET /events/2024-10-22/ HTTP/1.1" 200 70010 "-" "Mozilla/5.0 (compatible; AhrefsBot/7.0; +http://ahrefs.com/robot/)"
61.2.50.245 - - [01/Aug/2026:18:37:09 -0600] "POST /xmlrpc.php HTTP/1.1" 200 403 "-" "Jetpack by WordPress.com"
61.2.50.245 - - [01/Aug/2026:18:37:20 -0600] "POST /xmlrpc.php HTTP/1.1" 200 403 "-" "Jetpack by WordPress.com (Jetpack 12.0; WordPress 6.1)"
61.2.50.245 - - [01/Aug/2026:18:37:30 -0600] "POST /xmlrpc.php HTTP/1.1" 200 403 "-" "WordPress.com; https://wordpress.com"
61.2.50.245 - - [01/Aug/2026:18:37:41 -0600] "POST /xmlrpc.php HTTP/1.1" 200 403 "-" "Jetpack by WordPress.com"
61.2.50.245 - - [01/Aug/2026:18:37:51 -0600] "POST /xmlrpc.php HTTP/1.1" 200 403 "-" "Jetpack by WordPress.com"
162.240.68.55 - - [01/Aug/2026:18:38:03 -0600] "POST /wp-cron.php?doing_wp_cron=1785631083.2464959621429443359375 HTTP/1.1" 200 - "-" "WordPress/7.0.2; https://nrfwomencouncil.org"
61.2.50.245 - - [01/Aug/2026:18:38:02 -0600] "POST /xmlrpc.php HTTP/1.1" 200 403 "-" "Jetpack by WordPress.com (Jetpack 13.0; WordPress 6.4)"
61.2.50.245 - - [01/Aug/2026:18:38:12 -0600] "POST /xmlrpc.php HTTP/1.1" 200 403 "-" "Jetpack by WordPress.com"
61.2.50.245 - - [01/Aug/2026:18:38:23 -0600] "POST /xmlrpc.php HTTP/1.1" 200 403 "-" "Jetpack by WordPress.com (Jetpack 12.1; WordPress 6.3)"
61.2.50.245 - - [01/Aug/2026:18:38:34 -0600] "POST /xmlrpc.php HTTP/1.1" 200 403 "-" "Jetpack by WordPress.com"
61.2.50.245 - - [01/Aug/2026:18:38:44 -0600] "POST /xmlrpc.php HTTP/1.1" 200 403 "-" "Jetpack by WordPress.com"
142.44.228.66 - - [01/Aug/2026:18:38:44 -0600] "GET /events/2024-10-22/index.html HTTP/1.1" 404 37150 "-" "Mozilla/5.0 (compatible; AhrefsBot/7.0; +http://ahrefs.com/robot/)"
61.2.50.245 - - [01/Aug/2026:18:38:55 -0600] "POST /xmlrpc.php HTTP/1.1" 200 403 "-" "Jetpack by WordPress.com (Jetpack 13.0; WordPress 6.4)"
162.240.68.55 - - [01/Aug/2026:18:39:06 -0600] "POST /wp-cron.php?doing_wp_cron=1785631146.8685290813446044921875 HTTP/1.1" 200 - "-" "WordPress/7.0.2; https://nrfwomencouncil.org"
61.2.50.245 - - [01/Aug/2026:18:39:06 -0600] "POST /xmlrpc.php HTTP/1.1" 200 403 "-" "Jetpack by WordPress.com (Jetpack 12.0; WordPress 6.2)"
69.63.184.30 - - [01/Aug/2026:18:39:13 -0600] "GET /robots.txt HTTP/1.1" 200 120 "-" "facebookexternalhit/1.1 (+http://www.facebook.com/externalhit_uatext.php)"
69.63.184.32 - - [01/Aug/2026:18:39:13 -0600] "GET /robots.txt HTTP/1.1" 200 120 "-" "facebookexternalhit/1.1 (+http://www.facebook.com/externalhit_uatext.php)"
173.252.69.25 - - [01/Aug/2026:18:39:14 -0600] "GET /robots.txt HTTP/1.1" 200 120 "-" "facebookexternalhit/1.1 (+http://www.facebook.com/externalhit_uatext.php)"
173.252.69.27 - - [01/Aug/2026:18:39:14 -0600] "GET /robots.txt HTTP/1.1" 200 120 "-" "facebookexternalhit/1.1 (+http://www.facebook.com/externalhit_uatext.php)"
57.141.18.27 - - [01/Aug/2026:18:39:15 -0600] "GET /team/bertram-irvin/ HTTP/1.1" 200 39747 "-" "Mozilla/5.0 (Windows NT 10.0; Win64; x64) AppleWebKit/537.36 (KHTML, like Gecko) Chrome/145.0.0.0 Safari/537.36 (compatible; meta-externalagent/1.1 (+https://developers.facebook.com/docs/sharing/webmasters/crawler))"
61.2.50.245 - - [01/Aug/2026:18:39:16 -0600] "POST /xmlrpc.php HTTP/1.1" 200 403 "-" "WordPress.com; https://wordpress.com"
61.2.50.245 - - [01/Aug/2026:18:39:27 -0600] "POST /xmlrpc.php HTTP/1.1" 200 403 "-" "Jetpack/12.5; WordPress/6.4; http://site56750003.com"
61.2.50.245 - - [01/Aug/2026:18:39:37 -0600] "POST /xmlrpc.php HTTP/1.1" 200 403 "-" "WordPress.com; https://wordpress.com"
61.2.50.245 - - [01/Aug/2026:18:39:48 -0600] "POST /xmlrpc.php HTTP/1.1" 200 403 "-" "Jetpack by WordPress.com"
162.240.68.55 - - [01/Aug/2026:18:39:59 -0600] "POST /wp-cron.php?doing_wp_cron=1785631199.6768169403076171875000 HTTP/1.1" 200 - "-" "WordPress/7.0.2; https://nrfwomencouncil.org"
61.2.50.245 - - [01/Aug/2026:18:39:58 -0600] "POST /xmlrpc.php HTTP/1.1" 200 403 "-" "WordPress.com; https://wordpress.com"
61.2.50.245 - - [01/Aug/2026:18:40:09 -0600] "POST /xmlrpc.php HTTP/1.1" 200 403 "-" "WordPress.com; https://wordpress.com"
61.2.50.245 - - [01/Aug/2026:18:40:19 -0600] "POST /xmlrpc.php HTTP/1.1" 200 403 "-" "Jetpack/12.1; WordPress/6.3; http://site49510082.com"
61.2.50.245 - - [01/Aug/2026:18:40:30 -0600] "POST /xmlrpc.php HTTP/1.1" 200 403 "-" "WordPress.com; https://wordpress.com"
61.2.50.245 - - [01/Aug/2026:18:40:41 -0600] "POST /xmlrpc.php HTTP/1.1" 200 403 "-" "Jetpack by WordPress.com (Jetpack 12.1; WordPress 6.3)"
61.2.50.245 - - [01/Aug/2026:18:40:51 -0600] "POST /xmlrpc.php HTTP/1.1" 200 403 "-" "Jetpack/12.1; WordPress/6.2; http://site54987178.com"
104.210.140.132 - - [01/Aug/2026:18:40:54 -0600] "GET /robots.txt HTTP/1.1" 200 120 "-" "Mozilla/5.0 (Macintosh; Intel Mac OS X 10_15_7) AppleWebKit/537.36 (KHTML, like Gecko) Chrome/131.0.0.0 Safari/537.36; compatible; OAI-SearchBot/1.0; +https://openai.com/searchbot"
162.240.68.55 - - [01/Aug/2026:18:41:03 -0600] "POST /wp-cron.php?doing_wp_cron=1785631263.2461049556732177734375 HTTP/1.1" 200 - "-" "WordPress/7.0.2; https://nrfwomencouncil.org"
61.2.50.245 - - [01/Aug/2026:18:41:02 -0600] "POST /xmlrpc.php HTTP/1.1" 200 403 "-" "Jetpack by WordPress.com"
61.2.50.245 - - [01/Aug/2026:18:41:12 -0600] "POST /xmlrpc.php HTTP/1.1" 200 403 "-" "WordPress.com; https://wordpress.com"
61.2.50.245 - - [01/Aug/2026:18:41:23 -0600] "POST /xmlrpc.php HTTP/1.1" 200 403 "-" "Jetpack/12.5; WordPress/6.2; http://site13857291.com"
61.2.50.245 - - [01/Aug/2026:18:41:34 -0600] "POST /xmlrpc.php HTTP/1.1" 200 403 "-" "Jetpack by WordPress.com (Jetpack 12.5; WordPress 6.3)"
61.2.50.245 - - [01/Aug/2026:18:41:44 -0600] "POST /xmlrpc.php HTTP/1.1" 200 403 "-" "Jetpack by WordPress.com (Jetpack 12.1; WordPress 6.1)"
61.2.50.245 - - [01/Aug/2026:18:41:55 -0600] "POST /xmlrpc.php HTTP/1.1" 200 403 "-" "Jetpack by WordPress.com"
162.240.68.55 - - [01/Aug/2026:18:42:06 -0600] "POST /wp-cron.php?doing_wp_cron=1785631326.7625179290771484375000 HTTP/1.1" 200 - "-" "WordPress/7.0.2; https://nrfwomencouncil.org"
61.2.50.245 - - [01/Aug/2026:18:42:05 -0600] "POST /xmlrpc.php HTTP/1.1" 200 403 "-" "Jetpack by WordPress.com (Jetpack 12.5; WordPress 6.4)"
61.2.50.245 - - [01/Aug/2026:18:42:16 -0600] "POST /xmlrpc.php HTTP/1.1" 200 403 "-" "Jetpack by WordPress.com (Jetpack 12.0; WordPress 6.3)"
61.2.50.245 - - [01/Aug/2026:18:42:27 -0600] "POST /xmlrpc.php HTTP/1.1" 200 403 "-" "Jetpack by WordPress.com (Jetpack 12.0; WordPress 6.1)"
61.2.50.245 - - [01/Aug/2026:18:42:37 -0600] "POST /xmlrpc.php HTTP/1.1" 200 403 "-" "Jetpack by WordPress.com"
61.2.50.245 - - [01/Aug/2026:18:42:48 -0600] "POST /xmlrpc.php HTTP/1.1" 200 403 "-" "WordPress.com; https://wordpress.com"
61.2.50.245 - - [01/Aug/2026:18:42:58 -0600] "POST /xmlrpc.php HTTP/1.1" 200 403 "-" "Jetpack by WordPress.com (Jetpack 12.5; WordPress 6.2)"
162.240.68.55 - - [01/Aug/2026:18:43:00 -0600] "POST /wp-cron.php?doing_wp_cron=1785631380.2375919818878173828125 HTTP/1.1" 200 - "-" "WordPress/7.0.2; https://nrfwomencouncil.org"
61.2.50.245 - - [01/Aug/2026:18:43:09 -0600] "POST /xmlrpc.php HTTP/1.1" 200 403 "-" "Jetpack by WordPress.com"
61.2.50.245 - - [01/Aug/2026:18:43:20 -0600] "POST /xmlrpc.php HTTP/1.1" 200 403 "-" "Jetpack by WordPress.com (Jetpack 12.1; WordPress 6.4)"
61.2.50.245 - - [01/Aug/2026:18:43:30 -0600] "POST /xmlrpc.php HTTP/1.1" 200 403 "-" "Jetpack by WordPress.com (Jetpack 13.0; WordPress 6.1)"
61.2.50.245 - - [01/Aug/2026:18:43:41 -0600] "POST /xmlrpc.php HTTP/1.1" 200 403 "-" "WordPress.com; https://wordpress.com"
61.2.50.245 - - [01/Aug/2026:18:43:51 -0600] "POST /xmlrpc.php HTTP/1.1" 200 403 "-" "WordPress.com; https://wordpress.com"
162.240.68.55 - - [01/Aug/2026:18:44:03 -0600] "POST /wp-cron.php?doing_wp_cron=1785631443.5029129981994628906250 HTTP/1.1" 200 - "-" "WordPress/7.0.2; https://nrfwomencouncil.org"
61.2.50.245 - - [01/Aug/2026:18:44:02 -0600] "POST /xmlrpc.php HTTP/1.1" 200 403 "-" "Jetpack by WordPress.com (Jetpack 12.5; WordPress 6.1)"
61.2.50.245 - - [01/Aug/2026:18:44:13 -0600] "POST /xmlrpc.php HTTP/1.1" 200 403 "-" "Jetpack/12.0; WordPress/6.4; http://site33757359.com"
61.2.50.245 - - [01/Aug/2026:18:44:23 -0600] "POST /xmlrpc.php HTTP/1.1" 200 403 "-" "Jetpack by WordPress.com"
61.2.50.245 - - [01/Aug/2026:18:44:34 -0600] "POST /xmlrpc.php HTTP/1.1" 200 403 "-" "Jetpack/12.1; WordPress/6.4; http://site99711680.com"
61.2.50.245 - - [01/Aug/2026:18:44:44 -0600] "POST /xmlrpc.php HTTP/1.1" 200 403 "-" "Jetpack by WordPress.com (Jetpack 12.1; WordPress 6.2)"
61.2.50.245 - - [01/Aug/2026:18:44:55 -0600] "POST /xmlrpc.php HTTP/1.1" 200 403 "-" "Jetpack by WordPress.com"
162.240.68.55 - - [01/Aug/2026:18:45:07 -0600] "POST /wp-cron.php?doing_wp_cron=1785631507.0421140193939208984375 HTTP/1.1" 200 - "-" "WordPress/7.0.2; https://nrfwomencouncil.org"
61.2.50.245 - - [01/Aug/2026:18:45:06 -0600] "POST /xmlrpc.php HTTP/1.1" 200 403 "-" "Jetpack by WordPress.com (Jetpack 12.1; WordPress 6.1)"
61.2.50.245 - - [01/Aug/2026:18:45:16 -0600] "POST /xmlrpc.php HTTP/1.1" 200 403 "-" "Jetpack by WordPress.com"
61.2.50.245 - - [01/Aug/2026:18:45:27 -0600] "POST /xmlrpc.php HTTP/1.1" 200 403 "-" "Jetpack by WordPress.com (Jetpack 12.5; WordPress 6.1)"
61.2.50.245 - - [01/Aug/2026:18:45:37 -0600] "POST /xmlrpc.php HTTP/1.1" 200 403 "-" "Jetpack/12.1; WordPress/6.2; http://site26317416.com"
61.2.50.245 - - [01/Aug/2026:18:45:48 -0600] "POST /xmlrpc.php HTTP/1.1" 200 403 "-" "Jetpack/12.0; WordPress/6.2; http://site39882419.com"
61.2.50.245 - - [01/Aug/2026:18:45:58 -0600] "POST /xmlrpc.php HTTP/1.1" 200 403 "-" "WordPress.com; https://wordpress.com"
162.240.68.55 - - [01/Aug/2026:18:46:02 -0600] "POST /wp-cron.php?doing_wp_cron=1785631562.0134088993072509765625 HTTP/1.1" 200 - "-" "WordPress/7.0.2; https://nrfwomencouncil.org"
61.2.50.245 - - [01/Aug/2026:18:46:09 -0600] "POST /xmlrpc.php HTTP/1.1" 200 403 "-" "Jetpack/12.0; WordPress/6.1; http://site24328599.com"
61.2.50.245 - - [01/Aug/2026:18:46:20 -0600] "POST /xmlrpc.php HTTP/1.1" 200 403 "-" "Jetpack/13.0; WordPress/6.1; http://site48242731.com"
61.2.50.245 - - [01/Aug/2026:18:46:30 -0600] "POST /xmlrpc.php HTTP/1.1" 200 403 "-" "Jetpack by WordPress.com (Jetpack 12.1; WordPress 6.3)"
61.2.50.245 - - [01/Aug/2026:18:46:41 -0600] "POST /xmlrpc.php HTTP/1.1" 200 403 "-" "Jetpack/12.0; WordPress/6.1; http://site70346722.com"
61.2.50.245 - - [01/Aug/2026:18:46:51 -0600] "POST /xmlrpc.php HTTP/1.1" 200 403 "-" "Jetpack by WordPress.com"
162.240.68.55 - - [01/Aug/2026:18:47:03 -0600] "POST /wp-cron.php?doing_wp_cron=1785631623.2860279083251953125000 HTTP/1.1" 200 - "-" "WordPress/7.0.2; https://nrfwomencouncil.org"
61.2.50.245 - - [01/Aug/2026:18:47:02 -0600] "POST /xmlrpc.php HTTP/1.1" 200 403 "-" "Jetpack by WordPress.com"
61.2.50.245 - - [01/Aug/2026:18:47:13 -0600] "POST /xmlrpc.php HTTP/1.1" 200 403 "-" "Jetpack by WordPress.com"
61.2.50.245 - - [01/Aug/2026:18:47:23 -0600] "POST /xmlrpc.php HTTP/1.1" 200 403 "-" "Jetpack by WordPress.com (Jetpack 12.1; WordPress 6.4)"
61.2.50.245 - - [01/Aug/2026:18:47:34 -0600] "POST /xmlrpc.php HTTP/1.1" 200 403 "-" "WordPress.com; https://wordpress.com"
61.2.50.245 - - [01/Aug/2026:18:47:44 -0600] "POST /xmlrpc.php HTTP/1.1" 200 403 "-" "Jetpack by WordPress.com"
61.2.50.245 - - [01/Aug/2026:18:47:55 -0600] "POST /xmlrpc.php HTTP/1.1" 200 403 "-" "Jetpack by WordPress.com"
162.240.68.55 - - [01/Aug/2026:18:48:06 -0600] "POST /wp-cron.php?doing_wp_cron=1785631686.8029150962829589843750 HTTP/1.1" 200 - "-" "WordPress/7.0.2; https://nrfwomencouncil.org"
61.2.50.245 - - [01/Aug/2026:18:48:05 -0600] "POST /xmlrpc.php HTTP/1.1" 200 403 "-" "WordPress.com; https://wordpress.com"
61.2.50.245 - - [01/Aug/2026:18:48:16 -0600] "POST /xmlrpc.php HTTP/1.1" 200 403 "-" "WordPress.com; https://wordpress.com"
61.2.50.245 - - [01/Aug/2026:18:48:27 -0600] "POST /xmlrpc.php HTTP/1.1" 200 403 "-" "Jetpack/12.5; WordPress/6.3; http://site51909504.com"
61.2.50.245 - - [01/Aug/2026:18:48:37 -0600] "POST /xmlrpc.php HTTP/1.1" 200 403 "-" "WordPress.com; https://wordpress.com"
61.2.50.245 - - [01/Aug/2026:18:48:48 -0600] "POST /xmlrpc.php HTTP/1.1" 200 403 "-" "Jetpack by WordPress.com (Jetpack 12.5; WordPress 6.2)"
162.240.68.55 - - [01/Aug/2026:18:48:59 -0600] "POST /wp-cron.php?doing_wp_cron=1785631739.7251069545745849609375 HTTP/1.1" 200 - "-" "WordPress/7.0.2; https://nrfwomencouncil.org"
61.2.50.245 - - [01/Aug/2026:18:48:58 -0600] "POST /xmlrpc.php HTTP/1.1" 200 403 "-" "Jetpack by WordPress.com (Jetpack 12.0; WordPress 6.4)"
61.2.50.245 - - [01/Aug/2026:18:49:09 -0600] "POST /xmlrpc.php HTTP/1.1" 200 403 "-" "Jetpack by WordPress.com"
61.2.50.245 - - [01/Aug/2026:18:49:19 -0600] "POST /xmlrpc.php HTTP/1.1" 200 403 "-" "Jetpack by WordPress.com (Jetpack 12.1; WordPress 6.2)"
61.2.50.245 - - [01/Aug/2026:18:49:30 -0600] "POST /xmlrpc.php HTTP/1.1" 200 403 "-" "Jetpack/12.5; WordPress/6.4; http://site96217294.com"
61.2.50.245 - - [01/Aug/2026:18:49:41 -0600] "POST /xmlrpc.php HTTP/1.1" 200 403 "-" "Jetpack by WordPress.com (Jetpack 12.5; WordPress 6.2)"
61.2.50.245 - - [01/Aug/2026:18:49:51 -0600] "POST /xmlrpc.php HTTP/1.1" 200 403 "-" "WordPress.com; https://wordpress.com"
162.240.68.55 - - [01/Aug/2026:18:50:03 -0600] "POST /wp-cron.php?doing_wp_cron=1785631803.3236179351806640625000 HTTP/1.1" 200 - "-" "WordPress/7.0.2; https://nrfwomencouncil.org"
61.2.50.245 - - [01/Aug/2026:18:50:02 -0600] "POST /xmlrpc.php HTTP/1.1" 200 403 "-" "Jetpack/12.0; WordPress/6.1; http://site86560382.com"
61.2.50.245 - - [01/Aug/2026:18:50:13 -0600] "POST /xmlrpc.php HTTP/1.1" 200 403 "-" "Jetpack by WordPress.com (Jetpack 12.0; WordPress 6.2)"
61.2.50.245 - - [01/Aug/2026:18:50:23 -0600] "POST /xmlrpc.php HTTP/1.1" 200 403 "-" "WordPress.com; https://wordpress.com"
61.2.50.245 - - [01/Aug/2026:18:50:34 -0600] "POST /xmlrpc.php HTTP/1.1" 200 403 "-" "WordPress.com; https://wordpress.com"
61.2.50.245 - - [01/Aug/2026:18:50:44 -0600] "POST /xmlrpc.php HTTP/1.1" 200 403 "-" "Jetpack by WordPress.com"
61.2.50.245 - - [01/Aug/2026:18:50:55 -0600] "POST /xmlrpc.php HTTP/1.1" 200 403 "-" "Jetpack/12.1; WordPress/6.2; http://site29954599.com"
162.240.68.55 - - [01/Aug/2026:18:51:06 -0600] "POST /wp-cron.php?doing_wp_cron=1785631866.8589460849761962890625 HTTP/1.1" 200 - "-" "WordPress/7.0.2; https://nrfwomencouncil.org"
61.2.50.245 - - [01/Aug/2026:18:51:06 -0600] "POST /xmlrpc.php HTTP/1.1" 200 403 "-" "Jetpack/13.0; WordPress/6.3; http://site35709702.com"
61.2.50.245 - - [01/Aug/2026:18:51:16 -0600] "POST /xmlrpc.php HTTP/1.1" 200 403 "-" "Jetpack by WordPress.com"
61.2.50.245 - - [01/Aug/2026:18:51:27 -0600] "POST /xmlrpc.php HTTP/1.1" 200 403 "-" "WordPress.com; https://wordpress.com"
61.2.50.245 - - [01/Aug/2026:18:51:37 -0600] "POST /xmlrpc.php HTTP/1.1" 200 403 "-" "Jetpack/12.1; WordPress/6.1; http://site56933425.com"
61.2.50.245 - - [01/Aug/2026:18:51:48 -0600] "POST /xmlrpc.php HTTP/1.1" 200 403 "-" "WordPress.com; https://wordpress.com"
162.240.68.55 - - [01/Aug/2026:18:51:59 -0600] "POST /wp-cron.php?doing_wp_cron=1785631919.7236781120300292968750 HTTP/1.1" 200 - "-" "WordPress/7.0.2; https://nrfwomencouncil.org"
61.2.50.245 - - [01/Aug/2026:18:51:58 -0600] "POST /xmlrpc.php HTTP/1.1" 200 403 "-" "WordPress.com; https://wordpress.com"
61.2.50.245 - - [01/Aug/2026:18:52:09 -0600] "POST /xmlrpc.php HTTP/1.1" 200 403 "-" "Jetpack by WordPress.com (Jetpack 12.0; WordPress 6.3)"
61.2.50.245 - - [01/Aug/2026:18:52:19 -0600] "POST /xmlrpc.php HTTP/1.1" 200 403 "-" "WordPress.com; https://wordpress.com"
61.2.50.245 - - [01/Aug/2026:18:52:30 -0600] "POST /xmlrpc.php HTTP/1.1" 200 403 "-" "WordPress.com; https://wordpress.com"
61.2.50.245 - - [01/Aug/2026:18:52:41 -0600] "POST /xmlrpc.php HTTP/1.1" 200 403 "-" "Jetpack by WordPress.com"
61.2.50.245 - - [01/Aug/2026:18:52:51 -0600] "POST /xmlrpc.php HTTP/1.1" 200 403 "-" "Jetpack by WordPress.com"
162.240.68.55 - - [01/Aug/2026:18:53:03 -0600] "POST /wp-cron.php?doing_wp_cron=1785631983.0870881080627441406250 HTTP/1.1" 200 - "-" "WordPress/7.0.2; https://nrfwomencouncil.org"
61.2.50.245 - - [01/Aug/2026:18:53:02 -0600] "POST /xmlrpc.php HTTP/1.1" 200 403 "-" "WordPress.com; https://wordpress.com"
61.2.50.245 - - [01/Aug/2026:18:53:12 -0600] "POST /xmlrpc.php HTTP/1.1" 200 403 "-" "WordPress.com; https://wordpress.com"
61.2.50.245 - - [01/Aug/2026:18:53:23 -0600] "POST /xmlrpc.php HTTP/1.1" 200 403 "-" "Jetpack by WordPress.com"
61.2.50.245 - - [01/Aug/2026:18:53:34 -0600] "POST /xmlrpc.php HTTP/1.1" 200 403 "-" "Jetpack by WordPress.com"
61.2.50.245 - - [01/Aug/2026:18:53:44 -0600] "POST /xmlrpc.php HTTP/1.1" 200 403 "-" "Jetpack by WordPress.com (Jetpack 12.1; WordPress 6.4)"
61.2.50.245 - - [01/Aug/2026:18:53:55 -0600] "POST /xmlrpc.php HTTP/1.1" 200 403 "-" "Jetpack by WordPress.com (Jetpack 13.0; WordPress 6.2)"
162.240.68.55 - - [01/Aug/2026:18:54:06 -0600] "POST /wp-cron.php?doing_wp_cron=1785632046.4876999855041503906250 HTTP/1.1" 200 - "-" "WordPress/7.0.2; https://nrfwomencouncil.org"
61.2.50.245 - - [01/Aug/2026:18:54:05 -0600] "POST /xmlrpc.php HTTP/1.1" 200 403 "-" "Jetpack by WordPress.com (Jetpack 12.0; WordPress 6.1)"
61.2.50.245 - - [01/Aug/2026:18:54:16 -0600] "POST /xmlrpc.php HTTP/1.1" 200 403 "-" "Jetpack/12.1; WordPress/6.3; http://site69321089.com"
162.240.68.55 - - [01/Aug/2026:18:54:17 -0600] "POST /wp-cron.php?doing_wp_cron=1785632057.2443819046020507812500 HTTP/1.1" 200 - "-" "WordPress/7.0.2; https://nrfwomencouncil.org"
61.2.50.245 - - [01/Aug/2026:18:54:26 -0600] "POST /xmlrpc.php HTTP/1.1" 200 403 "-" "Jetpack by WordPress.com (Jetpack 12.0; WordPress 6.2)"
61.2.50.245 - - [01/Aug/2026:18:54:37 -0600] "POST /xmlrpc.php HTTP/1.1" 200 403 "-" "Jetpack by WordPress.com (Jetpack 12.1; WordPress 6.4)"
61.2.50.245 - - [01/Aug/2026:18:54:48 -0600] "POST /xmlrpc.php HTTP/1.1" 200 403 "-" "WordPress.com; https://wordpress.com"
162.240.68.55 - - [01/Aug/2026:18:54:59 -0600] "POST /wp-cron.php?doing_wp_cron=1785632099.3672900199890136718750 HTTP/1.1" 200 - "-" "WordPress/7.0.2; https://nrfwomencouncil.org"
61.2.50.245 - - [01/Aug/2026:18:54:58 -0600] "POST /xmlrpc.php HTTP/1.1" 200 403 "-" "Jetpack by WordPress.com"
61.2.50.245 - - [01/Aug/2026:18:55:09 -0600] "POST /xmlrpc.php HTTP/1.1" 200 403 "-" "WordPress.com; https://wordpress.com"
61.2.50.245 - - [01/Aug/2026:18:55:19 -0600] "POST /xmlrpc.php HTTP/1.1" 200 403 "-" "Jetpack by WordPress.com"
61.2.50.245 - - [01/Aug/2026:18:55:30 -0600] "POST /xmlrpc.php HTTP/1.1" 200 403 "-" "Jetpack by WordPress.com"
61.2.50.245 - - [01/Aug/2026:18:55:40 -0600] "POST /xmlrpc.php HTTP/1.1" 200 403 "-" "Jetpack by WordPress.com (Jetpack 13.0; WordPress 6.1)"
61.2.50.245 - - [01/Aug/2026:18:55:51 -0600] "POST /xmlrpc.php HTTP/1.1" 200 403 "-" "WordPress.com; https://wordpress.com"
162.240.68.55 - - [01/Aug/2026:18:56:02 -0600] "POST /wp-cron.php?doing_wp_cron=1785632162.8671910762786865234375 HTTP/1.1" 200 - "-" "WordPress/7.0.2; https://nrfwomencouncil.org"
61.2.50.245 - - [01/Aug/2026:18:56:01 -0600] "POST /xmlrpc.php HTTP/1.1" 200 403 "-" "Jetpack/12.0; WordPress/6.3; http://site45235885.com"
61.2.50.245 - - [01/Aug/2026:18:56:12 -0600] "POST /xmlrpc.php HTTP/1.1" 200 403 "-" "Jetpack/13.0; WordPress/6.1; http://site92337670.com"
61.2.50.245 - - [01/Aug/2026:18:56:23 -0600] "POST /xmlrpc.php HTTP/1.1" 200 403 "-" "Jetpack by WordPress.com"
61.2.50.245 - - [01/Aug/2026:18:56:33 -0600] "POST /xmlrpc.php HTTP/1.1" 200 403 "-" "Jetpack by WordPress.com"
61.2.50.245 - - [01/Aug/2026:18:56:44 -0600] "POST /xmlrpc.php HTTP/1.1" 200 403 "-" "Jetpack by WordPress.com"
61.2.50.245 - - [01/Aug/2026:18:56:54 -0600] "POST /xmlrpc.php HTTP/1.1" 200 403 "-" "Jetpack by WordPress.com"
162.240.68.55 - - [01/Aug/2026:18:57:06 -0600] "POST /wp-cron.php?doing_wp_cron=1785632226.2305960655212402343750 HTTP/1.1" 200 - "-" "WordPress/7.0.2; https://nrfwomencouncil.org"
61.2.50.245 - - [01/Aug/2026:18:57:05 -0600] "POST /xmlrpc.php HTTP/1.1" 200 403 "-" "Jetpack by WordPress.com (Jetpack 12.0; WordPress 6.4)"
61.2.50.245 - - [01/Aug/2026:18:57:15 -0600] "POST /xmlrpc.php HTTP/1.1" 200 403 "-" "WordPress.com; https://wordpress.com"
68.168.20.83 - - [01/Aug/2026:18:57:25 -0600] "GET /images/images/cache.php HTTP/1.1" 403 17004 "www.google.com" "Mozlila/5.0 (Linux; Android 7.0; SM-G892A Bulid/NRD90M; wv) AppleWebKit/537.36 (KHTML, like Gecko) Version/4.0 Chrome/60.0.3112.107 Moblie Safari/537.36"
61.2.50.245 - - [01/Aug/2026:18:57:26 -0600] "POST /xmlrpc.php HTTP/1.1" 200 403 "-" "Jetpack by WordPress.com"
61.2.50.245 - - [01/Aug/2026:18:57:37 -0600] "POST /xmlrpc.php HTTP/1.1" 200 403 "-" "Jetpack by WordPress.com (Jetpack 12.0; WordPress 6.3)"
61.2.50.245 - - [01/Aug/2026:18:57:47 -0600] "POST /xmlrpc.php HTTP/1.1" 200 403 "-" "Jetpack/13.0; WordPress/6.4; http://site87093940.com"
162.240.68.55 - - [01/Aug/2026:18:57:59 -0600] "POST /wp-cron.php?doing_wp_cron=1785632279.4070510864257812500000 HTTP/1.1" 200 - "-" "WordPress/7.0.2; https://nrfwomencouncil.org"
61.2.50.245 - - [01/Aug/2026:18:57:58 -0600] "POST /xmlrpc.php HTTP/1.1" 200 403 "-" "Jetpack by WordPress.com (Jetpack 12.0; WordPress 6.4)"
61.2.50.245 - - [01/Aug/2026:18:58:09 -0600] "POST /xmlrpc.php HTTP/1.1" 200 403 "-" "Jetpack by WordPress.com"
61.2.50.245 - - [01/Aug/2026:18:58:19 -0600] "POST /xmlrpc.php HTTP/1.1" 200 403 "-" "Jetpack by WordPress.com (Jetpack 12.1; WordPress 6.2)"
61.2.50.245 - - [01/Aug/2026:18:58:30 -0600] "POST /xmlrpc.php HTTP/1.1" 200 403 "-" "WordPress.com; https://wordpress.com"
61.2.50.245 - - [01/Aug/2026:18:58:40 -0600] "POST /xmlrpc.php HTTP/1.1" 200 403 "-" "WordPress.com; https://wordpress.com"
61.2.50.245 - - [01/Aug/2026:18:58:51 -0600] "POST /xmlrpc.php HTTP/1.1" 200 403 "-" "Jetpack by WordPress.com (Jetpack 12.0; WordPress 6.2)"
162.240.68.55 - - [01/Aug/2026:18:59:02 -0600] "POST /wp-cron.php?doing_wp_cron=1785632342.7486250400543212890625 HTTP/1.1" 200 - "-" "WordPress/7.0.2; https://nrfwomencouncil.org"
61.2.50.245 - - [01/Aug/2026:18:59:01 -0600] "POST /xmlrpc.php HTTP/1.1" 200 403 "-" "Jetpack by WordPress.com"
61.2.50.245 - - [01/Aug/2026:18:59:12 -0600] "POST /xmlrpc.php HTTP/1.1" 200 403 "-" "Jetpack/12.1; WordPress/6.4; http://site93721468.com"
61.2.50.245 - - [01/Aug/2026:18:59:23 -0600] "POST /xmlrpc.php HTTP/1.1" 200 403 "-" "WordPress.com; https://wordpress.com"
61.2.50.245 - - [01/Aug/2026:18:59:33 -0600] "POST /xmlrpc.php HTTP/1.1" 200 403 "-" "Jetpack/13.0; WordPress/6.2; http://site80991805.com"
61.2.50.245 - - [01/Aug/2026:18:59:44 -0600] "POST /xmlrpc.php HTTP/1.1" 200 403 "-" "Jetpack/12.1; WordPress/6.3; http://site23736260.com"
61.2.50.245 - - [01/Aug/2026:18:59:55 -0600] "POST /xmlrpc.php HTTP/1.1" 200 403 "-" "Jetpack/12.0; WordPress/6.1; http://site82053875.com"
162.240.68.55 - - [01/Aug/2026:19:00:06 -0600] "POST /wp-cron.php?doing_wp_cron=1785632406.5024740695953369140625 HTTP/1.1" 200 - "-" "WordPress/7.0.2; https://nrfwomencouncil.org"
61.2.50.245 - - [01/Aug/2026:19:00:05 -0600] "POST /xmlrpc.php HTTP/1.1" 200 403 "-" "WordPress.com; https://wordpress.com"
61.2.50.245 - - [01/Aug/2026:19:00:16 -0600] "POST /xmlrpc.php HTTP/1.1" 200 403 "-" "Jetpack/12.1; WordPress/6.2; http://site45567306.com"
61.2.50.245 - - [01/Aug/2026:19:00:26 -0600] "POST /xmlrpc.php HTTP/1.1" 200 403 "-" "Jetpack by WordPress.com (Jetpack 12.5; WordPress 6.1)"
61.2.50.245 - - [01/Aug/2026:19:00:37 -0600] "POST /xmlrpc.php HTTP/1.1" 200 403 "-" "Jetpack/13.0; WordPress/6.1; http://site75344535.com"
61.2.50.245 - - [01/Aug/2026:19:00:48 -0600] "POST /xmlrpc.php HTTP/1.1" 200 403 "-" "Jetpack/13.0; WordPress/6.4; http://site31173968.com"
142.44.228.116 - - [01/Aug/2026:19:09:04 -0600] "GET /events/2026-04-28/ HTTP/1.1" 200 70004 "-" "Mozilla/5.0 (compatible; AhrefsBot/7.0; +http://ahrefs.com/robot/)"
162.240.68.55 - - [01/Aug/2026:19:09:06 -0600] "POST /wp-cron.php?doing_wp_cron=1785632946.1217949390411376953125 HTTP/1.1" 200 - "-" "WordPress/7.0.2; https://nrfwomencouncil.org"
173.252.70.54 - - [01/Aug/2026:19:14:11 -0600] "GET /robots.txt HTTP/1.1" 200 120 "-" "facebookexternalhit/1.1 (+http://www.facebook.com/externalhit_uatext.php)"
162.240.68.55 - - [01/Aug/2026:19:14:13 -0600] "POST /wp-cron.php?doing_wp_cron=1785633253.2970349788665771484375 HTTP/1.1" 200 - "-" "WordPress/7.0.2; https://nrfwomencouncil.org"
57.141.18.107 - - [01/Aug/2026:19:14:17 -0600] "GET /portfolio/affordable-parking-4/ HTTP/1.1" 200 39598 "-" "Mozilla/5.0 (Windows NT 10.0; Win64; x64) AppleWebKit/537.36 (KHTML, like Gecko) Chrome/145.0.0.0 Safari/537.36 (compatible; meta-externalagent/1.1 (+https://developers.facebook.com/docs/sharing/webmasters/crawler))"
162.240.68.55 - - [01/Aug/2026:19:36:26 -0600] "POST /wp-cron.php?doing_wp_cron=1785634586.0280680656433105468750 HTTP/1.1" 200 - "-" "WordPress/7.0.2; https://nrfwomencouncil.org"
144.76.32.236 - - [01/Aug/2026:19:36:25 -0600] "GET /robots.txt HTTP/1.1" 200 120 "-" "Mozilla/5.0 (compatible; SERankingBacklinksBot/1.0; +https://seranking.com/backlinks-crawler)"
144.76.32.236 - - [01/Aug/2026:19:36:27 -0600] "GET /department/health-medical-2/ HTTP/1.1" 200 39677 "-" "Mozilla/5.0 (compatible; SERankingBacklinksBot/1.0; +https://seranking.com/backlinks-crawler)"
144.76.32.236 - - [01/Aug/2026:19:36:51 -0600] "GET /department/health-medical-3/ HTTP/1.1" 200 39677 "-" "Mozilla/5.0 (compatible; SERankingBacklinksBot/1.0; +https://seranking.com/backlinks-crawler)"
162.240.68.55 - - [01/Aug/2026:19:37:15 -0600] "POST /wp-cron.php?doing_wp_cron=1785634635.5159599781036376953125 HTTP/1.1" 200 - "-" "WordPress/7.0.2; https://nrfwomencouncil.org"
144.76.32.236 - - [01/Aug/2026:19:37:14 -0600] "GET /department/health-medical-4/ HTTP/1.1" 200 39677 "-" "Mozilla/5.0 (compatible; SERankingBacklinksBot/1.0; +https://seranking.com/backlinks-crawler)"
144.76.32.236 - - [01/Aug/2026:19:37:39 -0600] "GET /department/policing-crime-2/ HTTP/1.1" 200 39677 "-" "Mozilla/5.0 (compatible; SERankingBacklinksBot/1.0; +https://seranking.com/backlinks-crawler)"
162.240.68.55 - - [01/Aug/2026:19:38:04 -0600] "POST /wp-cron.php?doing_wp_cron=1785634684.2169311046600341796875 HTTP/1.1" 200 - "-" "WordPress/7.0.2; https://nrfwomencouncil.org"
144.76.32.236 - - [01/Aug/2026:19:38:03 -0600] "GET /department/policing-crime-3/ HTTP/1.1" 200 39677 "-" "Mozilla/5.0 (compatible; SERankingBacklinksBot/1.0; +https://seranking.com/backlinks-crawler)"
144.76.32.236 - - [01/Aug/2026:19:38:28 -0600] "GET /department/policing-crime-4/ HTTP/1.1" 200 39677 "-" "Mozilla/5.0 (compatible; SERankingBacklinksBot/1.0; +https://seranking.com/backlinks-crawler)"
144.76.32.236 - - [01/Aug/2026:19:38:51 -0600] "GET /events/category/events-grid/ HTTP/1.1" 200 75250 "-" "Mozilla/5.0 (compatible; SERankingBacklinksBot/1.0; +https://seranking.com/backlinks-crawler)"
162.240.68.55 - - [01/Aug/2026:19:39:17 -0600] "POST /wp-cron.php?doing_wp_cron=1785634757.2701649665832519531250 HTTP/1.1" 200 - "-" "WordPress/7.0.2; https://nrfwomencouncil.org"
144.76.32.236 - - [01/Aug/2026:19:39:16 -0600] "GET /portfolio/buckingham-palace/ HTTP/1.1" 200 39580 "-" "Mozilla/5.0 (compatible; SERankingBacklinksBot/1.0; +https://seranking.com/backlinks-crawler)"
144.76.32.236 - - [01/Aug/2026:19:39:40 -0600] "GET /portfolio/tower-of-london-2/ HTTP/1.1" 200 39577 "-" "Mozilla/5.0 (compatible; SERankingBacklinksBot/1.0; +https://seranking.com/backlinks-crawler)"
162.240.68.55 - - [01/Aug/2026:19:40:06 -0600] "POST /wp-cron.php?doing_wp_cron=1785634806.0196990966796875000000 HTTP/1.1" 200 - "-" "WordPress/7.0.2; https://nrfwomencouncil.org"
144.76.32.236 - - [01/Aug/2026:19:40:05 -0600] "GET /portfolio/tower-of-london-3/ HTTP/1.1" 200 39577 "-" "Mozilla/5.0 (compatible; SERankingBacklinksBot/1.0; +https://seranking.com/backlinks-crawler)"
144.76.32.236 - - [01/Aug/2026:19:40:29 -0600] "GET /service/take-climate-action/ HTTP/1.1" 200 39376 "-" "Mozilla/5.0 (compatible; SERankingBacklinksBot/1.0; +https://seranking.com/backlinks-crawler)"
144.76.32.236 - - [01/Aug/2026:19:40:54 -0600] "GET /culture-literature/index.html HTTP/1.1" 404 37150 "-" "Mozilla/5.0 (compatible; SERankingBacklinksBot/1.0; +https://seranking.com/backlinks-crawler)"
162.240.68.55 - - [01/Aug/2026:19:45:13 -0600] "POST /wp-cron.php?doing_wp_cron=1785635113.5952990055084228515625 HTTP/1.1" 200 - "-" "WordPress/7.0.2; https://nrfwomencouncil.org"
57.141.18.64 - - [01/Aug/2026:19:45:12 -0600] "GET /testimonials_cat/testimonials-v2/ HTTP/1.1" 200 45405 "-" "Mozilla/5.0 (Windows NT 10.0; Win64; x64) AppleWebKit/537.36 (KHTML, like Gecko) Chrome/145.0.0.0 Safari/537.36 (compatible; meta-externalagent/1.1 (+https://developers.facebook.com/docs/sharing/webmasters/crawler))"
57.141.18.4 - - [01/Aug/2026:20:01:11 -0600] "GET /service/garbage-recycling/ HTTP/1.1" 200 39383 "-" "Mozilla/5.0 (X11; Linux x86_64) AppleWebKit/537.36 (KHTML, like Gecko) Chrome/145.0.0.0 Safari/537.36 (compatible; meta-externalagent/1.1 (+https://developers.facebook.com/docs/sharing/webmasters/crawler))"
162.240.68.55 - - [01/Aug/2026:20:01:12 -0600] "POST /wp-cron.php?doing_wp_cron=1785636072.8350069522857666015625 HTTP/1.1" 200 - "-" "WordPress/7.0.2; https://nrfwomencouncil.org"
162.240.68.55 - - [01/Aug/2026:20:02:22 -0600] "POST /wp-cron.php?doing_wp_cron=1785636142.0377750396728515625000 HTTP/1.1" 200 - "-" "WordPress/7.0.2; https://nrfwomencouncil.org"
15.235.27.149 - - [01/Aug/2026:20:02:21 -0600] "GET /wp-sitemap.xml HTTP/1.1" 200 1484 "-" "Mozilla/5.0 (compatible; AhrefsBot/7.0; +http://ahrefs.com/robot/)"
54.39.136.255 - - [01/Aug/2026:20:02:24 -0600] "GET /wp-sitemap-posts-post-1.xml HTTP/1.1" 200 334 "-" "Mozilla/5.0 (compatible; AhrefsBot/7.0; +http://ahrefs.com/robot/)"
142.44.225.95 - - [01/Aug/2026:20:02:26 -0600] "GET /wp-sitemap-posts-page-1.xml HTTP/1.1" 200 927 "-" "Mozilla/5.0 (compatible; AhrefsBot/7.0; +http://ahrefs.com/robot/)"
54.39.210.8 - - [01/Aug/2026:20:02:29 -0600] "GET /wp-sitemap-posts-portfolio-1.xml HTTP/1.1" 200 3871 "-" "Mozilla/5.0 (compatible; AhrefsBot/7.0; +http://ahrefs.com/robot/)"
167.114.139.200 - - [01/Aug/2026:20:02:31 -0600] "GET /wp-sitemap-posts-team-1.xml HTTP/1.1" 200 1564 "-" "Mozilla/5.0 (compatible; AhrefsBot/7.0; +http://ahrefs.com/robot/)"
54.39.89.193 - - [01/Aug/2026:20:02:33 -0600] "GET /wp-sitemap-posts-testimonials-1.xml HTTP/1.1" 200 924 "-" "Mozilla/5.0 (compatible; AhrefsBot/7.0; +http://ahrefs.com/robot/)"
142.44.225.117 - - [01/Aug/2026:20:02:35 -0600] "GET /wp-sitemap-posts-service-1.xml HTTP/1.1" 200 670 "-" "Mozilla/5.0 (compatible; AhrefsBot/7.0; +http://ahrefs.com/robot/)"
54.39.136.145 - - [01/Aug/2026:20:02:38 -0600] "GET /wp-sitemap-posts-department-1.xml HTTP/1.1" 200 3668 "-" "Mozilla/5.0 (compatible; AhrefsBot/7.0; +http://ahrefs.com/robot/)"
54.39.136.24 - - [01/Aug/2026:20:02:41 -0600] "GET /wp-sitemap-posts-faqs-1.xml HTTP/1.1" 200 1886 "-" "Mozilla/5.0 (compatible; AhrefsBot/7.0; +http://ahrefs.com/robot/)"
148.113.128.131 - - [01/Aug/2026:20:02:44 -0600] "GET /wp-sitemap-taxonomies-category-1.xml HTTP/1.1" 200 333 "-" "Mozilla/5.0 (compatible; AhrefsBot/7.0; +http://ahrefs.com/robot/)"
167.114.139.203 - - [01/Aug/2026:20:02:47 -0600] "GET /wp-sitemap-taxonomies-service_cat-1.xml HTTP/1.1" 200 269 "-" "Mozilla/5.0 (compatible; AhrefsBot/7.0; +http://ahrefs.com/robot/)"
148.113.128.122 - - [01/Aug/2026:20:02:50 -0600] "GET /wp-sitemap-taxonomies-testimonials_cat-1.xml HTTP/1.1" 200 361 "-" "Mozilla/5.0 (compatible; AhrefsBot/7.0; +http://ahrefs.com/robot/)"
54.39.203.164 - - [01/Aug/2026:20:02:52 -0600] "GET /wp-sitemap-taxonomies-team_cat-1.xml HTTP/1.1" 200 262 "-" "Mozilla/5.0 (compatible; AhrefsBot/7.0; +http://ahrefs.com/robot/)"
167.114.139.229 - - [01/Aug/2026:20:02:54 -0600] "GET /wp-sitemap-taxonomies-tribe_events_cat-1.xml HTTP/1.1" 200 423 "-" "Mozilla/5.0 (compatible; AhrefsBot/7.0; +http://ahrefs.com/robot/)"
162.240.68.55 - - [01/Aug/2026:20:02:59 -0600] "POST /wp-cron.php?doing_wp_cron=1785636179.4028201103210449218750 HTTP/1.1" 200 - "-" "WordPress/7.0.2; https://nrfwomencouncil.org"
54.39.89.184 - - [01/Aug/2026:20:02:58 -0600] "GET /wp-sitemap-users-1.xml HTTP/1.1" 200 257 "-" "Mozilla/5.0 (compatible; AhrefsBot/7.0; +http://ahrefs.com/robot/)"
162.240.68.55 - - [01/Aug/2026:20:05:29 -0600] "POST /wp-cron.php?doing_wp_cron=1785636329.0630629062652587890625 HTTP/1.1" 200 - "-" "WordPress/7.0.2; https://nrfwomencouncil.org"
54.39.89.137 - - [01/Aug/2026:20:05:28 -0600] "GET /events/2027-05-28/index.html HTTP/1.1" 404 37150 "-" "Mozilla/5.0 (compatible; AhrefsBot/7.0; +http://ahrefs.com/robot/)"
173.252.82.12 - - [01/Aug/2026:20:05:34 -0600] "GET /robots.txt HTTP/1.1" 200 120 "-" "facebookexternalhit/1.1 (+http://www.facebook.com/externalhit_uatext.php)"
57.141.18.38 - - [01/Aug/2026:20:05:40 -0600] "GET /team/elvina-julie-3/ HTTP/1.1" 200 39748 "-" "Mozilla/5.0 (Windows NT 10.0; Win64; x64) AppleWebKit/537.36 (KHTML, like Gecko) Chrome/145.0.0.0 Safari/537.36 (compatible; meta-externalagent/1.1 (+https://developers.facebook.com/docs/sharing/webmasters/crawler))"
162.240.68.55 - - [01/Aug/2026:20:08:13 -0600] "POST /wp-cron.php?doing_wp_cron=1785636493.6490941047668457031250 HTTP/1.1" 200 - "-" "WordPress/7.0.2; https://nrfwomencouncil.org"
148.113.128.163 - - [01/Aug/2026:20:08:12 -0600] "GET /?post_type=tribe_events&eventDisplay=day&paged=2&eventDate=2026-08-01 HTTP/1.1" 301 - "-" "Mozilla/5.0 (compatible; AhrefsBot/7.0; +http://ahrefs.com/robot/)"
162.240.68.55 - - [01/Aug/2026:20:11:50 -0600] "POST /wp-cron.php?doing_wp_cron=1785636710.5687019824981689453125 HTTP/1.1" 200 - "-" "WordPress/7.0.2; https://nrfwomencouncil.org"
57.141.18.1 - - [01/Aug/2026:20:11:49 -0600] "GET /department/arts-culture-department/ HTTP/1.1" 200 39217 "-" "Mozilla/5.0 (Macintosh; Intel Mac OS X 10_15_7) AppleWebKit/537.36 (KHTML, like Gecko) Chrome/145.0.0.0 Safari/537.36 (compatible; meta-externalagent/1.1 (+https://developers.facebook.com/docs/sharing/webmasters/crawler))"
162.240.68.55 - - [01/Aug/2026:20:12:37 -0600] "POST /wp-cron.php?doing_wp_cron=1785636757.3874859809875488281250 HTTP/1.1" 200 - "-" "WordPress/7.0.2; https://nrfwomencouncil.org"
57.141.18.90 - - [01/Aug/2026:20:12:36 -0600] "GET /department/policing-crime/ HTTP/1.1" 200 39669 "-" "Mozilla/5.0 (Windows NT 10.0; Win64; x64) AppleWebKit/537.36 (KHTML, like Gecko) Chrome/145.0.0.0 Safari/537.36 (compatible; meta-externalagent/1.1 (+https://developers.facebook.com/docs/sharing/webmasters/crawler))"
162.240.68.55 - - [01/Aug/2026:20:25:28 -0600] "POST /wp-cron.php?doing_wp_cron=1785637528.3904960155487060546875 HTTP/1.1" 200 - "-" "WordPress/7.0.2; https://nrfwomencouncil.org"
57.141.18.73 - - [01/Aug/2026:20:25:27 -0600] "GET /department/health-medical-2/ HTTP/1.1" 200 39677 "-" "Mozilla/5.0 (X11; Linux x86_64) AppleWebKit/537.36 (KHTML, like Gecko) Chrome/145.0.0.0 Safari/537.36 (compatible; meta-externalagent/1.1 (+https://developers.facebook.com/docs/sharing/webmasters/crawler))"
162.240.68.55 - - [01/Aug/2026:20:29:51 -0600] "POST /wp-cron.php?doing_wp_cron=1785637791.4622449874877929687500 HTTP/1.1" 200 - "-" "WordPress/7.0.2; https://nrfwomencouncil.org"
43.173.187.143 - - [01/Aug/2026:20:29:50 -0600] "GET /robots.txt HTTP/1.1" 200 120 "-" "Mozilla/5.0 (Macintosh; Intel Mac OS X 10_15_7) AppleWebKit/537.36 (KHTML, like Gecko) Chrome/129.0.0.0 Safari/537.36"
67.205.171.216 - - [01/Aug/2026:20:30:19 -0600] "GET /wp-content/uploads/2021/05/team-2-270x270.jpg HTTP/1.1" 200 18082 "https://nrfwomencouncil.org/" "Mozilla/5.0 (Windows NT 10.0; Win64; x64) AppleWebKit/537.36 (KHTML, like Gecko) Chrome/105.0.0.0 Safari/537.3"
162.240.68.55 - - [01/Aug/2026:20:37:31 -0600] "POST /wp-cron.php?doing_wp_cron=1785638251.6370739936828613281250 HTTP/1.1" 200 - "-" "WordPress/7.0.2; https://nrfwomencouncil.org"
40.77.167.235 - - [01/Aug/2026:20:37:30 -0600] "GET /category/%D8%AE%D8%A8%D8%B1-%D9%87%D8%A7-en-fa/index.html HTTP/1.1" 404 37150 "-" "Mozilla/5.0 AppleWebKit/537.36 (KHTML, like Gecko; compatible; bingbot/2.0; +http://www.bing.com/bingbot.htm) Chrome/116.0.1938.76 Safari/537.36"
162.240.68.55 - - [01/Aug/2026:20:42:43 -0600] "POST /wp-cron.php?doing_wp_cron=1785638563.4607748985290527343750 HTTP/1.1" 200 - "-" "WordPress/7.0.2; https://nrfwomencouncil.org"
35.175.207.158 - - [01/Aug/2026:20:42:42 -0600] "GET / HTTP/1.1" 301 - "-" "Mozilla/5.0 (Macintosh; Intel Mac OS X 10_15_7) AppleWebKit/537.36 (KHTML, like Gecko) Chrome/108.0.0.0 Safari/537.36"
35.175.207.158 - - [01/Aug/2026:20:42:44 -0600] "GET / HTTP/1.1" 200 62762 "-" "Mozilla/5.0 (Macintosh; Intel Mac OS X 10_15_7) AppleWebKit/537.36 (KHTML, like Gecko) Chrome/108.0.0.0 Safari/537.36"
162.240.68.55 - - [01/Aug/2026:20:47:48 -0600] "POST /wp-cron.php?doing_wp_cron=1785638868.1812849044799804687500 HTTP/1.1" 200 - "-" "WordPress/7.0.2; https://nrfwomencouncil.org"
144.76.32.236 - - [01/Aug/2026:20:47:47 -0600] "GET /department/transport-traffic/ HTTP/1.1" 200 39690 "-" "Mozilla/5.0 (compatible; SERankingBacklinksBot/1.0; +https://seranking.com/backlinks-crawler)"
144.76.32.236 - - [01/Aug/2026:20:48:09 -0600] "GET /portfolio/affordable-parking/ HTTP/1.1" 200 39587 "-" "Mozilla/5.0 (compatible; SERankingBacklinksBot/1.0; +https://seranking.com/backlinks-crawler)"
162.240.68.55 - - [01/Aug/2026:20:48:12 -0600] "POST /wp-cron.php?doing_wp_cron=1785638892.8475821018218994140625 HTTP/1.1" 200 - "-" "WordPress/7.0.2; https://nrfwomencouncil.org"
144.76.32.236 - - [01/Aug/2026:20:48:36 -0600] "GET /testimonials/bertram-irvin-2/ HTTP/1.1" 200 39582 "-" "Mozilla/5.0 (compatible; SERankingBacklinksBot/1.0; +https://seranking.com/backlinks-crawler)"
162.240.68.55 - - [01/Aug/2026:20:48:59 -0600] "POST /wp-cron.php?doing_wp_cron=1785638939.5246589183807373046875 HTTP/1.1" 200 - "-" "WordPress/7.0.2; https://nrfwomencouncil.org"
144.76.32.236 - - [01/Aug/2026:20:48:58 -0600] "GET /testimonials/bertram-irvin-3/ HTTP/1.1" 200 39582 "-" "Mozilla/5.0 (compatible; SERankingBacklinksBot/1.0; +https://seranking.com/backlinks-crawler)"
144.76.32.236 - - [01/Aug/2026:20:49:21 -0600] "GET /testimonials/lucian-manroe-2/ HTTP/1.1" 200 39582 "-" "Mozilla/5.0 (compatible; SERankingBacklinksBot/1.0; +https://seranking.com/backlinks-crawler)"
144.76.32.236 - - [01/Aug/2026:20:49:43 -0600] "GET /portfolio/buckingham-palace-2/ HTTP/1.1" 200 39591 "-" "Mozilla/5.0 (compatible; SERankingBacklinksBot/1.0; +https://seranking.com/backlinks-crawler)"
162.240.68.55 - - [01/Aug/2026:20:50:07 -0600] "POST /wp-cron.php?doing_wp_cron=1785639007.7460041046142578125000 HTTP/1.1" 200 - "-" "WordPress/7.0.2; https://nrfwomencouncil.org"
144.76.32.236 - - [01/Aug/2026:20:50:06 -0600] "GET /portfolio/buckingham-palace-3/ HTTP/1.1" 200 39591 "-" "Mozilla/5.0 (compatible; SERankingBacklinksBot/1.0; +https://seranking.com/backlinks-crawler)"
144.76.32.236 - - [01/Aug/2026:20:50:30 -0600] "GET /department/transport-traffic-2/ HTTP/1.1" 200 39698 "-" "Mozilla/5.0 (compatible; SERankingBacklinksBot/1.0; +https://seranking.com/backlinks-crawler)"
144.76.32.236 - - [01/Aug/2026:20:50:53 -0600] "GET /department/transport-traffic-3/ HTTP/1.1" 200 39698 "-" "Mozilla/5.0 (compatible; SERankingBacklinksBot/1.0; +https://seranking.com/backlinks-crawler)"
162.240.68.55 - - [01/Aug/2026:20:51:16 -0600] "POST /wp-cron.php?doing_wp_cron=1785639076.6678209304809570312500 HTTP/1.1" 200 - "-" "WordPress/7.0.2; https://nrfwomencouncil.org"
144.76.32.236 - - [01/Aug/2026:20:51:15 -0600] "GET /department/transport-traffic-4/ HTTP/1.1" 200 39698 "-" "Mozilla/5.0 (compatible; SERankingBacklinksBot/1.0; +https://seranking.com/backlinks-crawler)"
144.76.32.236 - - [01/Aug/2026:20:51:39 -0600] "GET /portfolio/affordable-parking-2/ HTTP/1.1" 200 39598 "-" "Mozilla/5.0 (compatible; SERankingBacklinksBot/1.0; +https://seranking.com/backlinks-crawler)"
162.240.68.55 - - [01/Aug/2026:20:52:03 -0600] "POST /wp-cron.php?doing_wp_cron=1785639123.1545920372009277343750 HTTP/1.1" 200 - "-" "WordPress/7.0.2; https://nrfwomencouncil.org"
144.76.32.236 - - [01/Aug/2026:20:52:02 -0600] "GET /portfolio/affordable-parking-3/ HTTP/1.1" 200 39598 "-" "Mozilla/5.0 (compatible; SERankingBacklinksBot/1.0; +https://seranking.com/backlinks-crawler)"
144.76.32.236 - - [01/Aug/2026:20:52:26 -0600] "GET /portfolio/affordable-parking-4/ HTTP/1.1" 200 39598 "-" "Mozilla/5.0 (compatible; SERankingBacklinksBot/1.0; +https://seranking.com/backlinks-crawler)"
144.76.32.236 - - [01/Aug/2026:20:52:49 -0600] "GET /faqs/how-do-i-address-the-mayor/ HTTP/1.1" 200 39437 "-" "Mozilla/5.0 (compatible; SERankingBacklinksBot/1.0; +https://seranking.com/backlinks-crawler)"
162.240.68.55 - - [01/Aug/2026:20:53:14 -0600] "POST /wp-cron.php?doing_wp_cron=1785639194.4675118923187255859375 HTTP/1.1" 200 - "-" "WordPress/7.0.2; https://nrfwomencouncil.org"
144.76.32.236 - - [01/Aug/2026:20:53:13 -0600] "GET /faqs/how-do-i-contact-the-mayor/ HTTP/1.1" 200 39437 "-" "Mozilla/5.0 (compatible; SERankingBacklinksBot/1.0; +https://seranking.com/backlinks-crawler)"
144.76.32.236 - - [01/Aug/2026:20:53:38 -0600] "GET /testimonials_cat/testimonials-v1/ HTTP/1.1" 200 46036 "-" "Mozilla/5.0 (compatible; SERankingBacklinksBot/1.0; +https://seranking.com/backlinks-crawler)"
162.240.68.55 - - [01/Aug/2026:20:54:02 -0600] "POST /wp-cron.php?doing_wp_cron=1785639242.4395558834075927734375 HTTP/1.1" 200 - "-" "WordPress/7.0.2; https://nrfwomencouncil.org"
144.76.32.236 - - [01/Aug/2026:20:54:01 -0600] "GET /testimonials_cat/testimonials-v2/ HTTP/1.1" 200 45405 "-" "Mozilla/5.0 (compatible; SERankingBacklinksBot/1.0; +https://seranking.com/backlinks-crawler)"
144.76.32.236 - - [01/Aug/2026:20:54:26 -0600] "GET /faqs/complaint-about-road-parking/ HTTP/1.1" 200 39451 "-" "Mozilla/5.0 (compatible; SERankingBacklinksBot/1.0; +https://seranking.com/backlinks-crawler)"
144.76.32.236 - - [01/Aug/2026:20:54:48 -0600] "GET /faqs/how-do-i-contact-the-mayor-2/ HTTP/1.1" 200 39445 "-" "Mozilla/5.0 (compatible; SERankingBacklinksBot/1.0; +https://seranking.com/backlinks-crawler)"
162.240.68.55 - - [01/Aug/2026:20:55:13 -0600] "POST /wp-cron.php?doing_wp_cron=1785639313.8094670772552490234375 HTTP/1.1" 200 - "-" "WordPress/7.0.2; https://nrfwomencouncil.org"
144.76.32.236 - - [01/Aug/2026:20:55:12 -0600] "GET /portfolio/ancient-roman-sculpture/ HTTP/1.1" 200 39622 "-" "Mozilla/5.0 (compatible; SERankingBacklinksBot/1.0; +https://seranking.com/backlinks-crawler)"
144.76.32.236 - - [01/Aug/2026:20:55:37 -0600] "GET /department/arts-culture-department/ HTTP/1.1" 200 39217 "-" "Mozilla/5.0 (compatible; SERankingBacklinksBot/1.0; +https://seranking.com/backlinks-crawler)"
162.240.68.55 - - [01/Aug/2026:20:56:01 -0600] "POST /wp-cron.php?doing_wp_cron=1785639361.6993980407714843750000 HTTP/1.1" 200 - "-" "WordPress/7.0.2; https://nrfwomencouncil.org"
144.76.32.236 - - [01/Aug/2026:20:56:00 -0600] "GET /department/housing-land-department/ HTTP/1.1" 200 39217 "-" "Mozilla/5.0 (compatible; SERankingBacklinksBot/1.0; +https://seranking.com/backlinks-crawler)"
144.76.32.236 - - [01/Aug/2026:20:56:24 -0600] "GET /department/finance-legal-department/ HTTP/1.1" 200 39224 "-" "Mozilla/5.0 (compatible; SERankingBacklinksBot/1.0; +https://seranking.com/backlinks-crawler)"
144.76.32.236 - - [01/Aug/2026:20:56:48 -0600] "GET /faqs/complaint-about-road-parking-2/ HTTP/1.1" 200 39459 "-" "Mozilla/5.0 (compatible; SERankingBacklinksBot/1.0; +https://seranking.com/backlinks-crawler)"
162.240.68.55 - - [01/Aug/2026:20:57:12 -0600] "POST /wp-cron.php?doing_wp_cron=1785639432.2840321063995361328125 HTTP/1.1" 200 - "-" "WordPress/7.0.2; https://nrfwomencouncil.org"
144.76.32.236 - - [01/Aug/2026:20:57:11 -0600] "GET /portfolio/ancient-roman-sculpture-2/ HTTP/1.1" 200 39630 "-" "Mozilla/5.0 (compatible; SERankingBacklinksBot/1.0; +https://seranking.com/backlinks-crawler)"
144.76.32.236 - - [01/Aug/2026:20:57:36 -0600] "GET /portfolio/ancient-roman-sculpture-3/ HTTP/1.1" 200 39633 "-" "Mozilla/5.0 (compatible; SERankingBacklinksBot/1.0; +https://seranking.com/backlinks-crawler)"
162.240.68.55 - - [01/Aug/2026:20:58:00 -0600] "POST /wp-cron.php?doing_wp_cron=1785639480.7113139629364013671875 HTTP/1.1" 200 - "-" "WordPress/7.0.2; https://nrfwomencouncil.org"
144.76.32.236 - - [01/Aug/2026:20:57:59 -0600] "GET /portfolio/ancient-roman-sculpture-4/ HTTP/1.1" 200 39633 "-" "Mozilla/5.0 (compatible; SERankingBacklinksBot/1.0; +https://seranking.com/backlinks-crawler)"
144.76.32.236 - - [01/Aug/2026:20:58:24 -0600] "GET /portfolio/ancient-roman-sculpture-5/ HTTP/1.1" 200 39433 "-" "Mozilla/5.0 (compatible; SERankingBacklinksBot/1.0; +https://seranking.com/backlinks-crawler)"
144.76.32.236 - - [01/Aug/2026:20:58:47 -0600] "GET /department/health-medical-department/ HTTP/1.1" 200 39231 "-" "Mozilla/5.0 (compatible; SERankingBacklinksBot/1.0; +https://seranking.com/backlinks-crawler)"
162.240.68.55 - - [01/Aug/2026:20:59:12 -0600] "POST /wp-cron.php?doing_wp_cron=1785639552.2090010643005371093750 HTTP/1.1" 200 - "-" "WordPress/7.0.2; https://nrfwomencouncil.org"
144.76.32.236 - - [01/Aug/2026:20:59:11 -0600] "GET /department/policing-crime-department/ HTTP/1.1" 200 39229 "-" "Mozilla/5.0 (compatible; SERankingBacklinksBot/1.0; +https://seranking.com/backlinks-crawler)"
144.76.32.236 - - [01/Aug/2026:20:59:34 -0600] "GET /department/tourism-travel-department/ HTTP/1.1" 200 39233 "-" "Mozilla/5.0 (compatible; SERankingBacklinksBot/1.0; +https://seranking.com/backlinks-crawler)"
162.240.68.55 - - [01/Aug/2026:20:59:58 -0600] "POST /wp-cron.php?doing_wp_cron=1785639598.6281509399414062500000 HTTP/1.1" 200 - "-" "WordPress/7.0.2; https://nrfwomencouncil.org"
144.76.32.236 - - [01/Aug/2026:20:59:57 -0600] "GET /department/park-recreation-department/ HTTP/1.1" 200 39240 "-" "Mozilla/5.0 (compatible; SERankingBacklinksBot/1.0; +https://seranking.com/backlinks-crawler)"
144.76.32.236 - - [01/Aug/2026:21:00:22 -0600] "GET /department/transport-traffic-department/ HTTP/1.1" 200 39252 "-" "Mozilla/5.0 (compatible; SERankingBacklinksBot/1.0; +https://seranking.com/backlinks-crawler)"
144.76.32.236 - - [01/Aug/2026:21:00:45 -0600] "GET /faqs/how-can-i-get-property-tax-bill-online/ HTTP/1.1" 200 39521 "-" "Mozilla/5.0 (compatible; SERankingBacklinksBot/1.0; +https://seranking.com/backlinks-crawler)"
162.240.68.55 - - [01/Aug/2026:21:01:09 -0600] "POST /wp-cron.php?doing_wp_cron=1785639669.3750379085540771484375 HTTP/1.1" 200 - "-" "WordPress/7.0.2; https://nrfwomencouncil.org"
