Brotherline AnonSec • Shell
SRV 162.240.68.55 YOU 216.73.216.232 USER tywatomy (1003) 7.4.33 DOMAINS 6 Domains
MySQL cURL WGET Perl Python Sudo
Disabled: exec,passthru,shell_exec,system  •  OS: Linux server.ariapress.org 3.10.0-1160.119.1.el7.tuxcare.els22.x86_64 #1 SMP Mon Aug 18 06:07:12 UTC 2025 x86_64  •  Webserver: Apache
/home/tywatomy/access-logs/tyw.ato.mybluehost.me
115.110.137.26 - - [01/Oct/2022:23:40:17 -0600] "GET / HTTP/1.1" 301 - "-" "Mozilla/5.0 (Windows NT 10.0; Win64; x64) AppleWebKit/537.36 (KHTML, like Gecko) Chrome/100.0.4896.127 Safari/537.36"
216.244.66.226 - - [01/Oct/2022:23:42:14 -0600] "GET /robots.txt HTTP/1.1" 200 178 "-" "Mozilla/5.0 (compatible; DotBot/1.2; +https://opensiteexplorer.org/dotbot; help@moz.com)"
115.110.137.26 - - [01/Oct/2022:23:44:23 -0600] "GET /??? HTTP/1.1" 200 131087 "-" "Mozilla/5.0 (Windows NT 10.0; Win64; x64) AppleWebKit/537.36 (KHTML, like Gecko) Chrome/100.0.4896.127 Safari/537.36"
216.244.66.226 - - [01/Oct/2022:23:49:15 -0600] "GET /tag/%D9%87%D9%86%D8%B1-%D9%85%D9%88%D8%B3%DB%8C%D9%82%DB%8C-%D8%A7%D9%81%D8%BA%D8%A7%D9%86%D8%B3%D8%AA%D8%A7%D9%86/feed/ HTTP/1.1" 200 16475 "-" "Mozilla/5.0 (compatible; DotBot/1.2; +https://opensiteexplorer.org/dotbot; help@moz.com)"
195.74.76.198 - - [01/Oct/2022:23:56:06 -0600] "HEAD / HTTP/1.1" 301 - "-" "Go-http-client/1.1"
65.154.226.171 - - [01/Oct/2022:23:56:12 -0600] "GET / HTTP/1.1" 301 - "-" "Mozilla/5.0 (Windows NT 10.0; Win64; x64) AppleWebKit/537.36 (KHTML, like Gecko) Chrome/76.0.3809.71 Safari/537.36"
65.154.226.171 - - [01/Oct/2022:23:56:12 -0600] "GET / HTTP/1.1" 301 - "-" "Mozilla/5.0 (Windows NT 10.0; Win64; x64) AppleWebKit/537.36 (KHTML, like Gecko) Chrome/76.0.3809.71 Safari/537.36"
206.189.185.209 - - [01/Oct/2022:23:56:14 -0600] "GET / HTTP/1.1" 301 - "-" "-"
159.223.99.32 - - [01/Oct/2022:23:56:15 -0600] "GET / HTTP/1.1" 301 - "-" "-"
206.189.185.209 - - [01/Oct/2022:23:56:15 -0600] "GET /.env HTTP/1.1" 404 73660 "-" "Go-http-client/1.1"
206.189.185.209 - - [01/Oct/2022:23:56:15 -0600] "GET /.DS_Store HTTP/1.1" 404 73705 "-" "Go-http-client/1.1"
206.189.185.209 - - [01/Oct/2022:23:56:15 -0600] "GET /.git/config HTTP/1.1" 404 73731 "-" "Go-http-client/1.1"
206.189.185.209 - - [01/Oct/2022:23:56:15 -0600] "GET / HTTP/1.1" 301 - "-" "Mozilla/5.0 (Linux; Android 6.0; HTC One M9 Build/MRA658529) AppleWebKit/537.36 (KHTML, like Gecko) Chrome/52.0.2733.98 Mobile Safari/537.3"
206.189.185.209 - - [01/Oct/2022:23:56:15 -0600] "GET /server-status HTTP/1.1" 404 73741 "-" "Go-http-client/1.1"
206.189.185.209 - - [01/Oct/2022:23:56:15 -0600] "GET /debug/default/view?panel=config HTTP/1.1" 404 73815 "-" "Go-http-client/1.1"
206.189.185.209 - - [01/Oct/2022:23:56:15 -0600] "GET /s/3136322e3234302e36382e3535/_/;/META-INF/maven/com.atlassian.jira/jira-webapp-dist/pom.properties HTTP/1.1" 404 74570 "-" "Go-http-client/1.1"
206.189.185.209 - - [01/Oct/2022:23:56:15 -0600] "GET /ecp/Current/exporttool/microsoft.exchange.ediscovery.exporttool.application HTTP/1.1" 404 74323 "-" "Go-http-client/1.1"
206.189.185.209 - - [01/Oct/2022:23:56:15 -0600] "GET /info.php HTTP/1.1" 404 73696 "-" "Go-http-client/1.1"
206.189.185.209 - - [01/Oct/2022:23:56:15 -0600] "GET /?rest_route=/wp/v2/users/ HTTP/1.1" 401 108 "-" "Go-http-client/1.1"
206.189.185.209 - - [01/Oct/2022:23:56:15 -0600] "GET /telescope/requests HTTP/1.1" 404 73794 "-" "Go-http-client/1.1"
172.104.65.78 - - [01/Oct/2022:23:56:15 -0600] "GET / HTTP/1.1" 301 - "-" "-"
159.223.99.32 - - [01/Oct/2022:23:56:17 -0600] "GET /.env HTTP/1.1" 404 73660 "-" "Go-http-client/1.1"
159.223.99.32 - - [01/Oct/2022:23:56:17 -0600] "GET / HTTP/1.1" 301 - "-" "Mozilla/5.0 (Linux; Android 6.0; HTC One M9 Build/MRA658529) AppleWebKit/537.36 (KHTML, like Gecko) Chrome/52.0.2733.98 Mobile Safari/537.3"
159.223.99.32 - - [01/Oct/2022:23:56:17 -0600] "GET /?rest_route=/wp/v2/users/ HTTP/1.1" 401 108 "-" "Go-http-client/1.1"
159.223.99.32 - - [01/Oct/2022:23:56:17 -0600] "GET /ecp/Current/exporttool/microsoft.exchange.ediscovery.exporttool.application HTTP/1.1" 404 74323 "-" "Go-http-client/1.1"
159.223.99.32 - - [01/Oct/2022:23:56:17 -0600] "GET /server-status HTTP/1.1" 404 73741 "-" "Go-http-client/1.1"
159.223.99.32 - - [01/Oct/2022:23:56:17 -0600] "GET /info.php HTTP/1.1" 404 7952 "-" "Go-http-client/1.1"
159.223.99.32 - - [01/Oct/2022:23:56:17 -0600] "GET /.DS_Store HTTP/1.1" 404 7952 "-" "Go-http-client/1.1"
159.223.99.32 - - [01/Oct/2022:23:56:17 -0600] "GET /.git/config HTTP/1.1" 404 7952 "-" "Go-http-client/1.1"
159.223.99.32 - - [01/Oct/2022:23:56:17 -0600] "GET /s/3136322e3234302e36382e3535/_/;/META-INF/maven/com.atlassian.jira/jira-webapp-dist/pom.properties HTTP/1.1" 404 7952 "-" "Go-http-client/1.1"
159.223.99.32 - - [01/Oct/2022:23:56:17 -0600] "GET /debug/default/view?panel=config HTTP/1.1" 404 7952 "-" "Go-http-client/1.1"
159.223.99.32 - - [01/Oct/2022:23:56:17 -0600] "GET /telescope/requests HTTP/1.1" 404 7952 "-" "Go-http-client/1.1"
206.189.185.209 - - [01/Oct/2022:23:56:18 -0600] "GET /config.json HTTP/1.1" 404 7952 "-" "Go-http-client/1.1"
206.189.185.209 - - [01/Oct/2022:23:56:18 -0600] "GET /login.action HTTP/1.1" 404 7952 "-" "Go-http-client/1.1"
206.189.185.209 - - [01/Oct/2022:23:56:18 -0600] "GET /about HTTP/1.1" 404 7952 "-" "Go-http-client/1.1"
162.240.68.55 - - [01/Oct/2022:23:55:18 -0600] "GET /.well-known/acme-challenge/DJBQ799UT_PGZJ0W3Q8Y7VZ4YKO4M2MF HTTP/1.1" 200 64 "-" "Cpanel-HTTP-Client/1.0"
162.240.68.55 - - [01/Oct/2022:23:55:18 -0600] "GET /.well-known/acme-challenge/K157GO87V87DAHJ08MADW413-4Q0P4UA HTTP/1.1" 200 64 "-" "Cpanel-HTTP-Client/1.0"
162.240.68.55 - - [01/Oct/2022:23:55:19 -0600] "GET /.well-known/acme-challenge/NZO-U082MUBP5ZHPHK29_ZTWKP3UTCPT HTTP/1.1" 200 64 "-" "Cpanel-HTTP-Client/1.0"
23.178.112.102 - - [01/Oct/2022:23:55:27 -0600] "GET /.well-known/acme-challenge/GaAmVJUoJXfkVm7xZER0_LuSCUiMIAM3YQcKSjd3pUg HTTP/1.1" 200 87 "-" "Mozilla/5.0 (compatible; Let's Encrypt validation server; +https://www.letsencrypt.org)"
23.178.112.103 - - [01/Oct/2022:23:55:27 -0600] "GET /.well-known/acme-challenge/blfrqyv4sEsDpfoizSG0nHTd9tcH_E2jkyVmIz-cte0 HTTP/1.1" 200 87 "-" "Mozilla/5.0 (compatible; Let's Encrypt validation server; +https://www.letsencrypt.org)"
18.216.212.47 - - [01/Oct/2022:23:55:27 -0600] "GET /.well-known/acme-challenge/GaAmVJUoJXfkVm7xZER0_LuSCUiMIAM3YQcKSjd3pUg HTTP/1.1" 200 87 "-" "Mozilla/5.0 (compatible; Let's Encrypt validation server; +https://www.letsencrypt.org)"
52.38.165.195 - - [01/Oct/2022:23:55:27 -0600] "GET /.well-known/acme-challenge/GaAmVJUoJXfkVm7xZER0_LuSCUiMIAM3YQcKSjd3pUg HTTP/1.1" 200 87 "-" "Mozilla/5.0 (compatible; Let's Encrypt validation server; +https://www.letsencrypt.org)"
23.178.112.106 - - [01/Oct/2022:23:55:27 -0600] "GET /.well-known/acme-challenge/EY8WS_4TYO1BFRJUatjqd_i1GAr2orFDhipBec6qF8Y HTTP/1.1" 200 87 "-" "Mozilla/5.0 (compatible; Let's Encrypt validation server; +https://www.letsencrypt.org)"
18.216.212.47 - - [01/Oct/2022:23:55:27 -0600] "GET /.well-known/acme-challenge/blfrqyv4sEsDpfoizSG0nHTd9tcH_E2jkyVmIz-cte0 HTTP/1.1" 200 87 "-" "Mozilla/5.0 (compatible; Let's Encrypt validation server; +https://www.letsencrypt.org)"
52.38.165.195 - - [01/Oct/2022:23:55:27 -0600] "GET /.well-known/acme-challenge/EY8WS_4TYO1BFRJUatjqd_i1GAr2orFDhipBec6qF8Y HTTP/1.1" 200 87 "-" "Mozilla/5.0 (compatible; Let's Encrypt validation server; +https://www.letsencrypt.org)"
18.185.85.229 - - [01/Oct/2022:23:55:27 -0600] "GET /.well-known/acme-challenge/GaAmVJUoJXfkVm7xZER0_LuSCUiMIAM3YQcKSjd3pUg HTTP/1.1" 200 87 "-" "Mozilla/5.0 (compatible; Let's Encrypt validation server; +https://www.letsencrypt.org)"
52.38.165.195 - - [01/Oct/2022:23:55:27 -0600] "GET /.well-known/acme-challenge/blfrqyv4sEsDpfoizSG0nHTd9tcH_E2jkyVmIz-cte0 HTTP/1.1" 200 87 "-" "Mozilla/5.0 (compatible; Let's Encrypt validation server; +https://www.letsencrypt.org)"
18.216.212.47 - - [01/Oct/2022:23:55:27 -0600] "GET /.well-known/acme-challenge/EY8WS_4TYO1BFRJUatjqd_i1GAr2orFDhipBec6qF8Y HTTP/1.1" 200 87 "-" "Mozilla/5.0 (compatible; Let's Encrypt validation server; +https://www.letsencrypt.org)"
18.185.85.229 - - [01/Oct/2022:23:55:27 -0600] "GET /.well-known/acme-challenge/blfrqyv4sEsDpfoizSG0nHTd9tcH_E2jkyVmIz-cte0 HTTP/1.1" 200 87 "-" "Mozilla/5.0 (compatible; Let's Encrypt validation server; +https://www.letsencrypt.org)"
18.185.85.229 - - [01/Oct/2022:23:55:27 -0600] "GET /.well-known/acme-challenge/EY8WS_4TYO1BFRJUatjqd_i1GAr2orFDhipBec6qF8Y HTTP/1.1" 200 87 "-" "Mozilla/5.0 (compatible; Let's Encrypt validation server; +https://www.letsencrypt.org)"
206.189.185.209 - - [01/Oct/2022:23:56:18 -0600] "GET /v2/_catalog HTTP/1.1" 404 7952 "-" "Go-http-client/1.1"
206.189.185.209 - - [01/Oct/2022:23:56:18 -0600] "GET /api/search?folderIds=0 HTTP/1.1" 404 7952 "-" "Go-http-client/1.1"
172.104.65.78 - - [01/Oct/2022:23:56:20 -0600] "GET /.DS_Store HTTP/1.1" 404 7952 "-" "Go-http-client/1.1"
172.104.65.78 - - [01/Oct/2022:23:56:20 -0600] "GET /server-status HTTP/1.1" 404 7952 "-" "Go-http-client/1.1"
172.104.65.78 - - [01/Oct/2022:23:56:20 -0600] "GET /?rest_route=/wp/v2/users/ HTTP/1.1" 401 108 "-" "Go-http-client/1.1"
172.104.65.78 - - [01/Oct/2022:23:56:20 -0600] "GET /s/3136322e3234302e36382e3535/_/;/META-INF/maven/com.atlassian.jira/jira-webapp-dist/pom.properties HTTP/1.1" 404 7952 "-" "Go-http-client/1.1"
172.104.65.78 - - [01/Oct/2022:23:56:20 -0600] "GET /.git/config HTTP/1.1" 404 7952 "-" "Go-http-client/1.1"
172.104.65.78 - - [01/Oct/2022:23:56:20 -0600] "GET /telescope/requests HTTP/1.1" 404 7952 "-" "Go-http-client/1.1"
172.104.65.78 - - [01/Oct/2022:23:56:20 -0600] "GET /.env HTTP/1.1" 404 7952 "-" "Go-http-client/1.1"
172.104.65.78 - - [01/Oct/2022:23:56:20 -0600] "GET /debug/default/view?panel=config HTTP/1.1" 404 7952 "-" "Go-http-client/1.1"
172.104.65.78 - - [01/Oct/2022:23:56:20 -0600] "GET / HTTP/1.1" 301 - "-" "Mozilla/5.0 (Linux; Android 6.0; HTC One M9 Build/MRA658529) AppleWebKit/537.36 (KHTML, like Gecko) Chrome/52.0.2733.98 Mobile Safari/537.3"
172.104.65.78 - - [01/Oct/2022:23:56:20 -0600] "GET /info.php HTTP/1.1" 404 7952 "-" "Go-http-client/1.1"
172.104.65.78 - - [01/Oct/2022:23:56:20 -0600] "GET /ecp/Current/exporttool/microsoft.exchange.ediscovery.exporttool.application HTTP/1.1" 404 7952 "-" "Go-http-client/1.1"
159.223.99.32 - - [01/Oct/2022:23:56:21 -0600] "GET /about HTTP/1.1" 404 7952 "-" "Go-http-client/1.1"
159.223.99.32 - - [01/Oct/2022:23:56:21 -0600] "GET /v2/_catalog HTTP/1.1" 404 7952 "-" "Go-http-client/1.1"
159.223.99.32 - - [01/Oct/2022:23:56:21 -0600] "GET /api/search?folderIds=0 HTTP/1.1" 404 7952 "-" "Go-http-client/1.1"
159.223.99.32 - - [01/Oct/2022:23:56:21 -0600] "GET /config.json HTTP/1.1" 404 7952 "-" "Go-http-client/1.1"
159.223.99.32 - - [01/Oct/2022:23:56:21 -0600] "GET /login.action HTTP/1.1" 404 7952 "-" "Go-http-client/1.1"
67.205.29.157 - - [01/Oct/2022:23:56:26 -0600] "HEAD / HTTP/1.1" 301 - "-" "-"
172.104.65.78 - - [01/Oct/2022:23:56:26 -0600] "GET /about HTTP/1.1" 404 7952 "-" "Go-http-client/1.1"
172.104.65.78 - - [01/Oct/2022:23:56:26 -0600] "GET /v2/_catalog HTTP/1.1" 404 7952 "-" "Go-http-client/1.1"
172.104.65.78 - - [01/Oct/2022:23:56:26 -0600] "GET /api/search?folderIds=0 HTTP/1.1" 404 7952 "-" "Go-http-client/1.1"
172.104.65.78 - - [01/Oct/2022:23:56:26 -0600] "GET /config.json HTTP/1.1" 404 7952 "-" "Go-http-client/1.1"
172.104.65.78 - - [01/Oct/2022:23:56:26 -0600] "GET /login.action HTTP/1.1" 404 7952 "-" "Go-http-client/1.1"
151.106.120.184 - - [01/Oct/2022:23:58:36 -0600] "GET / HTTP/1.1" 301 - "-" "Mozilla/5.0 (iPhone; CPU iPhone OS 10_3_1 like Mac OS X) AppleWebKit/603.1.30 (KHTML, like Gecko) Version/10.0 Mobile/14E304 Safari/602.1"
151.106.120.184 - - [01/Oct/2022:23:58:37 -0600] "GET / HTTP/1.1" 301 - "-" "Mozilla/5.0 (iPhone; CPU iPhone OS 10_3_1 like Mac OS X) AppleWebKit/603.1.30 (KHTML, like Gecko) Version/10.0 Mobile/14E304 Safari/602.1"
151.106.120.184 - - [01/Oct/2022:23:58:37 -0600] "GET / HTTP/1.1" 301 - "-" "Mozilla/5.0 (iPhone; CPU iPhone OS 10_3_1 like Mac OS X) AppleWebKit/603.1.30 (KHTML, like Gecko) Version/10.0 Mobile/14E304 Safari/602.1"
206.84.141.133 - - [01/Oct/2022:23:59:00 -0600] "GET /??nocache=1 HTTP/1.1" 200 131095 "-" "Mozilla/5.0 (Windows NT 10.0; Win64; x64) AppleWebKit/537.36 (KHTML, like Gecko) Chrome/105.0.0.0 Safari/537.36"
79.104.53.14 - - [02/Oct/2022:00:02:44 -0600] "GET / HTTP/1.1" 301 - "-" "Mozilla/5.0 (Windows NT 6.1; Win64; x64; rv:59.0) Gecko/20100101 Firefox/59.0"
206.84.141.133 - - [02/Oct/2022:00:04:43 -0600] "GET /??nocache=1 HTTP/1.1" 200 131095 "-" "Mozilla/5.0 (Windows NT 10.0; Win64; x64) AppleWebKit/537.36 (KHTML, like Gecko) Chrome/105.0.0.0 Safari/537.36"
64.225.23.108 - - [02/Oct/2022:00:17:34 -0600] "GET / HTTP/1.1" 403 17004 "-" "Mozlila/5.0 (Linux; Android 7.0; SM-G892A Bulid/NRD90M; wv) AppleWebKit/537.36 (KHTML, like Gecko) Version/4.0 Chrome/60.0.3112.107 Moblie Safari/537.36"
64.225.23.108 - - [02/Oct/2022:00:17:34 -0600] "POST /ALFA_DATA/alfacgiapi/perl.alfa HTTP/1.1" 403 17004 "www.google.com" "Mozlila/5.0 (Linux; Android 7.0; SM-G892A Bulid/NRD90M; wv) AppleWebKit/537.36 (KHTML, like Gecko) Version/4.0 Chrome/60.0.3112.107 Moblie Safari/537.36"
64.225.23.108 - - [02/Oct/2022:00:17:34 -0600] "GET /wp-content/plugins/apikey/apikey.php?test=hello HTTP/1.1" 403 17004 "-" "Mozlila/5.0 (Linux; Android 7.0; SM-G892A Bulid/NRD90M; wv) AppleWebKit/537.36 (KHTML, like Gecko) Version/4.0 Chrome/60.0.3112.107 Moblie Safari/537.36"
64.225.23.108 - - [02/Oct/2022:00:17:34 -0600] "POST /alfacgiapi/perl.alfa HTTP/1.1" 403 17004 "www.google.com" "Mozlila/5.0 (Linux; Android 7.0; SM-G892A Bulid/NRD90M; wv) AppleWebKit/537.36 (KHTML, like Gecko) Version/4.0 Chrome/60.0.3112.107 Moblie Safari/537.36"
64.225.23.108 - - [02/Oct/2022:00:17:34 -0600] "GET /plugins/content/apismtp/apismtp.php?test=hello HTTP/1.1" 403 17004 "-" "Mozlila/5.0 (Linux; Android 7.0; SM-G892A Bulid/NRD90M; wv) AppleWebKit/537.36 (KHTML, like Gecko) Version/4.0 Chrome/60.0.3112.107 Moblie Safari/537.36"
64.225.23.108 - - [02/Oct/2022:00:17:34 -0600] "GET /wp-content/plugins/apikey/apikey.php.suspected?test=hello HTTP/1.1" 403 17004 "-" "Mozlila/5.0 (Linux; Android 7.0; SM-G892A Bulid/NRD90M; wv) AppleWebKit/537.36 (KHTML, like Gecko) Version/4.0 Chrome/60.0.3112.107 Moblie Safari/537.36"
64.225.23.108 - - [02/Oct/2022:00:17:34 -0600] "GET /plugins/content/apismtp/apismtp.php.suspected?test=hello HTTP/1.1" 403 17004 "-" "Mozlila/5.0 (Linux; Android 7.0; SM-G892A Bulid/NRD90M; wv) AppleWebKit/537.36 (KHTML, like Gecko) Version/4.0 Chrome/60.0.3112.107 Moblie Safari/537.36"
64.225.23.108 - - [02/Oct/2022:00:17:34 -0600] "POST /wp-plain.php HTTP/1.1" 404 72613 "www.google.com" "Mozilla/5.0 (Linux; Android 7.0; SM-G892A Bulid/NRD90M; wv) AppleWebKit/537.36 (KHTML, like Gecko) Version/4.0 Chrome/60.0.3112.107 Moblie Safari/537.36"
64.225.23.108 - - [02/Oct/2022:00:17:35 -0600] "GET /fepgocde.php?Fox=d3wL7 HTTP/1.1" 404 72623 "www.google.com" "Mozilla/5.0 (Linux; Android 7.0; SM-G892A Bulid/NRD90M; wv) AppleWebKit/537.36 (KHTML, like Gecko) Version/4.0 Chrome/60.0.3112.107 Moblie Safari/537.36"
101.0.102.26 - - [02/Oct/2022:00:52:49 -0600] "GET /wp-config.php_backup HTTP/1.1" 404 72993 "-" "Mozilla/5.0 (Windows NT 10.0; rv:91.0) Gecko/20100101 Firefox/91.0"
216.244.66.226 - - [02/Oct/2022:01:31:33 -0600] "GET /robots.txt HTTP/1.1" 200 162 "-" "Mozilla/5.0 (compatible; DotBot/1.2; +https://opensiteexplorer.org/dotbot; help@moz.com)"
147.78.47.249 - - [02/Oct/2022:01:36:59 -0600] "GET /_ignition/health-check/ HTTP/1.1" 404 73020 "-" "Mozilla/5.0 (Windows NT 10.0; Win64; x64) AppleWebKit/537.36 (KHTML, like Gecko) Chrome/105.0.0.0 Safari/537.36"
147.78.47.249 - - [02/Oct/2022:01:37:02 -0600] "GET /public/_ignition/health-check/ HTTP/1.1" 404 73091 "-" "Mozilla/5.0 (Windows NT 10.0; Win64; x64) AppleWebKit/537.36 (KHTML, like Gecko) Chrome/105.0.0.0 Safari/537.36"
147.78.47.249 - - [02/Oct/2022:01:37:05 -0600] "GET /wp-includes/wlwmanifest.xml HTTP/1.1" 200 1045 "-" "Mozilla/5.0 (Windows NT 10.0; Win64; x64) AppleWebKit/537.36 (KHTML, like Gecko) Chrome/105.0.0.0 Safari/537.36"
162.240.68.55 - - [02/Oct/2022:01:37:08 -0600] "POST /wp-cron.php?doing_wp_cron=1664696228.0431959629058837890625 HTTP/1.1" 200 - "http://ariapress.org/wp-cron.php?doing_wp_cron=1664696228.0431959629058837890625" "WordPress/6.0.2; https://ariapress.org"
147.78.47.249 - - [02/Oct/2022:01:37:07 -0600] "GET /wp-content/plugins/wp-file-manager/lib/php/connector.minimal.php HTTP/1.1" 404 73429 "-" "Mozilla/5.0 (Windows NT 10.0; Win64; x64) AppleWebKit/537.36 (KHTML, like Gecko) Chrome/105.0.0.0 Safari/537.36"
111.119.177.20 - - [02/Oct/2022:01:54:35 -0600] "GET / HTTP/1.1" 301 - "-" "Mozilla/5.0 (Windows NT 10.0; Win64; x64) AppleWebKit/537.36 (KHTML, like Gecko) Chrome/105.0.0.0 Safari/537.36"
162.240.68.55 - - [02/Oct/2022:01:57:24 -0600] "POST /wp-cron.php?doing_wp_cron=1664697444.8310859203338623046875 HTTP/1.1" 200 - "http://ariapress.org/wp-cron.php?doing_wp_cron=1664697444.8310859203338623046875" "WordPress/6.0.2; https://ariapress.org"
216.244.66.226 - - [02/Oct/2022:01:57:24 -0600] "GET /category/%D8%AE%D8%A8%D8%B1-%D9%87%D8%A7/%D8%A7%D8%AE%D8%A8%D8%A7%D8%B1-%D8%AF%D8%A7%D8%AE%D9%84%DB%8C/page/5/ HTTP/1.1" 200 99765 "-" "Mozilla/5.0 (compatible; DotBot/1.2; +https://opensiteexplorer.org/dotbot; help@moz.com)"
216.244.66.226 - - [02/Oct/2022:03:19:42 -0600] "GET /robots.txt HTTP/1.1" 200 162 "-" "Mozilla/5.0 (compatible; DotBot/1.2; +https://opensiteexplorer.org/dotbot; help@moz.com)"
184.154.76.14 - - [02/Oct/2022:03:19:53 -0600] "GET / HTTP/1.1" 301 - "http://www.google.com/url?url=www.ariapress.org&yahoo.com" "Mozilla/5.0 (compatible; MSIE 9.0; Windows NT 6.1; WOW64; Trident/6.0)"
173.252.83.119 - - [02/Oct/2022:03:28:12 -0600] "GET / HTTP/1.1" 301 - "-" "facebookexternalhit/1.1 (+http://www.facebook.com/externalhit_uatext.php)"
173.252.83.2 - - [02/Oct/2022:03:28:12 -0600] "HEAD / HTTP/1.1" 301 - "-" "facebookexternalhit/1.1 (+http://www.facebook.com/externalhit_uatext.php)"
216.244.66.226 - - [02/Oct/2022:03:37:58 -0600] "GET /tag/%D9%82%D9%86%D8%AF%D9%87%D8%A7%D8%B1/feed/ HTTP/1.1" 200 18235 "-" "Mozilla/5.0 (compatible; DotBot/1.2; +https://opensiteexplorer.org/dotbot; help@moz.com)"
162.240.68.55 - - [02/Oct/2022:04:04:04 -0600] "POST /wp-cron.php?doing_wp_cron=1664705044.8368349075317382812500 HTTP/1.1" 200 - "http://ariapress.org/wp-cron.php?doing_wp_cron=1664705044.8368349075317382812500" "WordPress/6.0.2; https://ariapress.org"
206.84.142.173 - - [02/Oct/2022:04:04:04 -0600] "GET /login HTTP/1.1" 302 - "-" "Mozilla/5.0 (Windows NT 10.0; Win64; x64) AppleWebKit/537.36 (KHTML, like Gecko) Chrome/105.0.0.0 Safari/537.36"
114.119.144.127 - - [02/Oct/2022:04:05:31 -0600] "GET /robots.txt HTTP/1.1" 200 162 "-" "Mozilla/5.0 (compatible;PetalBot;+https://webmaster.petalsearch.com/site/petalbot)"
216.244.66.226 - - [02/Oct/2022:04:13:57 -0600] "GET /robots.txt HTTP/1.1" 200 162 "-" "Mozilla/5.0 (compatible; DotBot/1.2; +https://opensiteexplorer.org/dotbot; help@moz.com)"
162.240.68.55 - - [02/Oct/2022:04:28:27 -0600] "POST /wp-cron.php?doing_wp_cron=1664706507.4238379001617431640625 HTTP/1.1" 200 - "http://ariapress.org/wp-cron.php?doing_wp_cron=1664706507.4238379001617431640625" "WordPress/6.0.2; https://ariapress.org"
149.56.150.108 - - [02/Oct/2022:04:28:26 -0600] "GET / HTTP/1.1" 301 - "-" "Mozilla/5.0 (compatible; Dataprovider.com)"
162.240.68.55 - - [02/Oct/2022:04:29:34 -0600] "POST /wp-cron.php?doing_wp_cron=1664706574.3731210231781005859375 HTTP/1.1" 200 - "http://ariapress.org/wp-cron.php?doing_wp_cron=1664706574.3731210231781005859375" "WordPress/6.0.2; https://ariapress.org"
149.56.150.38 - - [02/Oct/2022:04:29:33 -0600] "GET / HTTP/1.1" 301 - "-" "Mozilla/5.0 (compatible; Dataprovider.com)"
162.240.68.55 - - [02/Oct/2022:04:31:13 -0600] "POST /wp-cron.php?doing_wp_cron=1664706673.1943929195404052734375 HTTP/1.1" 200 - "http://ariapress.org/wp-cron.php?doing_wp_cron=1664706673.1943929195404052734375" "WordPress/6.0.2; https://ariapress.org"
216.244.66.226 - - [02/Oct/2022:04:31:12 -0600] "GET /category/%DA%AF%D8%B2%D8%A7%D8%B1%D8%B4-%D9%87%D8%A7/page/6/ HTTP/1.1" 200 98642 "-" "Mozilla/5.0 (compatible; DotBot/1.2; +https://opensiteexplorer.org/dotbot; help@moz.com)"
162.240.68.55 - - [02/Oct/2022:04:56:08 -0600] "POST /wp-cron.php?doing_wp_cron=1664708168.9499690532684326171875 HTTP/1.1" 200 - "http://ariapress.org/wp-cron.php?doing_wp_cron=1664708168.9499690532684326171875" "WordPress/6.0.2; https://ariapress.org"
206.84.142.173 - - [02/Oct/2022:04:56:08 -0600] "GET /login HTTP/1.1" 302 - "-" "Mozilla/5.0 (Windows NT 10.0; Win64; x64) AppleWebKit/537.36 (KHTML, like Gecko) Chrome/105.0.0.0 Safari/537.36"
206.84.142.173 - - [02/Oct/2022:04:59:31 -0600] "GET / HTTP/1.1" 301 - "-" "Mozilla/5.0 (Windows NT 10.0; Win64; x64) AppleWebKit/537.36 (KHTML, like Gecko) Chrome/105.0.0.0 Safari/537.36"
216.244.66.226 - - [02/Oct/2022:05:07:21 -0600] "GET /robots.txt HTTP/1.1" 200 162 "-" "Mozilla/5.0 (compatible; DotBot/1.2; +https://opensiteexplorer.org/dotbot; help@moz.com)"
162.240.68.55 - - [02/Oct/2022:05:13:07 -0600] "POST /wp-cron.php?doing_wp_cron=1664709187.2824280261993408203125 HTTP/1.1" 200 - "http://ariapress.org/wp-cron.php?doing_wp_cron=1664709187.2824280261993408203125" "WordPress/6.0.2; https://ariapress.org"
172.105.83.46 - - [02/Oct/2022:05:13:06 -0600] "GET / HTTP/1.0" 301 - "-" "-"
172.105.83.46 - - [02/Oct/2022:05:13:09 -0600] "GET / HTTP/1.0" 301 - "-" "-"
216.244.66.226 - - [02/Oct/2022:05:24:34 -0600] "GET /%D8%AF%D8%B1-%D9%87%D8%AC%D8%B1-%D8%AF%D9%88%D8%B3%D8%AA%D8%8C-%D9%86%D8%A7%D9%84%D9%87-%D8%A8%D9%87-%D9%86%D8%A7%DB%8C%D9%85-%D8%B4%DA%A9%D8%B3%D8%AA%D9%87-%D8%A7%D8%B3%D8%AA/feed/ HTTP/1.1" 200 1504 "-" "Mozilla/5.0 (compatible; DotBot/1.2; +https://opensiteexplorer.org/dotbot; help@moz.com)"
216.244.66.226 - - [02/Oct/2022:05:24:41 -0600] "GET /tag/%D8%B3%DB%8C%D8%AF%D8%B7%DB%8C%D8%A8%D8%AC%D9%88%D8%A7%D8%AF/feed/ HTTP/1.1" 200 14716 "-" "Mozilla/5.0 (compatible; DotBot/1.2; +https://opensiteexplorer.org/dotbot; help@moz.com)"
162.240.68.55 - - [02/Oct/2022:05:47:20 -0600] "POST /wp-cron.php?doing_wp_cron=1664711240.2014570236206054687500 HTTP/1.1" 200 - "http://ariapress.org/wp-cron.php?doing_wp_cron=1664711240.2014570236206054687500" "WordPress/6.0.2; https://ariapress.org"
167.71.213.91 - - [02/Oct/2022:05:47:19 -0600] "GET / HTTP/1.1" 301 - "-" "Mozilla/5.0 (Linux; Android 10; M2004J19C) AppleWebKit/537.36 (KHTML, like Gecko) Chrome/91.0.4472.77 Mobile Safari/537.36"
82.193.104.168 - - [02/Oct/2022:08:10:40 -0600] "HEAD / HTTP/1.1" 301 - "-" "Mozilla/5.0 (compatible; Domains Project/1.3.7; +https://domainsproject.org)"
20.191.45.212 - - [02/Oct/2022:08:28:11 -0600] "GET / HTTP/1.1" 301 - "http://ariapress.org/" "Mozilla/5.0 (compatible; DuckDuckGo-Favicons-Bot/1.0; +http://duckduckgo.com)"
162.240.68.55 - - [02/Oct/2022:09:36:09 -0600] "POST /wp-cron.php?doing_wp_cron=1664724969.0116479396820068359375 HTTP/1.1" 200 - "http://ariapress.org/wp-cron.php?doing_wp_cron=1664724969.0116479396820068359375" "WordPress/6.0.2; https://ariapress.org"
216.244.66.226 - - [02/Oct/2022:09:36:08 -0600] "GET /robots.txt HTTP/1.1" 200 162 "-" "Mozilla/5.0 (compatible; DotBot/1.2; +https://opensiteexplorer.org/dotbot; help@moz.com)"
216.244.66.226 - - [02/Oct/2022:09:51:32 -0600] "GET /category/%D8%AE%D8%A8%D8%B1-%D9%87%D8%A7/page/7/ HTTP/1.1" 200 97597 "-" "Mozilla/5.0 (compatible; DotBot/1.2; +https://opensiteexplorer.org/dotbot; help@moz.com)"
165.232.130.240 - - [02/Oct/2022:10:29:42 -0600] "HEAD / HTTP/1.1" 301 - "https://www.bing.com" "Mozilla/5.0 (Windows NT 6.4; WOW64) AppleWebKit/537.36 (KHTML, like Gecko) Chrome/41.0.2225.0 Safari/537.36"
165.232.130.240 - - [02/Oct/2022:10:29:43 -0600] "GET /wp-login.php HTTP/1.1" 302 - "http://ariapress.org" "Mozilla/5.0 (Windows NT 6.4; WOW64) AppleWebKit/537.36 (KHTML, like Gecko) Chrome/41.0.2225.0 Safari/537.36"
165.232.130.240 - - [02/Oct/2022:10:29:45 -0600] "GET /wordpress/wp-login.php HTTP/1.1" 404 73141 "http://ariapress.org" "Mozilla/5.0 (Windows NT 6.4; WOW64) AppleWebKit/537.36 (KHTML, like Gecko) Chrome/41.0.2225.0 Safari/537.36"
165.232.130.240 - - [02/Oct/2022:10:29:45 -0600] "GET /blog/wp-login.php HTTP/1.1" 404 73096 "http://ariapress.org" "Mozilla/5.0 (Windows NT 6.4; WOW64) AppleWebKit/537.36 (KHTML, like Gecko) Chrome/41.0.2225.0 Safari/537.36"
165.232.130.240 - - [02/Oct/2022:10:29:46 -0600] "GET /wp/wp-login.php HTTP/1.1" 404 73078 "http://ariapress.org" "Mozilla/5.0 (Windows NT 6.4; WOW64) AppleWebKit/537.36 (KHTML, like Gecko) Chrome/41.0.2225.0 Safari/537.36"
14.116.156.77 - - [02/Oct/2022:10:37:23 -0600] "GET / HTTP/1.1" 301 - "-" "Mozilla/5.0 (iPhone; CPU iPhone OS 13_2_3 like Mac OS X) AppleWebKit/605.1.15 (KHTML, like Gecko) Version/13.0.3 Mobile/15E148 Safari/604.1"
163.116.136.254 - - [02/Oct/2022:10:55:38 -0600] "GET / HTTP/1.1" 301 - "-" "Mozilla/5.0 (Windows NT 10.0; Win64; x64) AppleWebKit/537.36 (KHTML, like Gecko) Chrome/100.0.4896.75 Safari/537.36"
216.244.66.226 - - [02/Oct/2022:11:22:35 -0600] "GET /robots.txt HTTP/1.1" 200 162 "-" "Mozilla/5.0 (compatible; DotBot/1.2; +https://opensiteexplorer.org/dotbot; help@moz.com)"
162.240.68.55 - - [02/Oct/2022:11:36:12 -0600] "POST /wp-cron.php?doing_wp_cron=1664732172.2966411113739013671875 HTTP/1.1" 200 - "http://ariapress.org/wp-cron.php?doing_wp_cron=1664732172.2966411113739013671875" "WordPress/6.0.2; https://ariapress.org"
20.169.54.190 - - [02/Oct/2022:11:36:11 -0600] "GET /.env HTTP/1.1" 404 72971 "-" "Mozilla/5.0 (Macintosh; Intel Mac OS X 10.15; rv:77.0) Gecko/20100101 Firefox/77.0"
20.169.54.190 - - [02/Oct/2022:11:36:12 -0600] "GET /xmlrpc.php HTTP/1.1" 405 42 "-" "Mozilla/5.0 (Macintosh; Intel Mac OS X 10.15; rv:77.0) Gecko/20100101 Firefox/77.0"
216.244.66.226 - - [02/Oct/2022:11:36:41 -0600] "GET /%D8%B3%D8%A7%D8%B2%D9%85%D8%A7%D9%86-%D8%B9%D9%81%D9%88-%D8%A8%DB%8C%D9%86-%D8%A7%D9%84%D9%85%D9%84%D9%84/feed/ HTTP/1.1" 200 1313 "-" "Mozilla/5.0 (compatible; DotBot/1.2; +https://opensiteexplorer.org/dotbot; help@moz.com)"
173.252.107.23 - - [02/Oct/2022:12:12:14 -0600] "GET /%D9%82%DB%8C%D8%A7%D9%85-%D9%85%D8%B1%D8%AF%D9%85%DB%8C-%D8%AF%D8%B1-%D8%A8%D8%AF%D8%AE%D8%B4%D8%A7%D9%86-%D9%88%D9%86%D9%88%D8%B1%D8%B3%D8%AA%D8%A7%D9%86-%D8%B7%D8%A7%D9%84%D8%A8%D8%A7%D9%86-%D8%B1 HTTP/1.1" 404 74717 "-" "facebookexternalhit/1.1 (+http://www.facebook.com/externalhit_uatext.php)"
173.252.107.117 - - [02/Oct/2022:12:12:14 -0600] "GET /%D9%82%DB%8C%D8%A7%D9%85-%D9%85%D8%B1%D8%AF%D9%85%DB%8C-%D8%AF%D8%B1-%D8%A8%D8%AF%D8%AE%D8%B4%D8%A7%D9%86-%D9%88%D9%86%D9%88%D8%B1%D8%B3%D8%AA%D8%A7%D9%86-%D8%B7%D8%A7%D9%84%D8%A8%D8%A7%D9%86-%D8%B1 HTTP/1.1" 404 74717 "-" "facebookexternalhit/1.1 (+http://www.facebook.com/externalhit_uatext.php)"
173.252.107.16 - - [02/Oct/2022:12:12:16 -0600] "GET /%D9%82%DB%8C%D8%A7%D9%85-%D9%85%D8%B1%D8%AF%D9%85%DB%8C-%D8%AF%D8%B1-%D8%A8%D8%AF%D8%AE%D8%B4%D8%A7%D9%86-%D9%88%D9%86%D9%88%D8%B1%D8%B3%D8%AA%D8%A7%D9%86-%D8%B7%D8%A7%D9%84%D8%A8%D8%A7%D9%86-%D8%B1 HTTP/1.1" 404 74717 "-" "facebookexternalhit/1.1 (+http://www.facebook.com/externalhit_uatext.php)"
216.244.66.226 - - [02/Oct/2022:12:15:27 -0600] "GET /robots.txt HTTP/1.1" 200 162 "-" "Mozilla/5.0 (compatible; DotBot/1.2; +https://opensiteexplorer.org/dotbot; help@moz.com)"
216.244.66.226 - - [02/Oct/2022:12:30:53 -0600] "GET /%D8%A7%D8%AF%D8%A7%D9%85%D9%87-%D8%AA%D9%86%D8%B4-%D9%87%D8%A7-%D9%85%DB%8C%D8%A7%D9%86-%D8%B7%D8%A7%D9%84%D8%A8%D8%A7%D9%86-%D8%A7%D9%88%D8%B2%D8%A8%DB%8C%DA%A9-%D9%88-%D9%BE%D8%B4%D8%AA%D9%88%D9%86/feed/ HTTP/1.1" 200 1618 "-" "Mozilla/5.0 (compatible; DotBot/1.2; +https://opensiteexplorer.org/dotbot; help@moz.com)"
164.92.176.203 - - [02/Oct/2022:12:53:09 -0600] "GET / HTTP/1.0" 301 - "-" "-"
162.240.68.55 - - [02/Oct/2022:13:08:21 -0600] "POST /wp-cron.php?doing_wp_cron=1664737701.3372800350189208984375 HTTP/1.1" 200 - "http://ariapress.org/wp-cron.php?doing_wp_cron=1664737701.3372800350189208984375" "WordPress/6.0.2; https://ariapress.org"
216.244.66.226 - - [02/Oct/2022:13:08:20 -0600] "GET /robots.txt HTTP/1.1" 200 162 "-" "Mozilla/5.0 (compatible; DotBot/1.2; +https://opensiteexplorer.org/dotbot; help@moz.com)"
162.240.68.55 - - [02/Oct/2022:13:20:00 -0600] "POST /wp-cron.php?doing_wp_cron=1664738400.3004570007324218750000 HTTP/1.1" 200 - "http://ariapress.org/wp-cron.php?doing_wp_cron=1664738400.3004570007324218750000" "WordPress/6.0.2; https://ariapress.org"
216.244.66.226 - - [02/Oct/2022:13:19:59 -0600] "GET /tag/%D8%AD%D9%82%D9%88%D9%82-%D8%A8%D8%B4%D8%B1/ HTTP/1.1" 200 76741 "-" "Mozilla/5.0 (compatible; DotBot/1.2; +https://opensiteexplorer.org/dotbot; help@moz.com)"
216.244.66.226 - - [02/Oct/2022:14:00:54 -0600] "GET /robots.txt HTTP/1.1" 200 162 "-" "Mozilla/5.0 (compatible; DotBot/1.2; +https://opensiteexplorer.org/dotbot; help@moz.com)"
216.244.66.226 - - [02/Oct/2022:14:12:46 -0600] "GET /tag/%D9%88%D8%B7%D9%86/feed/ HTTP/1.1" 200 13663 "-" "Mozilla/5.0 (compatible; DotBot/1.2; +https://opensiteexplorer.org/dotbot; help@moz.com)"
162.240.68.55 - - [02/Oct/2022:14:21:18 -0600] "POST /wp-cron.php?doing_wp_cron=1664742078.4183740615844726562500 HTTP/1.1" 200 - "http://ariapress.org/wp-cron.php?doing_wp_cron=1664742078.4183740615844726562500" "WordPress/6.0.2; https://ariapress.org"
164.92.228.157 - - [02/Oct/2022:14:21:17 -0600] "GET / HTTP/1.0" 301 - "-" "-"
164.92.228.157 - - [02/Oct/2022:14:21:35 -0600] "GET / HTTP/1.0" 301 - "-" "-"
164.92.228.157 - - [02/Oct/2022:14:21:43 -0600] "GET / HTTP/1.0" 301 - "-" "-"
164.92.228.157 - - [02/Oct/2022:14:21:51 -0600] "GET / HTTP/1.0" 301 - "-" "-"
164.92.228.157 - - [02/Oct/2022:14:21:59 -0600] "GET / HTTP/1.0" 301 - "-" "-"
162.240.68.55 - - [02/Oct/2022:14:22:07 -0600] "POST /wp-cron.php?doing_wp_cron=1664742127.3359229564666748046875 HTTP/1.1" 200 - "http://ariapress.org/wp-cron.php?doing_wp_cron=1664742127.3359229564666748046875" "WordPress/6.0.2; https://ariapress.org"
164.92.228.157 - - [02/Oct/2022:14:22:06 -0600] "GET / HTTP/1.0" 301 - "-" "-"
164.92.228.157 - - [02/Oct/2022:14:22:14 -0600] "GET / HTTP/1.0" 301 - "-" "-"
164.92.228.157 - - [02/Oct/2022:14:22:22 -0600] "GET / HTTP/1.0" 301 - "-" "-"
162.240.68.55 - - [02/Oct/2022:15:44:48 -0600] "POST /wp-cron.php?doing_wp_cron=1664747088.4511868953704833984375 HTTP/1.1" 200 - "http://ariapress.org/wp-cron.php?doing_wp_cron=1664747088.4511868953704833984375" "WordPress/6.0.2; https://ariapress.org"
216.244.66.226 - - [02/Oct/2022:15:44:47 -0600] "GET /robots.txt HTTP/1.1" 200 162 "-" "Mozilla/5.0 (compatible; DotBot/1.2; +https://opensiteexplorer.org/dotbot; help@moz.com)"
162.240.68.55 - - [02/Oct/2022:15:52:40 -0600] "POST /wp-cron.php?doing_wp_cron=1664747560.6746850013732910156250 HTTP/1.1" 200 - "http://ariapress.org/wp-cron.php?doing_wp_cron=1664747560.6746850013732910156250" "WordPress/6.0.2; https://ariapress.org"
82.62.254.1 - - [02/Oct/2022:15:52:39 -0600] "GET / HTTP/1.0" 301 - "-" "-"
216.244.66.226 - - [02/Oct/2022:15:53:45 -0600] "GET /category/%DA%AF%D8%B2%D8%A7%D8%B1%D8%B4-%D9%87%D8%A7/page/7/ HTTP/1.1" 200 99287 "-" "Mozilla/5.0 (compatible; DotBot/1.2; +https://opensiteexplorer.org/dotbot; help@moz.com)"
216.244.66.226 - - [02/Oct/2022:16:36:59 -0600] "GET /robots.txt HTTP/1.1" 200 162 "-" "Mozilla/5.0 (compatible; DotBot/1.2; +https://opensiteexplorer.org/dotbot; help@moz.com)"
216.244.66.226 - - [02/Oct/2022:16:42:19 -0600] "GET /tag/%D9%85%D8%B9%D9%84%D9%85%D8%A7%D9%86/feed/ HTTP/1.1" 200 6379 "-" "Mozilla/5.0 (compatible; DotBot/1.2; +https://opensiteexplorer.org/dotbot; help@moz.com)"
216.244.66.226 - - [02/Oct/2022:16:45:43 -0600] "GET /tag/%D8%A2%D8%B2%D8%A7%D8%AF%DB%8C/page/6/ HTTP/1.1" 200 95510 "-" "Mozilla/5.0 (compatible; DotBot/1.2; +https://opensiteexplorer.org/dotbot; help@moz.com)"
176.9.74.94 - - [02/Oct/2022:17:57:54 -0600] "GET /wp-includes/wp-class.php HTTP/1.1" 403 17006 "www.google.com" "Mozlila/5.0 (Linux; Android 7.0; SM-G892A Bulid/NRD90M; wv) AppleWebKit/537.36 (KHTML, like Gecko) Version/4.0 Chrome/60.0.3112.107 Moblie Safari/537.36"
176.9.74.94 - - [02/Oct/2022:17:57:59 -0600] "GET /wp-includes/shell20211028.php HTTP/1.1" 403 17006 "www.google.com" "Mozlila/5.0 (Linux; Android 7.0; SM-G892A Bulid/NRD90M; wv) AppleWebKit/537.36 (KHTML, like Gecko) Version/4.0 Chrome/60.0.3112.107 Moblie Safari/537.36"
176.9.74.94 - - [02/Oct/2022:17:58:04 -0600] "GET /wp-content/themes/seotheme/mar.php HTTP/1.1" 403 17006 "www.google.com" "Mozlila/5.0 (Linux; Android 7.0; SM-G892A Bulid/NRD90M; wv) AppleWebKit/537.36 (KHTML, like Gecko) Version/4.0 Chrome/60.0.3112.107 Moblie Safari/537.36"
162.240.68.55 - - [02/Oct/2022:18:18:14 -0600] "POST /wp-cron.php?doing_wp_cron=1664756294.5090150833129882812500 HTTP/1.1" 200 - "http://ariapress.org/wp-cron.php?doing_wp_cron=1664756294.5090150833129882812500" "WordPress/6.0.2; https://ariapress.org"
216.244.66.226 - - [02/Oct/2022:18:18:13 -0600] "GET /robots.txt HTTP/1.1" 200 162 "-" "Mozilla/5.0 (compatible; DotBot/1.2; +https://opensiteexplorer.org/dotbot; help@moz.com)"
162.240.68.55 - - [02/Oct/2022:18:26:55 -0600] "POST /wp-cron.php?doing_wp_cron=1664756815.7105669975280761718750 HTTP/1.1" 200 - "http://ariapress.org/wp-cron.php?doing_wp_cron=1664756815.7105669975280761718750" "WordPress/6.0.2; https://ariapress.org"
216.244.66.226 - - [02/Oct/2022:18:26:55 -0600] "GET /tag/%D8%B7%D8%A7%D9%84%D8%A8%D8%A7%D9%86/page/8/ HTTP/1.1" 200 96439 "-" "Mozilla/5.0 (compatible; DotBot/1.2; +https://opensiteexplorer.org/dotbot; help@moz.com)"
141.94.69.154 - - [02/Oct/2022:19:23:15 -0600] "GET /wp-content/plugins/cysteme-finder/php/connector.php?wphome=../../../../wp-config.php HTTP/1.1" 403 17004 "-" "Mozilla/5.0 (Windows NT 10.0; rv:91.0) Gecko/20100101 Firefox/91.0"
141.94.69.154 - - [02/Oct/2022:19:23:15 -0600] "GET /wp-content/plugins/cysteme-finder/php/connector.php?wphome=../../../../wp-config.php&cmd=file&target=l1_cGFzc3dk&download=1 HTTP/1.1" 403 17004 "-" "Mozilla/5.0 (Windows NT 10.0; rv:91.0) Gecko/20100101 Firefox/91.0"
162.240.68.55 - - [02/Oct/2022:19:32:50 -0600] "POST /wp-cron.php?doing_wp_cron=1664760770.0360469818115234375000 HTTP/1.1" 200 - "http://ariapress.org/wp-cron.php?doing_wp_cron=1664760770.0360469818115234375000" "WordPress/6.0.2; https://ariapress.org"
31.202.101.40 - - [02/Oct/2022:19:32:49 -0600] "GET /xmlrpc.php HTTP/1.1" 405 42 "-" "Mozilla/5.0 (Windows NT 6.3; WOW64) AppleWebKit/537.36 (KHTML, like Gecko) Chrome/87.0.4280.141 Safari/537.36"
31.202.101.40 - - [02/Oct/2022:19:32:51 -0600] "GET /?author=1 HTTP/1.1" 404 72092 "-" "Mozilla/5.0 (Windows NT 6.3; WOW64) AppleWebKit/537.36 (KHTML, like Gecko) Chrome/87.0.4280.141 Safari/537.36"
31.202.101.40 - - [02/Oct/2022:19:32:53 -0600] "GET /?author=2 HTTP/1.1" 404 72092 "-" "Mozilla/5.0 (Windows NT 6.3; WOW64) AppleWebKit/537.36 (KHTML, like Gecko) Chrome/87.0.4280.141 Safari/537.36"
31.202.101.40 - - [02/Oct/2022:19:32:54 -0600] "GET /?author=3 HTTP/1.1" 404 72092 "-" "Mozilla/5.0 (Windows NT 6.3; WOW64) AppleWebKit/537.36 (KHTML, like Gecko) Chrome/87.0.4280.141 Safari/537.36"
31.202.101.40 - - [02/Oct/2022:19:32:55 -0600] "GET /?author=4 HTTP/1.1" 404 72092 "-" "Mozilla/5.0 (Windows NT 6.3; WOW64) AppleWebKit/537.36 (KHTML, like Gecko) Chrome/87.0.4280.141 Safari/537.36"
31.202.101.40 - - [02/Oct/2022:19:32:56 -0600] "GET /?author=5 HTTP/1.1" 404 72092 "-" "Mozilla/5.0 (Windows NT 6.3; WOW64) AppleWebKit/537.36 (KHTML, like Gecko) Chrome/87.0.4280.141 Safari/537.36"
162.240.68.55 - - [02/Oct/2022:21:50:20 -0600] "POST /wp-cron.php?doing_wp_cron=1664769020.8324480056762695312500 HTTP/1.1" 200 - "http://ariapress.org/wp-cron.php?doing_wp_cron=1664769020.8324480056762695312500" "WordPress/6.0.2; https://ariapress.org"
167.71.213.91 - - [02/Oct/2022:21:50:20 -0600] "GET / HTTP/1.1" 301 - "-" "Mozilla/5.0 (Windows NT 10.0; Win64; x64) AppleWebKit/537.36 (KHTML, like Gecko) Chrome/89.0.4389.114 Safari/537.36"
162.240.68.55 - - [02/Oct/2022:22:12:07 -0600] "POST /wp-cron.php?doing_wp_cron=1664770327.7440319061279296875000 HTTP/1.1" 200 - "http://ariapress.org/wp-cron.php?doing_wp_cron=1664770327.7440319061279296875000" "WordPress/6.0.2; https://ariapress.org"
35.213.234.99 - - [02/Oct/2022:22:12:07 -0600] "GET / HTTP/1.1" 301 - "-" "Mozilla/5.0 (Windows NT 10.0; Win64; x64) AppleWebKit/537.36 (KHTML, like Gecko; compatible; BW/1.1; bit.ly/3eZNDnO; 3469f2cc66) Chrome/84.0.4147.105 Safari/537.36"
35.213.234.99 - - [02/Oct/2022:22:12:09 -0600] "GET /robots.txt HTTP/1.1" 200 162 "-" "Mozilla/5.0 (Windows NT 10.0; Win64; x64) AppleWebKit/537.36 (KHTML, like Gecko; compatible; BW/1.1; bit.ly/3eZNDnO; 3469f2cc66) Chrome/84.0.4147.105 Safari/537.36"
46.161.27.153 - - [02/Oct/2022:22:28:27 -0600] "GET /wp-login.php HTTP/1.1" 302 - "-" "Mozilla/5.0 (Windows NT 10.0; Win64; x64) AppleWebKit/537.36 (KHTML, like Gecko) Chrome/64.0.3282.140 Safari/537.36 Edge/18.17763"
162.240.68.55 - - [02/Oct/2022:23:02:48 -0600] "POST /wp-cron.php?doing_wp_cron=1664773368.5474989414215087890625 HTTP/1.1" 200 - "http://ariapress.org/wp-cron.php?doing_wp_cron=1664773368.5474989414215087890625" "WordPress/6.0.2; https://ariapress.org"
85.31.46.140 - - [02/Oct/2022:23:02:47 -0600] "GET /wp-admin/css/ HTTP/1.1" 404 72912 "binance.com" "Mozilla/5.0 (Windows NT 10.0; Win64; x64) AppleWebKit/537.36 (KHTML, like Gecko) Chrome/90.0.4430.85 Safari/537.36"
85.31.46.140 - - [02/Oct/2022:23:02:56 -0600] "GET /.well-known/ HTTP/1.1" 404 72895 "binance.com" "Mozilla/5.0 (Windows NT 10.0; Win64; x64) AppleWebKit/537.36 (KHTML, like Gecko) Chrome/90.0.4430.85 Safari/537.36"
162.240.68.55 - - [02/Oct/2022:23:03:48 -0600] "POST /wp-cron.php?doing_wp_cron=1664773428.8587400913238525390625 HTTP/1.1" 200 - "http://ariapress.org/wp-cron.php?doing_wp_cron=1664773428.8587400913238525390625" "WordPress/6.0.2; https://ariapress.org"
85.31.46.140 - - [02/Oct/2022:23:03:48 -0600] "GET /sites/default/files/ HTTP/1.1" 404 72983 "binance.com" "Mozilla/5.0 (Windows NT 10.0; Win64; x64) AppleWebKit/537.36 (KHTML, like Gecko) Chrome/90.0.4430.85 Safari/537.36"
162.240.68.55 - - [02/Oct/2022:23:04:11 -0600] "POST /wp-cron.php?doing_wp_cron=1664773451.9852170944213867187500 HTTP/1.1" 200 - "http://ariapress.org/wp-cron.php?doing_wp_cron=1664773451.9852170944213867187500" "WordPress/6.0.2; https://ariapress.org"
85.31.46.140 - - [02/Oct/2022:23:04:11 -0600] "GET /admin/controller/extension/extension/ HTTP/1.1" 404 73144 "binance.com" "Mozilla/5.0 (Windows NT 10.0; Win64; x64) AppleWebKit/537.36 (KHTML, like Gecko) Chrome/90.0.4430.85 Safari/537.36"
85.31.46.140 - - [02/Oct/2022:23:04:40 -0600] "GET /uploads/ HTTP/1.1" 404 72859 "binance.com" "Mozilla/5.0 (Windows NT 10.0; Win64; x64) AppleWebKit/537.36 (KHTML, like Gecko) Chrome/90.0.4430.85 Safari/537.36"
85.31.46.140 - - [02/Oct/2022:23:04:46 -0600] "GET /images/ HTTP/1.1" 404 72850 "binance.com" "Mozilla/5.0 (Windows NT 10.0; Win64; x64) AppleWebKit/537.36 (KHTML, like Gecko) Chrome/90.0.4430.85 Safari/537.36"
85.31.46.140 - - [02/Oct/2022:23:04:54 -0600] "GET /files/ HTTP/1.1" 404 72841 "binance.com" "Mozilla/5.0 (Windows NT 10.0; Win64; x64) AppleWebKit/537.36 (KHTML, like Gecko) Chrome/90.0.4430.85 Safari/537.36"
108.173.236.159 - - [02/Oct/2022:23:27:57 -0600] "GET /webmail.com HTTP/1.1" 404 72894 "-" "Mozilla/5.0 (Windows NT 10.0; Win64; x64) AppleWebKit/537.36 (KHTML, like Gecko) Chrome/105.0.0.0 Safari/537.36 Edg/105.0.1343.33"
108.173.236.159 - - [02/Oct/2022:23:27:57 -0600] "GET /wp-content/themes/jannah/assets/fonts/tielabs-fonticon/tielabs-fonticon.woff HTTP/1.1" 200 40536 "http://ariapress.org/webmail.com" "Mozilla/5.0 (Windows NT 10.0; Win64; x64) AppleWebKit/537.36 (KHTML, like Gecko) Chrome/105.0.0.0 Safari/537.36 Edg/105.0.1343.33"
108.173.236.159 - - [02/Oct/2022:23:27:58 -0600] "GET /wp-content/themes/jannah/assets/fonts/fontawesome/fa-solid-900.woff2 HTTP/1.1" 200 79444 "http://ariapress.org/webmail.com" "Mozilla/5.0 (Windows NT 10.0; Win64; x64) AppleWebKit/537.36 (KHTML, like Gecko) Chrome/105.0.0.0 Safari/537.36 Edg/105.0.1343.33"
108.173.236.159 - - [02/Oct/2022:23:27:58 -0600] "GET /wp-content/themes/jannah/assets/fonts/fontawesome/fa-brands-400.woff2 HTTP/1.1" 200 76612 "http://ariapress.org/webmail.com" "Mozilla/5.0 (Windows NT 10.0; Win64; x64) AppleWebKit/537.36 (KHTML, like Gecko) Chrome/105.0.0.0 Safari/537.36 Edg/105.0.1343.33"
108.173.236.159 - - [02/Oct/2022:23:27:58 -0600] "GET /wp-content/themes/jannah/assets/fonts/fontawesome/fa-regular-400.woff2 HTTP/1.1" 200 13584 "http://ariapress.org/webmail.com" "Mozilla/5.0 (Windows NT 10.0; Win64; x64) AppleWebKit/537.36 (KHTML, like Gecko) Chrome/105.0.0.0 Safari/537.36 Edg/105.0.1343.33"
108.173.236.159 - - [02/Oct/2022:23:27:58 -0600] "GET /wp-content/themes/jannah/assets/css/base.min.css?ver=5.4.10 HTTP/1.1" 200 41904 "http://ariapress.org/webmail.com" "Mozilla/5.0 (Windows NT 10.0; Win64; x64) AppleWebKit/537.36 (KHTML, like Gecko) Chrome/105.0.0.0 Safari/537.36 Edg/105.0.1343.33"
108.173.236.159 - - [02/Oct/2022:23:27:58 -0600] "GET /wp-content/themes/jannah/assets/css/style.min.css?ver=5.4.10 HTTP/1.1" 200 175267 "http://ariapress.org/webmail.com" "Mozilla/5.0 (Windows NT 10.0; Win64; x64) AppleWebKit/537.36 (KHTML, like Gecko) Chrome/105.0.0.0 Safari/537.36 Edg/105.0.1343.33"
108.173.236.159 - - [02/Oct/2022:23:27:58 -0600] "GET /wp-content/themes/jannah/assets/css/widgets.min.css?ver=5.4.10 HTTP/1.1" 200 54142 "http://ariapress.org/webmail.com" "Mozilla/5.0 (Windows NT 10.0; Win64; x64) AppleWebKit/537.36 (KHTML, like Gecko) Chrome/105.0.0.0 Safari/537.36 Edg/105.0.1343.33"
108.173.236.159 - - [02/Oct/2022:23:27:58 -0600] "GET /wp-content/themes/jannah/assets/css/fontawesome.css?ver=5.4.10 HTTP/1.1" 200 58662 "http://ariapress.org/webmail.com" "Mozilla/5.0 (Windows NT 10.0; Win64; x64) AppleWebKit/537.36 (KHTML, like Gecko) Chrome/105.0.0.0 Safari/537.36 Edg/105.0.1343.33"
108.173.236.159 - - [02/Oct/2022:23:27:58 -0600] "GET /wp-content/themes/jannah/assets/ilightbox/dark-skin/skin.css?ver=5.4.10 HTTP/1.1" 200 12018 "http://ariapress.org/webmail.com" "Mozilla/5.0 (Windows NT 10.0; Win64; x64) AppleWebKit/537.36 (KHTML, like Gecko) Chrome/105.0.0.0 Safari/537.36 Edg/105.0.1343.33"
108.173.236.159 - - [02/Oct/2022:23:27:58 -0600] "GET /wp-content/themes/jannah/assets/css/helpers.min.css?ver=5.4.10 HTTP/1.1" 200 15224 "http://ariapress.org/webmail.com" "Mozilla/5.0 (Windows NT 10.0; Win64; x64) AppleWebKit/537.36 (KHTML, like Gecko) Chrome/105.0.0.0 Safari/537.36 Edg/105.0.1343.33"
108.173.236.159 - - [02/Oct/2022:23:27:58 -0600] "GET /wp-content/themes/jannah/assets/css/plugins/shortcodes.min.css?ver=5.4.10 HTTP/1.1" 200 11673 "http://ariapress.org/webmail.com" "Mozilla/5.0 (Windows NT 10.0; Win64; x64) AppleWebKit/537.36 (KHTML, like Gecko) Chrome/105.0.0.0 Safari/537.36 Edg/105.0.1343.33"
108.173.236.159 - - [02/Oct/2022:23:27:58 -0600] "GET /wp-content/themes/jannah/rtl.css?ver=6.0.2 HTTP/1.1" 200 42087 "http://ariapress.org/webmail.com" "Mozilla/5.0 (Windows NT 10.0; Win64; x64) AppleWebKit/537.36 (KHTML, like Gecko) Chrome/105.0.0.0 Safari/537.36 Edg/105.0.1343.33"
108.173.236.159 - - [02/Oct/2022:23:27:58 -0600] "GET /wp-content/themes/jannah-child/style.css?ver=6.0.2 HTTP/1.1" 200 602 "http://ariapress.org/webmail.com" "Mozilla/5.0 (Windows NT 10.0; Win64; x64) AppleWebKit/537.36 (KHTML, like Gecko) Chrome/105.0.0.0 Safari/537.36 Edg/105.0.1343.33"
108.173.236.159 - - [02/Oct/2022:23:27:58 -0600] "GET /wp-content/plugins/google-analytics-for-wordpress/assets/js/frontend-gtag.min.js?ver=8.9.0 HTTP/1.1" 200 11898 "http://ariapress.org/webmail.com" "Mozilla/5.0 (Windows NT 10.0; Win64; x64) AppleWebKit/537.36 (KHTML, like Gecko) Chrome/105.0.0.0 Safari/537.36 Edg/105.0.1343.33"
108.173.236.159 - - [02/Oct/2022:23:27:58 -0600] "GET /wp-includes/js/jquery/jquery.min.js?ver=3.6.0 HTTP/1.1" 200 89521 "http://ariapress.org/webmail.com" "Mozilla/5.0 (Windows NT 10.0; Win64; x64) AppleWebKit/537.36 (KHTML, like Gecko) Chrome/105.0.0.0 Safari/537.36 Edg/105.0.1343.33"
108.173.236.159 - - [02/Oct/2022:23:27:58 -0600] "GET /wp-includes/js/jquery/jquery-migrate.min.js?ver=3.3.2 HTTP/1.1" 200 11224 "http://ariapress.org/webmail.com" "Mozilla/5.0 (Windows NT 10.0; Win64; x64) AppleWebKit/537.36 (KHTML, like Gecko) Chrome/105.0.0.0 Safari/537.36 Edg/105.0.1343.33"
108.173.236.159 - - [02/Oct/2022:23:27:58 -0600] "GET /wp-content/themes/jannah/assets/js/scripts.min.js?ver=5.4.10 HTTP/1.1" 200 22473 "http://ariapress.org/webmail.com" "Mozilla/5.0 (Windows NT 10.0; Win64; x64) AppleWebKit/537.36 (KHTML, like Gecko) Chrome/105.0.0.0 Safari/537.36 Edg/105.0.1343.33"
108.173.236.159 - - [02/Oct/2022:23:27:59 -0600] "GET /wp-content/themes/jannah/assets/ilightbox/lightbox.js?ver=5.4.10 HTTP/1.1" 200 81423 "http://ariapress.org/webmail.com" "Mozilla/5.0 (Windows NT 10.0; Win64; x64) AppleWebKit/537.36 (KHTML, like Gecko) Chrome/105.0.0.0 Safari/537.36 Edg/105.0.1343.33"
108.173.236.159 - - [02/Oct/2022:23:27:59 -0600] "GET /wp-content/themes/jannah/assets/js/sliders.min.js?ver=5.4.10 HTTP/1.1" 200 49319 "http://ariapress.org/webmail.com" "Mozilla/5.0 (Windows NT 10.0; Win64; x64) AppleWebKit/537.36 (KHTML, like Gecko) Chrome/105.0.0.0 Safari/537.36 Edg/105.0.1343.33"
108.173.236.159 - - [02/Oct/2022:23:27:59 -0600] "GET /wp-content/themes/jannah/assets/js/shortcodes.js?ver=5.4.10 HTTP/1.1" 200 11181 "http://ariapress.org/webmail.com" "Mozilla/5.0 (Windows NT 10.0; Win64; x64) AppleWebKit/537.36 (KHTML, like Gecko) Chrome/105.0.0.0 Safari/537.36 Edg/105.0.1343.33"
108.173.236.159 - - [02/Oct/2022:23:27:59 -0600] "GET /wp-content/themes/jannah/assets/js/desktop.min.js?ver=5.4.10 HTTP/1.1" 200 16792 "http://ariapress.org/webmail.com" "Mozilla/5.0 (Windows NT 10.0; Win64; x64) AppleWebKit/537.36 (KHTML, like Gecko) Chrome/105.0.0.0 Safari/537.36 Edg/105.0.1343.33"
108.173.236.159 - - [02/Oct/2022:23:27:59 -0600] "GET /wp-content/themes/jannah/assets/js/live-search.js?ver=5.4.10 HTTP/1.1" 200 14601 "http://ariapress.org/webmail.com" "Mozilla/5.0 (Windows NT 10.0; Win64; x64) AppleWebKit/537.36 (KHTML, like Gecko) Chrome/105.0.0.0 Safari/537.36 Edg/105.0.1343.33"
108.173.236.159 - - [02/Oct/2022:23:27:59 -0600] "GET /wp-includes/js/wp-emoji-release.min.js?ver=6.0.2 HTTP/1.1" 200 18617 "http://ariapress.org/webmail.com" "Mozilla/5.0 (Windows NT 10.0; Win64; x64) AppleWebKit/537.36 (KHTML, like Gecko) Chrome/105.0.0.0 Safari/537.36 Edg/105.0.1343.33"
108.173.236.159 - - [02/Oct/2022:23:28:06 -0600] "GET /webmail.com HTTP/1.1" 404 72894 "-" "Mozilla/5.0 (Windows NT 10.0; Win64; x64) AppleWebKit/537.36 (KHTML, like Gecko) Chrome/105.0.0.0 Safari/537.36 Edg/105.0.1343.33"
108.173.236.159 - - [02/Oct/2022:23:28:16 -0600] "GET /webmail HTTP/1.1" 301 - "-" "Mozilla/5.0 (Windows NT 10.0; Win64; x64) AppleWebKit/537.36 (KHTML, like Gecko) Chrome/105.0.0.0 Safari/537.36 Edg/105.0.1343.33"
111.119.178.141 - - [02/Oct/2022:23:29:15 -0600] "GET /webmail HTTP/1.1" 301 - "-" "Mozilla/5.0 (Windows NT 10.0; Win64; x64) AppleWebKit/537.36 (KHTML, like Gecko) Chrome/105.0.0.0 Safari/537.36"
Anon7 — 2022  •  AnonSec Team