/home/tywatomy/access-logs/en.ariapress.org-ssl_log
3.94.32.68 - - [01/Aug/2026:06:33:30 -0600] "GET / HTTP/1.1" 200 124426 "-" "Mozilla/5.0 (Windows NT 10.0; Win64; x64) AppleWebKit/537.36 (KHTML, like Gecko) Chrome/138.0.0.0 Safari/537.36 clst-pab"
162.240.68.55 - - [01/Aug/2026:07:32:49 -0600] "POST /wp-cron.php?doing_wp_cron=1785591169.2161219120025634765625 HTTP/1.1" 200 - "-" "WordPress/7.0.2; https://en.ariapress.org"
216.73.216.193 - - [01/Aug/2026:07:32:48 -0600] "GET /robots.txt HTTP/1.1" 200 117 "-" "Mozilla/5.0 AppleWebKit/537.36 (KHTML, like Gecko; compatible; ClaudeBot/1.0; +claudebot@anthropic.com)"
216.73.216.193 - - [01/Aug/2026:07:32:49 -0600] "GET /wp-sitemap.xml HTTP/1.1" 200 633 "-" "Mozilla/5.0 AppleWebKit/537.36 (KHTML, like Gecko; compatible; ClaudeBot/1.0; +claudebot@anthropic.com)"
162.240.68.55 - - [01/Aug/2026:07:46:10 -0600] "POST /wp-cron.php?doing_wp_cron=1785591970.3063309192657470703125 HTTP/1.1" 200 - "-" "WordPress/7.0.2; https://en.ariapress.org"
103.253.24.124 - - [01/Aug/2026:07:46:07 -0600] "GET / HTTP/1.1" 200 124426 "-" "wp2shell-rce/1.0"
103.253.24.124 - - [01/Aug/2026:07:46:09 -0600] "GET / HTTP/1.1" 301 - "-" "wp2shell-rce/1.0"
103.253.24.124 - - [01/Aug/2026:07:46:11 -0600] "POST /?rest_route=/batch/v1 HTTP/1.1" 400 125 "-" "wp2shell-rce/1.0"
103.253.24.124 - - [01/Aug/2026:07:46:12 -0600] "GET / HTTP/1.1" 200 124426 "-" "wp2shell-rce/1.0"
103.253.24.124 - - [01/Aug/2026:07:46:14 -0600] "GET / HTTP/1.1" 200 124426 "-" "Mozilla/5.0 (Windows NT 10.0; Win64; x64) AppleWebKit/537.36 (KHTML, like Gecko) Chrome/126.0 Safari/537.36"
103.253.24.124 - - [01/Aug/2026:07:46:16 -0600] "POST /?rest_route=/batch/v1 HTTP/1.1" 400 125 "-" "wp2shell-rce/1.0"
103.253.24.124 - - [01/Aug/2026:07:46:17 -0600] "POST /?rest_route=/batch/v1 HTTP/1.1" 207 628 "-" "Mozilla/5.0 (Windows NT 10.0; Win64; x64) AppleWebKit/537.36 (KHTML, like Gecko) Chrome/126.0 Safari/537.36"
103.253.24.124 - - [01/Aug/2026:07:46:19 -0600] "GET / HTTP/1.1" 301 - "-" "Mozilla/5.0 (Windows NT 10.0; Win64; x64) AppleWebKit/537.36 (KHTML, like Gecko) Chrome/126.0 Safari/537.36"
103.253.24.124 - - [01/Aug/2026:07:46:19 -0600] "POST /?rest_route=/batch/v1 HTTP/1.1" 207 628 "-" "Mozilla/5.0 (Windows NT 10.0; Win64; x64) AppleWebKit/537.36 (KHTML, like Gecko) Chrome/126.0 Safari/537.36"
103.253.24.124 - - [01/Aug/2026:07:46:22 -0600] "GET / HTTP/1.1" 200 124426 "-" "Mozilla/5.0 (Windows NT 10.0; Win64; x64) AppleWebKit/537.36 (KHTML, like Gecko) Chrome/126.0 Safari/537.36"
103.253.24.124 - - [01/Aug/2026:07:46:22 -0600] "POST /?rest_route=/batch/v1 HTTP/1.1" 207 628 "-" "Mozilla/5.0 (Windows NT 10.0; Win64; x64) AppleWebKit/537.36 (KHTML, like Gecko) Chrome/126.0 Safari/537.36"
103.253.24.124 - - [01/Aug/2026:07:46:25 -0600] "POST /?rest_route=/batch/v1 HTTP/1.1" 207 628 "-" "Mozilla/5.0 (Windows NT 10.0; Win64; x64) AppleWebKit/537.36 (KHTML, like Gecko) Chrome/126.0 Safari/537.36"
103.253.24.124 - - [01/Aug/2026:07:46:25 -0600] "POST /?rest_route=/batch/v1 HTTP/1.1" 207 628 "-" "Mozilla/5.0 (Windows NT 10.0; Win64; x64) AppleWebKit/537.36 (KHTML, like Gecko) Chrome/126.0 Safari/537.36"
103.253.24.124 - - [01/Aug/2026:07:46:27 -0600] "POST /?rest_route=/batch/v1 HTTP/1.1" 207 628 "-" "Mozilla/5.0 (Windows NT 10.0; Win64; x64) AppleWebKit/537.36 (KHTML, like Gecko) Chrome/126.0 Safari/537.36"
103.253.24.124 - - [01/Aug/2026:07:46:27 -0600] "POST /?rest_route=/batch/v1 HTTP/1.1" 207 628 "-" "Mozilla/5.0 (Windows NT 10.0; Win64; x64) AppleWebKit/537.36 (KHTML, like Gecko) Chrome/126.0 Safari/537.36"
103.253.24.124 - - [01/Aug/2026:07:46:30 -0600] "POST /?rest_route=/batch/v1 HTTP/1.1" 207 628 "-" "Mozilla/5.0 (Windows NT 10.0; Win64; x64) AppleWebKit/537.36 (KHTML, like Gecko) Chrome/126.0 Safari/537.36"
103.253.24.124 - - [01/Aug/2026:07:46:30 -0600] "POST /?rest_route=/batch/v1 HTTP/1.1" 207 628 "-" "Mozilla/5.0 (Windows NT 10.0; Win64; x64) AppleWebKit/537.36 (KHTML, like Gecko) Chrome/126.0 Safari/537.36"
103.253.24.124 - - [01/Aug/2026:07:46:33 -0600] "POST /?rest_route=/batch/v1 HTTP/1.1" 207 628 "-" "Mozilla/5.0 (Windows NT 10.0; Win64; x64) AppleWebKit/537.36 (KHTML, like Gecko) Chrome/126.0 Safari/537.36"
103.253.24.124 - - [01/Aug/2026:07:46:33 -0600] "POST /?rest_route=/batch/v1 HTTP/1.1" 207 628 "-" "Mozilla/5.0 (Windows NT 10.0; Win64; x64) AppleWebKit/537.36 (KHTML, like Gecko) Chrome/126.0 Safari/537.36"
103.253.24.124 - - [01/Aug/2026:07:46:36 -0600] "POST /?rest_route=/batch/v1 HTTP/1.1" 207 628 "-" "Mozilla/5.0 (Windows NT 10.0; Win64; x64) AppleWebKit/537.36 (KHTML, like Gecko) Chrome/126.0 Safari/537.36"
103.253.24.124 - - [01/Aug/2026:07:46:38 -0600] "POST /?rest_route=/batch/v1 HTTP/1.1" 207 628 "-" "Mozilla/5.0 (Windows NT 10.0; Win64; x64) AppleWebKit/537.36 (KHTML, like Gecko) Chrome/126.0 Safari/537.36"
103.253.24.124 - - [01/Aug/2026:07:46:38 -0600] "GET / HTTP/1.1" 200 124426 "-" "wp2shell-rce/1.0"
103.253.24.124 - - [01/Aug/2026:07:46:41 -0600] "POST /?rest_route=/batch/v1 HTTP/1.1" 207 628 "-" "Mozilla/5.0 (Windows NT 10.0; Win64; x64) AppleWebKit/537.36 (KHTML, like Gecko) Chrome/126.0 Safari/537.36"
35.240.54.252 - - [01/Aug/2026:07:46:43 -0600] "GET /robots.txt HTTP/1.1" 200 117 "-" "Dragonfly/1.0 (+https://publisherdiscovery.com/bots)"
35.240.54.252 - - [01/Aug/2026:07:46:45 -0600] "GET / HTTP/1.1" 200 124426 "-" "Dragonfly/1.0 (+https://publisherdiscovery.com/bots)"
103.253.24.124 - - [01/Aug/2026:07:46:48 -0600] "GET / HTTP/1.1" 200 124426 "-" "Mozilla/5.0 (Windows NT 10.0; Win64; x64) AppleWebKit/537.36 (KHTML, like Gecko) Chrome/126.0 Safari/537.36"
103.253.24.124 - - [01/Aug/2026:07:46:48 -0600] "GET / HTTP/1.1" 200 124426 "-" "wp2shell-rce/1.0"
103.253.24.124 - - [01/Aug/2026:07:46:51 -0600] "POST /?rest_route=/batch/v1 HTTP/1.1" 207 628 "-" "Mozilla/5.0 (Windows NT 10.0; Win64; x64) AppleWebKit/537.36 (KHTML, like Gecko) Chrome/126.0 Safari/537.36"
103.253.24.124 - - [01/Aug/2026:07:46:54 -0600] "POST /?rest_route=/batch/v1 HTTP/1.1" 207 628 "-" "Mozilla/5.0 (Windows NT 10.0; Win64; x64) AppleWebKit/537.36 (KHTML, like Gecko) Chrome/126.0 Safari/537.36"
103.253.24.124 - - [01/Aug/2026:07:46:57 -0600] "POST /?rest_route=/batch/v1 HTTP/1.1" 207 628 "-" "Mozilla/5.0 (Windows NT 10.0; Win64; x64) AppleWebKit/537.36 (KHTML, like Gecko) Chrome/126.0 Safari/537.36"
103.253.24.124 - - [01/Aug/2026:07:46:57 -0600] "GET / HTTP/1.1" 200 124426 "-" "Mozilla/5.0 (Windows NT 10.0; Win64; x64) AppleWebKit/537.36 (KHTML, like Gecko) Chrome/126.0 Safari/537.36"
103.253.24.124 - - [01/Aug/2026:07:47:00 -0600] "POST /?rest_route=/batch/v1 HTTP/1.1" 207 628 "-" "Mozilla/5.0 (Windows NT 10.0; Win64; x64) AppleWebKit/537.36 (KHTML, like Gecko) Chrome/126.0 Safari/537.36"
103.253.24.124 - - [01/Aug/2026:07:47:00 -0600] "POST /?rest_route=/batch/v1 HTTP/1.1" 207 628 "-" "Mozilla/5.0 (Windows NT 10.0; Win64; x64) AppleWebKit/537.36 (KHTML, like Gecko) Chrome/126.0 Safari/537.36"
103.253.24.124 - - [01/Aug/2026:07:47:03 -0600] "POST /?rest_route=/batch/v1 HTTP/1.1" 207 628 "-" "Mozilla/5.0 (Windows NT 10.0; Win64; x64) AppleWebKit/537.36 (KHTML, like Gecko) Chrome/126.0 Safari/537.36"
103.253.24.124 - - [01/Aug/2026:07:47:03 -0600] "POST /?rest_route=/batch/v1 HTTP/1.1" 207 628 "-" "Mozilla/5.0 (Windows NT 10.0; Win64; x64) AppleWebKit/537.36 (KHTML, like Gecko) Chrome/126.0 Safari/537.36"
103.253.24.124 - - [01/Aug/2026:07:47:06 -0600] "POST /?rest_route=/batch/v1 HTTP/1.1" 207 628 "-" "Mozilla/5.0 (Windows NT 10.0; Win64; x64) AppleWebKit/537.36 (KHTML, like Gecko) Chrome/126.0 Safari/537.36"
103.253.24.124 - - [01/Aug/2026:07:47:06 -0600] "POST /?rest_route=/batch/v1 HTTP/1.1" 207 628 "-" "Mozilla/5.0 (Windows NT 10.0; Win64; x64) AppleWebKit/537.36 (KHTML, like Gecko) Chrome/126.0 Safari/537.36"
103.253.24.124 - - [01/Aug/2026:07:47:08 -0600] "POST /?rest_route=/batch/v1 HTTP/1.1" 207 628 "-" "Mozilla/5.0 (Windows NT 10.0; Win64; x64) AppleWebKit/537.36 (KHTML, like Gecko) Chrome/126.0 Safari/537.36"
103.253.24.124 - - [01/Aug/2026:07:47:09 -0600] "POST /?rest_route=/batch/v1 HTTP/1.1" 207 628 "-" "Mozilla/5.0 (Windows NT 10.0; Win64; x64) AppleWebKit/537.36 (KHTML, like Gecko) Chrome/126.0 Safari/537.36"
103.253.24.124 - - [01/Aug/2026:07:47:10 -0600] "POST /?rest_route=/batch/v1 HTTP/1.1" 207 628 "-" "Mozilla/5.0 (Windows NT 10.0; Win64; x64) AppleWebKit/537.36 (KHTML, like Gecko) Chrome/126.0 Safari/537.36"
103.253.24.124 - - [01/Aug/2026:07:47:12 -0600] "POST /?rest_route=/batch/v1 HTTP/1.1" 207 628 "-" "Mozilla/5.0 (Windows NT 10.0; Win64; x64) AppleWebKit/537.36 (KHTML, like Gecko) Chrome/126.0 Safari/537.36"
103.253.24.124 - - [01/Aug/2026:07:47:15 -0600] "POST /?rest_route=/batch/v1 HTTP/1.1" 207 628 "-" "Mozilla/5.0 (Windows NT 10.0; Win64; x64) AppleWebKit/537.36 (KHTML, like Gecko) Chrome/126.0 Safari/537.36"
162.240.68.55 - - [01/Aug/2026:07:52:35 -0600] "POST /wp-cron.php?doing_wp_cron=1785592355.8592801094055175781250 HTTP/1.1" 200 - "-" "WordPress/7.0.2; https://en.ariapress.org"
74.7.241.180 - - [01/Aug/2026:07:52:35 -0600] "GET /robots.txt HTTP/1.1" 200 117 "-" "Mozilla/5.0 (Macintosh; Intel Mac OS X 10_15_7) AppleWebKit/537.36 (KHTML, like Gecko) Chrome/131.0.0.0 Safari/537.36; compatible; OAI-SearchBot/1.4; robots.txt; +https://openai.com/searchbot"
74.7.242.14 - - [01/Aug/2026:07:52:37 -0600] "GET /wp-sitemap.xml HTTP/1.1" 200 633 "-" "Mozilla/5.0 AppleWebKit/537.36 (KHTML, like Gecko; compatible; GPTBot/1.4; +https://openai.com/gptbot)"
85.137.252.202 - - [01/Aug/2026:08:01:29 -0600] "GET /wp-json/wpccpu/v1/health HTTP/1.1" 200 219 "-" "WPU-Backend/1.0"
162.240.68.55 - - [01/Aug/2026:08:01:29 -0600] "POST /wp-cron.php?doing_wp_cron=1785592889.9184958934783935546875 HTTP/1.1" 200 - "-" "WordPress/7.0.2; https://en.ariapress.org"
162.240.68.55 - - [01/Aug/2026:08:07:56 -0600] "POST /wp-cron.php?doing_wp_cron=1785593276.3208301067352294921875 HTTP/1.1" 200 - "-" "WordPress/7.0.2; https://en.ariapress.org"
52.167.144.66 - - [01/Aug/2026:08:07:55 -0600] "GET /robots.txt HTTP/1.1" 200 117 "-" "Mozilla/5.0 AppleWebKit/537.36 (KHTML, like Gecko; compatible; bingbot/2.0; +http://www.bing.com/bingbot.htm) Chrome/116.0.1938.76 Safari/537.36"
207.46.13.92 - - [01/Aug/2026:08:08:01 -0600] "GET /wp-sitemap-users-1.xml HTTP/1.1" 200 313 "-" "Mozilla/5.0 AppleWebKit/537.36 (KHTML, like Gecko; compatible; bingbot/2.0; +http://www.bing.com/bingbot.htm) Chrome/116.0.1938.76 Safari/537.36"
162.240.68.55 - - [01/Aug/2026:09:47:44 -0600] "POST /wp-cron.php?doing_wp_cron=1785599264.1860809326171875000000 HTTP/1.1" 200 - "-" "WordPress/7.0.2; https://en.ariapress.org"
216.73.216.193 - - [01/Aug/2026:09:47:43 -0600] "GET /robots.txt HTTP/1.1" 200 117 "-" "Mozilla/5.0 AppleWebKit/537.36 (KHTML, like Gecko; compatible; ClaudeBot/1.0; +claudebot@anthropic.com)"
216.73.216.193 - - [01/Aug/2026:09:47:44 -0600] "GET /wp-sitemap.xml HTTP/1.1" 200 633 "-" "Mozilla/5.0 AppleWebKit/537.36 (KHTML, like Gecko; compatible; ClaudeBot/1.0; +claudebot@anthropic.com)"
34.180.28.199 - - [01/Aug/2026:10:29:38 -0600] "GET /.env.production HTTP/1.1" 301 - "-" "crusader-worker/1.0"
34.180.28.199 - - [01/Aug/2026:10:29:38 -0600] "GET /.env HTTP/1.1" 301 - "-" "crusader-worker/1.0"
34.180.28.199 - - [01/Aug/2026:10:29:38 -0600] "GET /.env.bak HTTP/1.1" 301 - "-" "crusader-worker/1.0"
34.180.28.199 - - [01/Aug/2026:10:29:38 -0600] "GET /.env.example HTTP/1.1" 301 - "-" "crusader-worker/1.0"
34.180.28.199 - - [01/Aug/2026:10:29:38 -0600] "GET /.env.backup HTTP/1.1" 301 - "-" "crusader-worker/1.0"
34.180.28.199 - - [01/Aug/2026:10:29:38 -0600] "GET /.env.dev HTTP/1.1" 301 - "-" "crusader-worker/1.0"
34.180.28.199 - - [01/Aug/2026:10:29:38 -0600] "GET /.env.prod HTTP/1.1" 301 - "-" "crusader-worker/1.0"
34.180.28.199 - - [01/Aug/2026:10:29:38 -0600] "GET /.env.save HTTP/1.1" 301 - "-" "crusader-worker/1.0"
34.180.28.199 - - [01/Aug/2026:10:29:38 -0600] "GET /.env.local HTTP/1.1" 301 - "-" "crusader-worker/1.0"
34.180.28.199 - - [01/Aug/2026:10:29:38 -0600] "GET /.env.old HTTP/1.1" 301 - "-" "crusader-worker/1.0"
162.240.68.55 - - [01/Aug/2026:10:29:40 -0600] "POST /wp-cron.php?doing_wp_cron=1785601780.0639050006866455078125 HTTP/1.1" 200 - "-" "WordPress/7.0.2; https://en.ariapress.org"
162.240.68.55 - - [01/Aug/2026:10:56:50 -0600] "POST /wp-cron.php?doing_wp_cron=1785603410.7287418842315673828125 HTTP/1.1" 200 - "-" "WordPress/7.0.2; https://en.ariapress.org"
94.154.43.177 - - [01/Aug/2026:10:56:48 -0600] "GET /.env HTTP/1.1" 404 69461 "-" "Mozilla/5.0 (Windows NT 10.0; Win64; x64) AppleWebKit/537.36 (KHTML, like Gecko) Chrome/147.0.0.0 Safari/537.36"
162.240.68.55 - - [01/Aug/2026:11:29:05 -0600] "POST /wp-cron.php?doing_wp_cron=1785605345.8573310375213623046875 HTTP/1.1" 200 - "-" "WordPress/7.0.2; https://en.ariapress.org"
216.73.216.193 - - [01/Aug/2026:11:29:05 -0600] "GET /robots.txt HTTP/1.1" 200 117 "-" "Mozilla/5.0 AppleWebKit/537.36 (KHTML, like Gecko; compatible; ClaudeBot/1.0; +claudebot@anthropic.com)"
216.73.216.193 - - [01/Aug/2026:11:29:06 -0600] "GET /wp-sitemap.xml HTTP/1.1" 200 633 "-" "Mozilla/5.0 AppleWebKit/537.36 (KHTML, like Gecko; compatible; ClaudeBot/1.0; +claudebot@anthropic.com)"
162.240.68.55 - - [01/Aug/2026:12:26:22 -0600] "POST /wp-cron.php?doing_wp_cron=1785608782.4669690132141113281250 HTTP/1.1" 200 - "-" "WordPress/7.0.2; https://en.ariapress.org"
52.167.144.232 - - [01/Aug/2026:12:26:21 -0600] "GET /wp-sitemap-taxonomies-category-1.xml HTTP/1.1" 200 762 "-" "Mozilla/5.0 AppleWebKit/537.36 (KHTML, like Gecko; compatible; bingbot/2.0; +http://www.bing.com/bingbot.htm) Chrome/116.0.1938.76 Safari/537.36"
162.240.68.55 - - [01/Aug/2026:12:39:08 -0600] "POST /wp-cron.php?doing_wp_cron=1785609548.3342199325561523437500 HTTP/1.1" 200 - "-" "WordPress/7.0.2; https://en.ariapress.org"
157.55.39.10 - - [01/Aug/2026:12:39:07 -0600] "GET /wp-sitemap.xml HTTP/1.1" 200 633 "-" "Mozilla/5.0 AppleWebKit/537.36 (KHTML, like Gecko; compatible; bingbot/2.0; +http://www.bing.com/bingbot.htm) Chrome/116.0.1938.76 Safari/537.36"
162.240.68.55 - - [01/Aug/2026:13:18:22 -0600] "POST /wp-cron.php?doing_wp_cron=1785611902.9370880126953125000000 HTTP/1.1" 200 - "-" "WordPress/7.0.2; https://en.ariapress.org"
52.167.144.204 - - [01/Aug/2026:13:18:22 -0600] "GET /wp-sitemap-posts-post-1.xml HTTP/1.1" 200 8573 "-" "Mozilla/5.0 AppleWebKit/537.36 (KHTML, like Gecko; compatible; bingbot/2.0; +http://www.bing.com/bingbot.htm) Chrome/116.0.1938.76 Safari/537.36"
162.240.68.55 - - [01/Aug/2026:13:37:59 -0600] "POST /wp-cron.php?doing_wp_cron=1785613079.9053220748901367187500 HTTP/1.1" 200 - "-" "WordPress/7.0.2; https://en.ariapress.org"
216.73.216.193 - - [01/Aug/2026:13:37:59 -0600] "GET /robots.txt HTTP/1.1" 200 117 "-" "Mozilla/5.0 AppleWebKit/537.36 (KHTML, like Gecko; compatible; ClaudeBot/1.0; +claudebot@anthropic.com)"
216.73.216.193 - - [01/Aug/2026:13:38:00 -0600] "GET /wp-sitemap.xml HTTP/1.1" 200 633 "-" "Mozilla/5.0 AppleWebKit/537.36 (KHTML, like Gecko; compatible; ClaudeBot/1.0; +claudebot@anthropic.com)"
162.240.68.55 - - [01/Aug/2026:14:13:42 -0600] "POST /wp-cron.php?doing_wp_cron=1785615222.1832139492034912109375 HTTP/1.1" 200 - "-" "WordPress/7.0.2; https://en.ariapress.org"
52.167.144.216 - - [01/Aug/2026:14:13:41 -0600] "GET /wp-sitemap-taxonomies-post_tag-1.xml HTTP/1.1" 200 947 "-" "Mozilla/5.0 AppleWebKit/537.36 (KHTML, like Gecko; compatible; bingbot/2.0; +http://www.bing.com/bingbot.htm) Chrome/116.0.1938.76 Safari/537.36"
162.240.68.55 - - [01/Aug/2026:14:27:31 -0600] "POST /wp-cron.php?doing_wp_cron=1785616051.5255110263824462890625 HTTP/1.1" 200 - "-" "WordPress/7.0.2; https://en.ariapress.org"
35.240.54.252 - - [01/Aug/2026:14:27:30 -0600] "GET /robots.txt HTTP/1.1" 200 117 "-" "Dragonfly/1.0 (+https://publisherdiscovery.com/bots)"
35.240.54.252 - - [01/Aug/2026:14:27:31 -0600] "GET / HTTP/1.1" 200 124426 "-" "Dragonfly/1.0 (+https://publisherdiscovery.com/bots)"
162.240.68.55 - - [01/Aug/2026:14:57:27 -0600] "POST /wp-cron.php?doing_wp_cron=1785617847.0831260681152343750000 HTTP/1.1" 200 - "-" "WordPress/7.0.2; https://en.ariapress.org"
52.167.144.169 - - [01/Aug/2026:14:57:26 -0600] "GET /wp-sitemap-posts-page-1.xml HTTP/1.1" 200 482 "-" "Mozilla/5.0 AppleWebKit/537.36 (KHTML, like Gecko; compatible; bingbot/2.0; +http://www.bing.com/bingbot.htm) Chrome/116.0.1938.76 Safari/537.36"
162.240.68.55 - - [01/Aug/2026:16:37:36 -0600] "POST /wp-cron.php?doing_wp_cron=1785623855.9183709621429443359375 HTTP/1.1" 200 - "-" "WordPress/7.0.2; https://en.ariapress.org"
162.240.68.55 - - [01/Aug/2026:16:37:36 -0600] "GET /wp-json/jetpack/v4/sync/spawn-sync?time=1785623856&request_lock_id=1785623856.1433 HTTP/1.1" 200 17 "-" "WordPress/7.0.2; https://en.ariapress.org"
103.166.92.204 - - [01/Aug/2026:16:37:34 -0600] "POST /wp-login.php/wp-login.php HTTP/1.1" 302 - "-" "Mozilla"
103.166.92.204 - - [01/Aug/2026:16:37:37 -0600] "GET /wp-admin/ HTTP/1.1" 200 185979 "-" "Mozilla"
162.240.68.55 - - [01/Aug/2026:16:38:33 -0600] "POST /wp-cron.php?doing_wp_cron=1785623913.0523710250854492187500 HTTP/1.1" 200 - "-" "WordPress/7.0.2; https://en.ariapress.org"
110.136.97.245 - - [01/Aug/2026:16:38:32 -0600] "GET /wp-login.php HTTP/1.1" 200 6225 "-" "Mozilla/5.0 (Windows NT 10.0; Win64; x64) AppleWebKit/537.36 (KHTML, like Gecko) Chrome/126.0.0.0 Safari/537.36"
162.240.68.55 - - [01/Aug/2026:16:38:34 -0600] "GET /wp-json/jetpack/v4/sync/spawn-sync?time=1785623914&request_lock_id=1785623914.2389 HTTP/1.1" 200 17 "-" "WordPress/7.0.2; https://en.ariapress.org"
110.136.97.245 - - [01/Aug/2026:16:38:33 -0600] "POST /wp-login.php HTTP/1.1" 302 - "https://en.ariapress.org/wp-login.php" "Mozilla/5.0 (Windows NT 10.0; Win64; x64) AppleWebKit/537.36 (KHTML, like Gecko) Chrome/126.0.0.0 Safari/537.36"
110.136.97.245 - - [01/Aug/2026:16:38:35 -0600] "GET /wp-admin/ HTTP/1.1" 200 184041 "https://en.ariapress.org/wp-login.php" "Mozilla/5.0 (Windows NT 10.0; Win64; x64) AppleWebKit/537.36 (KHTML, like Gecko) Chrome/126.0.0.0 Safari/537.36"
110.136.97.245 - - [01/Aug/2026:16:38:37 -0600] "GET /wp-admin/profile.php HTTP/1.1" 200 207940 "-" "Mozilla/5.0 (Windows NT 10.0; Win64; x64) AppleWebKit/537.36 (KHTML, like Gecko) Chrome/126.0.0.0 Safari/537.36"
162.240.68.55 - - [01/Aug/2026:16:38:39 -0600] "POST /wp-cron.php?doing_wp_cron=1785623919.7175939083099365234375 HTTP/1.1" 200 - "-" "WordPress/7.0.2; https://en.ariapress.org"
110.136.97.245 - - [01/Aug/2026:16:38:38 -0600] "GET /wp-admin/profile.php HTTP/1.1" 200 207940 "-" "Mozilla/5.0 (Windows NT 10.0; Win64; x64) AppleWebKit/537.36 (KHTML, like Gecko) Chrome/126.0.0.0 Safari/537.36"
187.40.240.65 - - [01/Aug/2026:16:38:39 -0600] "POST /wp-login.php/wp-login.php HTTP/1.1" 401 3505 "-" "Mozilla"
162.240.68.55 - - [01/Aug/2026:16:38:40 -0600] "PURGE /.* HTTP/1.1" 404 69461 "-" "WordPress/7.0.2; https://en.ariapress.org; EPC/v2.2.2/epc_scheduled_purge_all"
162.240.68.55 - - [01/Aug/2026:16:38:41 -0600] "GET /wp-json/jetpack/v4/sync/spawn-sync?time=1785623921&request_lock_id=1785623921.7717 HTTP/1.1" 200 17 "-" "WordPress/7.0.2; https://en.ariapress.org"
110.136.97.245 - - [01/Aug/2026:16:38:40 -0600] "POST /wp-admin/profile.php HTTP/1.1" 302 - "https://en.ariapress.org/wp-admin/profile.php" "Mozilla/5.0 (Windows NT 10.0; Win64; x64) AppleWebKit/537.36 (KHTML, like Gecko) Chrome/126.0.0.0 Safari/537.36"
162.240.68.55 - - [01/Aug/2026:16:38:41 -0600] "PURGE /.* HTTP/1.1" 404 69461 "-" "WordPress/7.0.2; https://en.ariapress.org; EPC/v2.2.2/epc_scheduled_purge_all"
162.240.68.55 - - [01/Aug/2026:16:38:43 -0600] "POST /wp-cron.php?doing_wp_cron=1785623923.5863320827484130859375 HTTP/1.1" 200 - "-" "WordPress/7.0.2; https://en.ariapress.org"
110.136.97.245 - - [01/Aug/2026:16:38:42 -0600] "GET /wp-login.php HTTP/1.1" 200 6225 "-" "Mozilla/5.0 (Windows NT 10.0; Win64; x64) AppleWebKit/537.36 (KHTML, like Gecko) Chrome/126.0.0.0 Safari/537.36"
162.240.68.55 - - [01/Aug/2026:16:38:44 -0600] "GET /wp-json/jetpack/v4/sync/spawn-sync?time=1785623924&request_lock_id=1785623924.8723 HTTP/1.1" 200 17 "-" "WordPress/7.0.2; https://en.ariapress.org"
110.136.97.245 - - [01/Aug/2026:16:38:43 -0600] "POST /wp-login.php HTTP/1.1" 302 - "https://en.ariapress.org/wp-login.php" "Mozilla/5.0 (Windows NT 10.0; Win64; x64) AppleWebKit/537.36 (KHTML, like Gecko) Chrome/126.0.0.0 Safari/537.36"
110.136.97.245 - - [01/Aug/2026:16:38:45 -0600] "GET /wp-admin/ HTTP/1.1" 200 183963 "https://en.ariapress.org/wp-login.php" "Mozilla/5.0 (Windows NT 10.0; Win64; x64) AppleWebKit/537.36 (KHTML, like Gecko) Chrome/126.0.0.0 Safari/537.36"
23.94.74.20 - - [01/Aug/2026:16:39:31 -0600] "POST /wp-login.php HTTP/1.1" 401 3505 "https://en.ariapress.org/wp-admin/" "Mozilla/5.0 (Windows NT 10.0; Win64; x64) AppleWebKit/537.36 (KHTML, like Gecko) Chrome/90.0.4430.85 Safari/537.36"
182.8.99.234 - - [01/Aug/2026:16:39:31 -0600] "GET /wp-login.php HTTP/1.1" 200 6766 "-" "Mozilla/5.0 (Windows NT 10.0; Win64; x64) AppleWebKit/537.36 (KHTML, like Gecko) Chrome/131.0.0.0 Safari/537.36"
182.8.99.234 - - [01/Aug/2026:16:39:32 -0600] "POST /wp-login.php HTTP/1.1" 401 3505 "-" "Mozilla/5.0 (Windows NT 10.0; Win64; x64) AppleWebKit/537.36 (KHTML, like Gecko) Chrome/131.0.0.0 Safari/537.36"
162.240.68.55 - - [01/Aug/2026:16:41:19 -0600] "POST /wp-cron.php?doing_wp_cron=1785624079.0545620918273925781250 HTTP/1.1" 200 - "-" "WordPress/7.0.2; https://en.ariapress.org"
103.253.27.107 - - [01/Aug/2026:16:41:18 -0600] "GET /wp-login.php HTTP/1.1" 200 6766 "-" "Mozilla/5.0 (Macintosh; Intel Mac OS X 10_15_7) AppleWebKit/537.36 (KHTML, like Gecko) Chrome/109.0.0.0 Safari/537.36"
103.253.27.107 - - [01/Aug/2026:16:41:19 -0600] "POST /wp-login.php HTTP/1.1" 401 3505 "-" "Mozilla/5.0 (Macintosh; Intel Mac OS X 10_15_7) AppleWebKit/537.36 (KHTML, like Gecko) Chrome/109.0.0.0 Safari/537.36"
162.240.68.55 - - [01/Aug/2026:16:41:43 -0600] "GET /wp-json/jetpack/v4/sync/spawn-sync?time=1785624103&request_lock_id=1785624103.1627 HTTP/1.1" 200 17 "-" "WordPress/7.0.2; https://en.ariapress.org"
185.197.192.117 - - [01/Aug/2026:16:41:41 -0600] "POST /wp-login.php/wp-login.php HTTP/1.1" 200 6656 "-" "Mozilla"
103.59.160.253 - - [01/Aug/2026:16:42:04 -0600] "GET /wp-login.php HTTP/1.1" 200 6766 "-" "Mozila/5.0"
103.59.160.253 - - [01/Aug/2026:16:42:05 -0600] "POST /wp-login.php HTTP/1.1" 401 3505 "-" "Mozila/5.0"
103.59.160.253 - - [01/Aug/2026:16:42:06 -0600] "GET /wp-admin/ HTTP/1.1" 302 - "-" "Mozila/5.0"
103.59.160.253 - - [01/Aug/2026:16:42:07 -0600] "GET /wp-login.php?redirect_to=https%3A%2F%2Fen.ariapress.org%2Fwp-admin%2F&reauth=1 HTTP/1.1" 200 6766 "-" "Mozila/5.0"
162.240.68.55 - - [01/Aug/2026:16:42:28 -0600] "GET /wp-json/jetpack/v4/sync/spawn-sync?time=1785624148&request_lock_id=1785624148.5596 HTTP/1.1" 200 17 "-" "WordPress/7.0.2; https://en.ariapress.org"
103.157.48.31 - - [01/Aug/2026:16:42:27 -0600] "POST /wp-login.php/wp-login.php HTTP/1.1" 200 6656 "-" "Mozilla"
162.240.68.55 - - [01/Aug/2026:16:48:13 -0600] "POST /wp-cron.php?doing_wp_cron=1785624493.4436330795288085937500 HTTP/1.1" 200 - "-" "WordPress/7.0.2; https://en.ariapress.org"
156.230.182.135 - - [01/Aug/2026:16:48:12 -0600] "GET / HTTP/1.1" 200 124202 "-" "Mozilla/5.0 (Windows NT 10.0; Win64; x64; rv:121.0) Gecko/20100101 Firefox/121.0"
156.230.182.135 - - [01/Aug/2026:16:48:14 -0600] "POST /wp-login.php HTTP/1.1" 401 3505 "-" "Mozilla/5.0 (Windows NT 10.0; Win64; x64; rv:121.0) Gecko/20100101 Firefox/121.0"
156.230.182.135 - - [01/Aug/2026:16:48:16 -0600] "POST /wp-login.php HTTP/1.1" 401 3506 "-" "Mozilla/5.0 (Windows NT 10.0; Win64; x64; rv:121.0) Gecko/20100101 Firefox/121.0"
103.166.92.204 - - [01/Aug/2026:16:48:20 -0600] "POST /wp-login.php/wp-login.php HTTP/1.1" 401 3505 "-" "Mozilla"
162.240.68.55 - - [01/Aug/2026:16:49:13 -0600] "POST /wp-cron.php?doing_wp_cron=1785624553.0913240909576416015625 HTTP/1.1" 200 - "-" "WordPress/7.0.2; https://en.ariapress.org"
129.227.90.138 - - [01/Aug/2026:16:49:12 -0600] "POST /wp-login.php HTTP/1.1" 401 3505 "https://en.ariapress.org/wp-admin/" "Mozilla/5.0 (Windows NT 10.0; Win64; x64) AppleWebKit/537.36 (KHTML, like Gecko) Chrome/90.0.4430.85 Safari/537.36"
187.40.240.65 - - [01/Aug/2026:16:49:28 -0600] "POST /wp-login.php/wp-login.php HTTP/1.1" 401 3505 "-" "Mozilla"
196.18.165.91 - - [01/Aug/2026:16:50:24 -0600] "GET /wp-login.php HTTP/1.1" 200 6225 "-" "Mozilla/5.0 (Windows NT 10.0; Win64; x64) AppleWebKit/537.36 (KHTML, like Gecko) Chrome/149.0.0.0 Safari/537.36"
196.18.165.91 - - [01/Aug/2026:16:50:27 -0600] "GET /wp-includes/js/clipboard.min.js?ver=2.0.11 HTTP/1.1" 200 9009 "https://en.ariapress.org/wp-login.php" "Mozilla/5.0 (Windows NT 10.0; Win64; x64) AppleWebKit/537.36 (KHTML, like Gecko) Chrome/149.0.0.0 Safari/537.36"
196.18.165.91 - - [01/Aug/2026:16:50:28 -0600] "GET /wp-includes/js/jquery/jquery.min.js?ver=3.7.1 HTTP/1.1" 200 87553 "https://en.ariapress.org/wp-login.php" "Mozilla/5.0 (Windows NT 10.0; Win64; x64) AppleWebKit/537.36 (KHTML, like Gecko) Chrome/149.0.0.0 Safari/537.36"
196.18.165.91 - - [01/Aug/2026:16:50:29 -0600] "GET /wp-includes/js/dist/hooks.min.js?ver=7496969728ca0f95732d HTTP/1.1" 200 5050 "https://en.ariapress.org/wp-login.php" "Mozilla/5.0 (Windows NT 10.0; Win64; x64) AppleWebKit/537.36 (KHTML, like Gecko) Chrome/149.0.0.0 Safari/537.36"
196.18.165.91 - - [01/Aug/2026:16:50:29 -0600] "GET /wp-includes/js/zxcvbn-async.min.js?ver=1.0 HTTP/1.1" 200 351 "https://en.ariapress.org/wp-login.php" "Mozilla/5.0 (Windows NT 10.0; Win64; x64) AppleWebKit/537.36 (KHTML, like Gecko) Chrome/149.0.0.0 Safari/537.36"
196.18.165.91 - - [01/Aug/2026:16:50:29 -0600] "GET /wp-includes/js/jquery/jquery-migrate.min.js?ver=3.4.1 HTTP/1.1" 200 13577 "https://en.ariapress.org/wp-login.php" "Mozilla/5.0 (Windows NT 10.0; Win64; x64) AppleWebKit/537.36 (KHTML, like Gecko) Chrome/149.0.0.0 Safari/537.36"
196.18.165.91 - - [01/Aug/2026:16:50:29 -0600] "GET /wp-includes/js/dist/i18n.min.js?ver=781d11515ad3d91786ec HTTP/1.1" 200 5732 "https://en.ariapress.org/wp-login.php" "Mozilla/5.0 (Windows NT 10.0; Win64; x64) AppleWebKit/537.36 (KHTML, like Gecko) Chrome/149.0.0.0 Safari/537.36"
196.18.165.91 - - [01/Aug/2026:16:50:29 -0600] "GET /wp-admin/js/password-strength-meter.min.js?ver=7.0.2 HTTP/1.1" 200 1123 "https://en.ariapress.org/wp-login.php" "Mozilla/5.0 (Windows NT 10.0; Win64; x64) AppleWebKit/537.36 (KHTML, like Gecko) Chrome/149.0.0.0 Safari/537.36"
196.18.165.91 - - [01/Aug/2026:16:50:30 -0600] "GET /wp-includes/js/underscore.min.js?ver=1.13.8 HTTP/1.1" 200 19012 "https://en.ariapress.org/wp-login.php" "Mozilla/5.0 (Windows NT 10.0; Win64; x64) AppleWebKit/537.36 (KHTML, like Gecko) Chrome/149.0.0.0 Safari/537.36"
196.18.165.91 - - [01/Aug/2026:16:50:30 -0600] "GET /wp-includes/js/wp-util.min.js?ver=7.0.2 HTTP/1.1" 200 1431 "https://en.ariapress.org/wp-login.php" "Mozilla/5.0 (Windows NT 10.0; Win64; x64) AppleWebKit/537.36 (KHTML, like Gecko) Chrome/149.0.0.0 Safari/537.36"
196.18.165.91 - - [01/Aug/2026:16:50:31 -0600] "GET /wp-includes/js/dist/dom-ready.min.js?ver=a06281ae5cf5500e9317 HTTP/1.1" 200 818 "https://en.ariapress.org/wp-login.php" "Mozilla/5.0 (Windows NT 10.0; Win64; x64) AppleWebKit/537.36 (KHTML, like Gecko) Chrome/149.0.0.0 Safari/537.36"
196.18.165.91 - - [01/Aug/2026:16:50:31 -0600] "GET /wp-includes/js/dist/a11y.min.js?ver=af934e5259bc51b8718e HTTP/1.1" 200 2503 "https://en.ariapress.org/wp-login.php" "Mozilla/5.0 (Windows NT 10.0; Win64; x64) AppleWebKit/537.36 (KHTML, like Gecko) Chrome/149.0.0.0 Safari/537.36"
196.18.165.91 - - [01/Aug/2026:16:50:31 -0600] "GET /wp-admin/js/user-profile.min.js?ver=7.0.2 HTTP/1.1" 200 7997 "https://en.ariapress.org/wp-login.php" "Mozilla/5.0 (Windows NT 10.0; Win64; x64) AppleWebKit/537.36 (KHTML, like Gecko) Chrome/149.0.0.0 Safari/537.36"
196.18.165.91 - - [01/Aug/2026:16:50:33 -0600] "GET /wp-includes/js/zxcvbn.min.js HTTP/1.1" 200 822237 "https://en.ariapress.org/wp-login.php" "Mozilla/5.0 (Windows NT 10.0; Win64; x64) AppleWebKit/537.36 (KHTML, like Gecko) Chrome/149.0.0.0 Safari/537.36"
162.240.68.55 - - [01/Aug/2026:16:50:42 -0600] "GET /wp-json/jetpack/v4/sync/spawn-sync?time=1785624642&request_lock_id=1785624642.896 HTTP/1.1" 200 17 "-" "WordPress/7.0.2; https://en.ariapress.org"
196.18.165.91 - - [01/Aug/2026:16:50:41 -0600] "POST /wp-login.php HTTP/1.1" 200 6638 "https://en.ariapress.org/wp-login.php" "Mozilla/5.0 (Windows NT 10.0; Win64; x64) AppleWebKit/537.36 (KHTML, like Gecko) Chrome/149.0.0.0 Safari/537.36"
196.18.165.91 - - [01/Aug/2026:16:50:45 -0600] "GET /wp-includes/js/zxcvbn.min.js HTTP/1.1" 200 822237 "https://en.ariapress.org/wp-login.php" "Mozilla/5.0 (Windows NT 10.0; Win64; x64) AppleWebKit/537.36 (KHTML, like Gecko) Chrome/149.0.0.0 Safari/537.36"
196.18.165.91 - - [01/Aug/2026:16:50:54 -0600] "GET /wp-admin/ HTTP/1.1" 302 - "-" "Mozilla/5.0 (Windows NT 10.0; Win64; x64) AppleWebKit/537.36 (KHTML, like Gecko) Chrome/149.0.0.0 Safari/537.36"
196.18.165.91 - - [01/Aug/2026:16:50:57 -0600] "GET /wp-login.php?redirect_to=https%3A%2F%2Fen.ariapress.org%2Fwp-admin%2F&reauth=1 HTTP/1.1" 200 6225 "-" "Mozilla/5.0 (Windows NT 10.0; Win64; x64) AppleWebKit/537.36 (KHTML, like Gecko) Chrome/149.0.0.0 Safari/537.36"
196.18.165.91 - - [01/Aug/2026:16:50:59 -0600] "GET /wp-includes/js/zxcvbn.min.js HTTP/1.1" 200 822237 "https://en.ariapress.org/wp-login.php?redirect_to=https%3A%2F%2Fen.ariapress.org%2Fwp-admin%2F&reauth=1" "Mozilla/5.0 (Windows NT 10.0; Win64; x64) AppleWebKit/537.36 (KHTML, like Gecko) Chrome/149.0.0.0 Safari/537.36"
134.209.114.46 - - [01/Aug/2026:16:51:23 -0600] "GET /wp-login.php HTTP/1.1" 200 6225 "-" "Mozilla/5.0 (Windows NT 10.0; Win64; x64) AppleWebKit/537.36 (KHTML, like Gecko) Chrome/147.0.0.0 Safari/537.36 Edg/147.0.0.0"
162.240.68.55 - - [01/Aug/2026:16:51:26 -0600] "GET /wp-json/jetpack/v4/sync/spawn-sync?time=1785624686&request_lock_id=1785624686.0517 HTTP/1.1" 200 17 "-" "WordPress/7.0.2; https://en.ariapress.org"
134.209.114.46 - - [01/Aug/2026:16:51:25 -0600] "POST /wp-login.php HTTP/1.1" 200 6638 "-" "Mozilla/5.0 (Windows NT 10.0; Win64; x64) AppleWebKit/537.36 (KHTML, like Gecko) Chrome/147.0.0.0 Safari/537.36 Edg/147.0.0.0"
216.73.216.232 - - [01/Aug/2026:16:52:20 -0600] "GET /robots.txt HTTP/1.1" 200 117 "-" "Mozilla/5.0 AppleWebKit/537.36 (KHTML, like Gecko; compatible; ClaudeBot/1.0; +claudebot@anthropic.com)"
216.73.216.232 - - [01/Aug/2026:16:52:21 -0600] "GET /wp-sitemap.xml HTTP/1.1" 200 633 "-" "Mozilla/5.0 AppleWebKit/537.36 (KHTML, like Gecko; compatible; ClaudeBot/1.0; +claudebot@anthropic.com)"
162.240.68.55 - - [01/Aug/2026:16:55:31 -0600] "POST /wp-cron.php?doing_wp_cron=1785624931.4740009307861328125000 HTTP/1.1" 200 - "-" "WordPress/7.0.2; https://en.ariapress.org"
162.240.68.55 - - [01/Aug/2026:16:55:31 -0600] "GET /wp-json/jetpack/v4/sync/spawn-sync?time=1785624931&request_lock_id=1785624931.5853 HTTP/1.1" 200 17 "-" "WordPress/7.0.2; https://en.ariapress.org"
151.240.33.23 - - [01/Aug/2026:16:55:30 -0600] "POST /wp-login.php HTTP/1.1" 200 7179 "https://en.ariapress.org/wp-login.php" "Mozilla/5.0 (Windows NT 10.0; Win64; x64) AppleWebKit/537.36 (KHTML, like Gecko) Chrome/120.0 Safari/537.36"
103.157.48.31 - - [01/Aug/2026:16:56:08 -0600] "POST /wp-login.php/wp-login.php HTTP/1.1" 200 6656 "-" "Mozilla"
162.240.68.55 - - [01/Aug/2026:16:56:09 -0600] "GET /wp-json/jetpack/v4/sync/spawn-sync?time=1785624969&request_lock_id=1785624969.505 HTTP/1.1" 200 17 "-" "WordPress/7.0.2; https://en.ariapress.org"
162.240.68.55 - - [01/Aug/2026:16:59:10 -0600] "POST /wp-cron.php?doing_wp_cron=1785625150.6258249282836914062500 HTTP/1.1" 200 - "-" "WordPress/7.0.2; https://en.ariapress.org"
103.47.134.109 - - [01/Aug/2026:16:59:09 -0600] "GET / HTTP/1.1" 200 124202 "-" "Mozilla/5.0 (Windows NT 10.0; Win64; x64; rv:121.0) Gecko/20100101 Firefox/121.0"
103.47.134.109 - - [01/Aug/2026:16:59:11 -0600] "POST /wp-login.php HTTP/1.1" 200 11770 "-" "Mozilla/5.0 (Windows NT 10.0; Win64; x64; rv:121.0) Gecko/20100101 Firefox/121.0"
103.47.134.109 - - [01/Aug/2026:16:59:13 -0600] "POST /wp-login.php HTTP/1.1" 200 11770 "-" "Mozilla/5.0 (Windows NT 10.0; Win64; x64; rv:121.0) Gecko/20100101 Firefox/121.0"
162.240.68.55 - - [01/Aug/2026:17:00:27 -0600] "POST /wp-cron.php?doing_wp_cron=1785625227.6358830928802490234375 HTTP/1.1" 200 - "-" "WordPress/7.0.2; https://en.ariapress.org"
27.130.228.138 - - [01/Aug/2026:17:00:26 -0600] "GET /wp-login.php HTTP/1.1" 200 6225 "-" "Mozilla/5.0 (X11; Linux x86_64) AppleWebKit/537.36 (KHTML, like Gecko) Chrome/124.0.0.0 Safari/537.36"
27.130.228.138 - - [01/Aug/2026:17:00:27 -0600] "GET /wp-includes/css/dashicons.min.css?ver=7.0.2 HTTP/1.1" 200 59004 "https://en.ariapress.org/wp-login.php" "Mozilla/5.0 (X11; Linux x86_64) AppleWebKit/537.36 (KHTML, like Gecko) Chrome/124.0.0.0 Safari/537.36"
27.130.228.138 - - [01/Aug/2026:17:00:27 -0600] "GET /wp-includes/css/buttons.min.css?ver=7.0.2 HTTP/1.1" 200 8152 "https://en.ariapress.org/wp-login.php" "Mozilla/5.0 (X11; Linux x86_64) AppleWebKit/537.36 (KHTML, like Gecko) Chrome/124.0.0.0 Safari/537.36"
27.130.228.138 - - [01/Aug/2026:17:00:28 -0600] "GET /wp-admin/css/forms.min.css?ver=7.0.2 HTTP/1.1" 200 30917 "https://en.ariapress.org/wp-login.php" "Mozilla/5.0 (X11; Linux x86_64) AppleWebKit/537.36 (KHTML, like Gecko) Chrome/124.0.0.0 Safari/537.36"
27.130.228.138 - - [01/Aug/2026:17:00:28 -0600] "GET /wp-includes/css/dist/base-styles/admin-schemes.min.css?ver=7.0.2 HTTP/1.1" 200 3656 "https://en.ariapress.org/wp-login.php" "Mozilla/5.0 (X11; Linux x86_64) AppleWebKit/537.36 (KHTML, like Gecko) Chrome/124.0.0.0 Safari/537.36"
27.130.228.138 - - [01/Aug/2026:17:00:28 -0600] "GET /wp-admin/css/l10n.min.css?ver=7.0.2 HTTP/1.1" 200 3200 "https://en.ariapress.org/wp-login.php" "Mozilla/5.0 (X11; Linux x86_64) AppleWebKit/537.36 (KHTML, like Gecko) Chrome/124.0.0.0 Safari/537.36"
27.130.228.138 - - [01/Aug/2026:17:00:28 -0600] "GET /wp-admin/css/login.min.css?ver=7.0.2 HTTP/1.1" 200 6639 "https://en.ariapress.org/wp-login.php" "Mozilla/5.0 (X11; Linux x86_64) AppleWebKit/537.36 (KHTML, like Gecko) Chrome/124.0.0.0 Safari/537.36"
27.130.228.138 - - [01/Aug/2026:17:00:28 -0600] "GET /wp-includes/js/clipboard.min.js?ver=2.0.11 HTTP/1.1" 200 9009 "https://en.ariapress.org/wp-login.php" "Mozilla/5.0 (X11; Linux x86_64) AppleWebKit/537.36 (KHTML, like Gecko) Chrome/124.0.0.0 Safari/537.36"
27.130.228.138 - - [01/Aug/2026:17:00:28 -0600] "GET /wp-includes/js/jquery/jquery.min.js?ver=3.7.1 HTTP/1.1" 200 87553 "https://en.ariapress.org/wp-login.php" "Mozilla/5.0 (X11; Linux x86_64) AppleWebKit/537.36 (KHTML, like Gecko) Chrome/124.0.0.0 Safari/537.36"
27.130.228.138 - - [01/Aug/2026:17:00:28 -0600] "GET /wp-includes/js/zxcvbn-async.min.js?ver=1.0 HTTP/1.1" 200 351 "https://en.ariapress.org/wp-login.php" "Mozilla/5.0 (X11; Linux x86_64) AppleWebKit/537.36 (KHTML, like Gecko) Chrome/124.0.0.0 Safari/537.36"
27.130.228.138 - - [01/Aug/2026:17:00:28 -0600] "GET /wp-includes/js/jquery/jquery-migrate.min.js?ver=3.4.1 HTTP/1.1" 200 13577 "https://en.ariapress.org/wp-login.php" "Mozilla/5.0 (X11; Linux x86_64) AppleWebKit/537.36 (KHTML, like Gecko) Chrome/124.0.0.0 Safari/537.36"
27.130.228.138 - - [01/Aug/2026:17:00:28 -0600] "GET /wp-includes/js/dist/hooks.min.js?ver=7496969728ca0f95732d HTTP/1.1" 200 5050 "https://en.ariapress.org/wp-login.php" "Mozilla/5.0 (X11; Linux x86_64) AppleWebKit/537.36 (KHTML, like Gecko) Chrome/124.0.0.0 Safari/537.36"
27.130.228.138 - - [01/Aug/2026:17:00:28 -0600] "GET /wp-includes/js/dist/i18n.min.js?ver=781d11515ad3d91786ec HTTP/1.1" 200 5732 "https://en.ariapress.org/wp-login.php" "Mozilla/5.0 (X11; Linux x86_64) AppleWebKit/537.36 (KHTML, like Gecko) Chrome/124.0.0.0 Safari/537.36"
27.130.228.138 - - [01/Aug/2026:17:00:28 -0600] "GET /wp-admin/js/password-strength-meter.min.js?ver=7.0.2 HTTP/1.1" 200 1123 "https://en.ariapress.org/wp-login.php" "Mozilla/5.0 (X11; Linux x86_64) AppleWebKit/537.36 (KHTML, like Gecko) Chrome/124.0.0.0 Safari/537.36"
27.130.228.138 - - [01/Aug/2026:17:00:28 -0600] "GET /wp-includes/js/underscore.min.js?ver=1.13.8 HTTP/1.1" 200 19012 "https://en.ariapress.org/wp-login.php" "Mozilla/5.0 (X11; Linux x86_64) AppleWebKit/537.36 (KHTML, like Gecko) Chrome/124.0.0.0 Safari/537.36"
27.130.228.138 - - [01/Aug/2026:17:00:28 -0600] "GET /wp-includes/js/wp-util.min.js?ver=7.0.2 HTTP/1.1" 200 1431 "https://en.ariapress.org/wp-login.php" "Mozilla/5.0 (X11; Linux x86_64) AppleWebKit/537.36 (KHTML, like Gecko) Chrome/124.0.0.0 Safari/537.36"
27.130.228.138 - - [01/Aug/2026:17:00:28 -0600] "GET /wp-includes/js/dist/dom-ready.min.js?ver=a06281ae5cf5500e9317 HTTP/1.1" 200 818 "https://en.ariapress.org/wp-login.php" "Mozilla/5.0 (X11; Linux x86_64) AppleWebKit/537.36 (KHTML, like Gecko) Chrome/124.0.0.0 Safari/537.36"
27.130.228.138 - - [01/Aug/2026:17:00:28 -0600] "GET /wp-includes/js/dist/a11y.min.js?ver=af934e5259bc51b8718e HTTP/1.1" 200 2503 "https://en.ariapress.org/wp-login.php" "Mozilla/5.0 (X11; Linux x86_64) AppleWebKit/537.36 (KHTML, like Gecko) Chrome/124.0.0.0 Safari/537.36"
27.130.228.138 - - [01/Aug/2026:17:00:28 -0600] "GET /wp-admin/js/user-profile.min.js?ver=7.0.2 HTTP/1.1" 200 7997 "https://en.ariapress.org/wp-login.php" "Mozilla/5.0 (X11; Linux x86_64) AppleWebKit/537.36 (KHTML, like Gecko) Chrome/124.0.0.0 Safari/537.36"
27.130.228.138 - - [01/Aug/2026:17:00:29 -0600] "GET /wp-content/uploads/2025/03/cropped-Aria-press-logo-32x32.png HTTP/1.1" 200 1440 "https://en.ariapress.org/wp-login.php" "Mozilla/5.0 (X11; Linux x86_64) AppleWebKit/537.36 (KHTML, like Gecko) Chrome/124.0.0.0 Safari/537.36"
27.130.228.138 - - [01/Aug/2026:17:00:29 -0600] "GET /wp-includes/js/zxcvbn.min.js HTTP/1.1" 200 822237 "https://en.ariapress.org/wp-login.php" "Mozilla/5.0 (X11; Linux x86_64) AppleWebKit/537.36 (KHTML, like Gecko) Chrome/124.0.0.0 Safari/537.36"
162.240.68.55 - - [01/Aug/2026:17:00:30 -0600] "GET /wp-json/jetpack/v4/sync/spawn-sync?time=1785625230&request_lock_id=1785625230.6483 HTTP/1.1" 200 17 "-" "WordPress/7.0.2; https://en.ariapress.org"
27.130.228.138 - - [01/Aug/2026:17:00:29 -0600] "POST /wp-login.php HTTP/1.1" 200 6638 "https://en.ariapress.org/wp-login.php" "Mozilla/5.0 (X11; Linux x86_64) AppleWebKit/537.36 (KHTML, like Gecko) Chrome/124.0.0.0 Safari/537.36"
103.166.92.204 - - [01/Aug/2026:17:01:14 -0600] "POST /wp-login.php/wp-login.php HTTP/1.1" 401 3505 "-" "Mozilla"
162.240.68.55 - - [01/Aug/2026:17:06:14 -0600] "POST /wp-cron.php?doing_wp_cron=1785625574.0632998943328857421875 HTTP/1.1" 200 - "-" "WordPress/7.0.2; https://en.ariapress.org"
165.227.84.14 - - [01/Aug/2026:17:06:13 -0600] "GET / HTTP/1.1" 301 - "-" "Mozilla/5.0 (l9scan/2.0.5353e28363e2034323e2236313; +https://leakix.net)"
165.227.84.14 - - [01/Aug/2026:17:06:14 -0600] "GET /console/ HTTP/1.1" 301 - "-" "Mozilla/5.0 (l9scan/2.0.5353e28363e2034323e2236313; +https://leakix.net)"
165.227.84.14 - - [01/Aug/2026:17:06:15 -0600] "GET /server HTTP/1.1" 301 - "-" "Mozilla/5.0 (l9scan/2.0.5353e28363e2034323e2236313; +https://leakix.net)"
165.227.84.14 - - [01/Aug/2026:17:06:16 -0600] "GET /server-status HTTP/1.1" 301 - "-" "Mozilla/5.0 (l9scan/2.0.5353e28363e2034323e2236313; +https://leakix.net)"
165.227.84.14 - - [01/Aug/2026:17:06:17 -0600] "GET /about HTTP/1.1" 301 - "-" "Mozilla/5.0 (l9scan/2.0.5353e28363e2034323e2236313; +https://leakix.net)"
165.227.84.14 - - [01/Aug/2026:17:06:19 -0600] "GET /login.action HTTP/1.1" 301 - "-" "Mozilla/5.0 (l9scan/2.0.5353e28363e2034323e2236313; +https://leakix.net)"
165.227.84.14 - - [01/Aug/2026:17:06:20 -0600] "GET / HTTP/1.1" 301 - "-" "Mozilla/5.0 (l9scan/2.0.5353e28363e2034323e2236313; +https://leakix.net)"
165.227.84.14 - - [01/Aug/2026:17:06:20 -0600] "GET /___proxy_subdomain_whm/login HTTP/1.1" 301 - "-" "Mozilla/5.0 (l9scan/2.0.5353e28363e2034323e2236313; +https://leakix.net)"
165.227.84.14 - - [01/Aug/2026:17:06:21 -0600] "GET /___proxy_subdomain_cpanel HTTP/1.1" 301 - "-" "Mozilla/5.0 (l9scan/2.0.5353e28363e2034323e2236313; +https://leakix.net)"
165.227.84.14 - - [01/Aug/2026:17:06:22 -0600] "GET /v2/_catalog HTTP/1.1" 301 - "-" "Mozilla/5.0 (l9scan/2.0.5353e28363e2034323e2236313; +https://leakix.net)"
165.227.84.14 - - [01/Aug/2026:17:06:23 -0600] "GET /.DS_Store HTTP/1.1" 301 - "-" "Mozilla/5.0 (l9scan/2.0.5353e28363e2034323e2236313; +https://leakix.net)"
165.227.84.14 - - [01/Aug/2026:17:06:24 -0600] "GET /.env HTTP/1.1" 301 - "-" "Mozilla/5.0 (l9scan/2.0.5353e28363e2034323e2236313; +https://leakix.net)"
165.227.84.14 - - [01/Aug/2026:17:06:27 -0600] "GET /ecp/Current/exporttool/microsoft.exchange.ediscovery.exporttool.application HTTP/1.1" 301 - "-" "Mozilla/5.0 (l9scan/2.0.5353e28363e2034323e2236313; +https://leakix.net)"
165.227.84.14 - - [01/Aug/2026:17:06:29 -0600] "GET /.git/config HTTP/1.1" 301 - "-" "Mozilla/5.0 (l9scan/2.0.5353e28363e2034323e2236313; +https://leakix.net)"
165.227.84.14 - - [01/Aug/2026:17:06:30 -0600] "POST /graphql HTTP/1.1" 404 69515 "-" "Mozilla/5.0 (l9scan/2.0.5353e28363e2034323e2236313; +https://leakix.net)"
165.227.84.14 - - [01/Aug/2026:17:06:31 -0600] "POST /api HTTP/1.1" 404 69515 "-" "Mozilla/5.0 (l9scan/2.0.5353e28363e2034323e2236313; +https://leakix.net)"
165.227.84.14 - - [01/Aug/2026:17:06:32 -0600] "POST /api/graphql HTTP/1.1" 404 69515 "-" "Mozilla/5.0 (l9scan/2.0.5353e28363e2034323e2236313; +https://leakix.net)"
165.227.84.14 - - [01/Aug/2026:17:06:33 -0600] "POST /graphql/api HTTP/1.1" 404 69515 "-" "Mozilla/5.0 (l9scan/2.0.5353e28363e2034323e2236313; +https://leakix.net)"
165.227.84.14 - - [01/Aug/2026:17:06:34 -0600] "POST /api/gql HTTP/1.1" 404 69515 "-" "Mozilla/5.0 (l9scan/2.0.5353e28363e2034323e2236313; +https://leakix.net)"
165.227.84.14 - - [01/Aug/2026:17:06:35 -0600] "GET /s/5353e28363e2034323e2236313/_/;/META-INF/maven/com.atlassian.jira/jira-webapp-dist/pom.properties HTTP/1.1" 301 - "-" "Mozilla/5.0 (l9scan/2.0.5353e28363e2034323e2236313; +https://leakix.net)"
165.227.84.14 - - [01/Aug/2026:17:06:36 -0600] "GET /config.json HTTP/1.1" 301 - "-" "Mozilla/5.0 (l9scan/2.0.5353e28363e2034323e2236313; +https://leakix.net)"
165.227.84.14 - - [01/Aug/2026:17:06:37 -0600] "GET /telescope/requests HTTP/1.1" 301 - "-" "Mozilla/5.0 (l9scan/2.0.5353e28363e2034323e2236313; +https://leakix.net)"
165.227.84.14 - - [01/Aug/2026:17:06:38 -0600] "GET /info.php HTTP/1.1" 301 - "-" "Mozilla/5.0 (l9scan/2.0.5353e28363e2034323e2236313; +https://leakix.net)"
165.227.84.14 - - [01/Aug/2026:17:06:39 -0600] "GET /.well-known/security.txt HTTP/1.1" 301 - "-" "Mozilla/5.0 (l9scan/2.0.5353e28363e2034323e2236313; +https://leakix.net)"
165.227.84.14 - - [01/Aug/2026:17:06:40 -0600] "GET /actuator/env HTTP/1.1" 301 - "-" "Mozilla/5.0 (l9scan/2.0.5353e28363e2034323e2236313; +https://leakix.net)"
165.227.84.14 - - [01/Aug/2026:17:06:41 -0600] "GET /trace.axd HTTP/1.1" 301 - "-" "Mozilla/5.0 (l9scan/2.0.5353e28363e2034323e2236313; +https://leakix.net)"
165.227.84.14 - - [01/Aug/2026:17:06:43 -0600] "GET /@vite/env HTTP/1.1" 301 - "-" "Mozilla/5.0 (l9scan/2.0.5353e28363e2034323e2236313; +https://leakix.net)"
165.227.84.14 - - [01/Aug/2026:17:06:44 -0600] "GET /.vscode/sftp.json HTTP/1.1" 301 - "-" "Mozilla/5.0 (l9scan/2.0.5353e28363e2034323e2236313; +https://leakix.net)"
165.227.84.14 - - [01/Aug/2026:17:06:44 -0600] "OPTIONS / HTTP/1.1" 200 124200 "-" "Mozilla/5.0 (l9scan/2.0.5353e28363e2034323e2236313; +https://leakix.net)"
165.227.84.14 - - [01/Aug/2026:17:06:47 -0600] "POST /?rest_route=/batch/v1 HTTP/1.1" 207 628 "-" "Mozilla/5.0 (l9scan/2.0.5353e28363e2034323e2236313; +https://leakix.net)"
165.227.84.14 - - [01/Aug/2026:17:06:48 -0600] "POST /?rest_route=/batch/v1 HTTP/1.1" 207 628 "-" "Mozilla/5.0 (l9scan/2.0.5353e28363e2034323e2236313; +https://leakix.net)"
165.227.84.14 - - [01/Aug/2026:17:06:49 -0600] "POST /wp-json/batch/v1 HTTP/1.1" 207 628 "-" "Mozilla/5.0 (l9scan/2.0.5353e28363e2034323e2236313; +https://leakix.net)"
165.227.84.14 - - [01/Aug/2026:17:06:50 -0600] "POST /wp-json/batch/v1 HTTP/1.1" 207 628 "-" "Mozilla/5.0 (l9scan/2.0.5353e28363e2034323e2236313; +https://leakix.net)"
165.227.84.14 - - [01/Aug/2026:17:06:51 -0600] "GET /?rest_route=/wp/v2/users/ HTTP/1.1" 200 1574 "-" "Mozilla/5.0 (l9scan/2.0.5353e28363e2034323e2236313; +https://leakix.net)"
165.227.84.14 - - [01/Aug/2026:17:06:52 -0600] "GET /debug/default/view?panel=config HTTP/1.1" 301 - "-" "Mozilla/5.0 (l9scan/2.0.5353e28363e2034323e2236313; +https://leakix.net)"
162.240.68.55 - - [01/Aug/2026:17:13:51 -0600] "POST /wp-cron.php?doing_wp_cron=1785626031.4160070419311523437500 HTTP/1.1" 200 - "-" "WordPress/7.0.2; https://en.ariapress.org"
114.10.13.27 - - [01/Aug/2026:17:13:50 -0600] "GET /wp-login.php HTTP/1.1" 200 6766 "-" "Mozilla/5.0 (Windows NT 10.0; Win64; x64) AppleWebKit/537.36 (KHTML, like Gecko) Chrome/126.0.0.0 Safari/537.36"
114.10.13.27 - - [01/Aug/2026:17:13:51 -0600] "POST /wp-login.php HTTP/1.1" 401 3506 "https://en.ariapress.org/wp-login.php" "Mozilla/5.0 (Windows NT 10.0; Win64; x64) AppleWebKit/537.36 (KHTML, like Gecko) Chrome/126.0.0.0 Safari/537.36"
162.240.68.55 - - [01/Aug/2026:17:21:40 -0600] "POST /wp-cron.php?doing_wp_cron=1785626500.2516400814056396484375 HTTP/1.1" 200 - "-" "WordPress/7.0.2; https://en.ariapress.org"
182.8.99.234 - - [01/Aug/2026:17:21:39 -0600] "GET /wp-login.php HTTP/1.1" 200 6766 "https://en.ariapress.org/wp-login.php" "Mozilla/5.0 (Windows NT 10.0; Win64; x64) AppleWebKit/537.36"
182.8.99.234 - - [01/Aug/2026:17:21:40 -0600] "POST /wp-login.php HTTP/1.1" 401 3505 "https://en.ariapress.org/wp-login.php" "Mozilla/5.0 (Windows NT 10.0; Win64; x64) AppleWebKit/537.36"
182.8.99.234 - - [01/Aug/2026:17:21:41 -0600] "POST /wp-login.php HTTP/1.1" 401 3505 "https://en.ariapress.org/wp-login.php" "Mozilla/5.0 (Windows NT 10.0; Win64; x64) AppleWebKit/537.36"
162.240.68.55 - - [01/Aug/2026:17:23:47 -0600] "POST /wp-cron.php?doing_wp_cron=1785626627.5870559215545654296875 HTTP/1.1" 200 - "-" "WordPress/7.0.2; https://en.ariapress.org"
114.10.13.27 - - [01/Aug/2026:17:23:46 -0600] "GET /wp-login.php HTTP/1.1" 200 6766 "-" "Mozilla/5.0 (Windows NT 10.0; Win64; x64) AppleWebKit/537.36 (KHTML, like Gecko) Chrome/126.0.0.0 Safari/537.36"
114.10.13.27 - - [01/Aug/2026:17:23:47 -0600] "POST /wp-login.php HTTP/1.1" 401 3505 "https://en.ariapress.org/wp-login.php" "Mozilla/5.0 (Windows NT 10.0; Win64; x64) AppleWebKit/537.36 (KHTML, like Gecko) Chrome/126.0.0.0 Safari/537.36"
187.40.240.65 - - [01/Aug/2026:17:26:52 -0600] "GET /wp-login.php HTTP/1.1" 200 6766 "http://en.ariapress.org/wp-admin/" "Mozilla/5.0 (Windows NT 10.0; Win64; x64) AppleWebKit/537.36 (KHTML, like Gecko) Chrome/90.0.4430.85 Safari/537.36"
45.198.148.35 - - [01/Aug/2026:17:26:52 -0600] "GET /wp-login.php HTTP/1.1" 200 6766 "-" "Mozilla/5.0 (Windows NT 6.3; Win64; x64) AppleWebKit/537.36 (KHTML, like Gecko) Chrome/104.0.5112.81 Safari/537.36"
187.40.240.65 - - [01/Aug/2026:17:26:53 -0600] "POST /wp-login.php HTTP/1.1" 401 3506 "http://en.ariapress.org/wp-admin/" "Mozilla/5.0 (Windows NT 10.0; Win64; x64) AppleWebKit/537.36 (KHTML, like Gecko) Chrome/90.0.4430.85 Safari/537.36"
45.198.148.35 - - [01/Aug/2026:17:26:54 -0600] "POST /wp-login.php HTTP/1.1" 401 3506 "https://en.ariapress.org/wp-login.php" "Mozilla/5.0 (Windows NT 6.3; Win64; x64) AppleWebKit/537.36 (KHTML, like Gecko) Chrome/104.0.5112.81 Safari/537.36"
187.40.240.65 - - [01/Aug/2026:17:26:54 -0600] "GET /wp-admin/ HTTP/1.1" 302 - "www.google.com" "Mozilla/5.0 (Windows NT 10.0; Win64; x64) AppleWebKit/537.36 (KHTML, like Gecko) Chrome/90.0.4430.85 Safari/537.36"
187.40.240.65 - - [01/Aug/2026:17:26:55 -0600] "GET /wp-login.php?redirect_to=https%3A%2F%2Fen.ariapress.org%2Fwp-admin%2F&reauth=1 HTTP/1.1" 200 6766 "www.google.com" "Mozilla/5.0 (Windows NT 10.0; Win64; x64) AppleWebKit/537.36 (KHTML, like Gecko) Chrome/90.0.4430.85 Safari/537.36"
45.198.148.35 - - [01/Aug/2026:17:26:58 -0600] "GET /wp-login.php HTTP/1.1" 200 6766 "-" "Mozilla/5.0 (Windows NT 6.1; Win64; x64) AppleWebKit/537.36 (KHTML, like Gecko) Chrome/107.0.5304.91 Safari/537.36"
45.198.148.35 - - [01/Aug/2026:17:27:02 -0600] "POST /wp-login.php HTTP/1.1" 401 3505 "https://en.ariapress.org/wp-login.php" "Mozilla/5.0 (Windows NT 6.1; Win64; x64) AppleWebKit/537.36 (KHTML, like Gecko) Chrome/107.0.5304.91 Safari/537.36"
45.198.148.35 - - [01/Aug/2026:17:27:04 -0600] "GET /wp-login.php HTTP/1.1" 200 6767 "-" "Mozilla/5.0 (Windows NT 10.0; Win64; x64) AppleWebKit/537.36 (KHTML, like Gecko) Chrome/107.0.5304.62 Safari/537.36"
45.198.148.35 - - [01/Aug/2026:17:27:05 -0600] "POST /wp-login.php HTTP/1.1" 401 3505 "https://en.ariapress.org/wp-login.php" "Mozilla/5.0 (Windows NT 10.0; Win64; x64) AppleWebKit/537.36 (KHTML, like Gecko) Chrome/107.0.5304.62 Safari/537.36"
162.240.68.55 - - [01/Aug/2026:17:30:07 -0600] "POST /wp-cron.php?doing_wp_cron=1785627007.8836410045623779296875 HTTP/1.1" 200 - "-" "WordPress/7.0.2; https://en.ariapress.org"
103.166.92.204 - - [01/Aug/2026:17:30:06 -0600] "GET /wp-login.php HTTP/1.1" 200 6766 "-" "Mozilla/5.0 (Windows NT 10.0; Win64; x64) AppleWebKit/537.36 (KHTML, like Gecko) Chrome/104.0.5112.102 Safari/537.36"
103.166.92.204 - - [01/Aug/2026:17:30:08 -0600] "POST /wp-login.php HTTP/1.1" 401 3505 "https://en.ariapress.org/wp-login.php" "Mozilla/5.0 (Windows NT 10.0; Win64; x64) AppleWebKit/537.36 (KHTML, like Gecko) Chrome/104.0.5112.102 Safari/537.36"
103.166.92.204 - - [01/Aug/2026:17:30:09 -0600] "GET /wp-login.php HTTP/1.1" 200 6766 "-" "Mozilla/5.0 (Windows NT 6.1; Win64; x64) AppleWebKit/537.36 (KHTML, like Gecko) Chrome/105.0.5195.54 Safari/537.36"
103.166.92.204 - - [01/Aug/2026:17:30:10 -0600] "POST /wp-login.php HTTP/1.1" 401 3505 "https://en.ariapress.org/wp-login.php" "Mozilla/5.0 (Windows NT 6.1; Win64; x64) AppleWebKit/537.36 (KHTML, like Gecko) Chrome/105.0.5195.54 Safari/537.36"
103.166.92.204 - - [01/Aug/2026:17:30:12 -0600] "GET /wp-login.php HTTP/1.1" 200 6766 "-" "Mozilla/5.0 (Windows NT 6.1; Win64; x64) AppleWebKit/537.36 (KHTML, like Gecko) Chrome/106.0.5249.62 Safari/537.36"
