110.136.97.245 - - [01/Aug/2026:18:54:15 -0600] "GET /wp-admin/admin.php?page=stats&noheader&proxy&chart=admin-bar-hours-scale HTTP/1.1" 200 280 "https://en.ariapress.org/wp-admin/plugins.php?plugin_status=all&paged=1&s" "Mozilla/5.0 (Windows NT 10.0; Win64; x64) AppleWebKit/537.36 (KHTML, like Gecko) Chrome/150.0.0.0 Safari/537.36"
110.136.97.245 - - [01/Aug/2026:18:54:18 -0600] "GET /wp-content/plugins/taqyeem/admin/style.css?ver=1785632058 HTTP/1.1" 200 19400 "https://en.ariapress.org/wp-admin/admin.php?page=fileorganizer" "Mozilla/5.0 (Windows NT 10.0; Win64; x64) AppleWebKit/537.36 (KHTML, like Gecko) Chrome/150.0.0.0 Safari/537.36"
110.136.97.245 - - [01/Aug/2026:18:54:17 -0600] "GET /wp-admin/admin.php?page=fileorganizer HTTP/1.1" 200 105858 "https://en.ariapress.org/wp-admin/plugins.php?plugin_status=all&paged=1&s" "Mozilla/5.0 (Windows NT 10.0; Win64; x64) AppleWebKit/537.36 (KHTML, like Gecko) Chrome/150.0.0.0 Safari/537.36"
110.136.97.245 - - [01/Aug/2026:18:54:18 -0600] "GET /wp-content/plugins/taqyeem/admin/js/colorpicker.js?ver=1785632058 HTTP/1.1" 200 17175 "https://en.ariapress.org/wp-admin/admin.php?page=fileorganizer" "Mozilla/5.0 (Windows NT 10.0; Win64; x64) AppleWebKit/537.36 (KHTML, like Gecko) Chrome/150.0.0.0 Safari/537.36"
110.136.97.245 - - [01/Aug/2026:18:54:18 -0600] "GET /wp-content/plugins/taqyeem/admin/js/tie.js?ver=1785632058 HTTP/1.1" 200 3323 "https://en.ariapress.org/wp-admin/admin.php?page=fileorganizer" "Mozilla/5.0 (Windows NT 10.0; Win64; x64) AppleWebKit/537.36 (KHTML, like Gecko) Chrome/150.0.0.0 Safari/537.36"
110.136.97.245 - - [01/Aug/2026:18:54:18 -0600] "GET /wp-content/themes/jannah/framework/admin/assets/style.css?ver=1785632058 HTTP/1.1" 200 130615 "https://en.ariapress.org/wp-admin/admin.php?page=fileorganizer" "Mozilla/5.0 (Windows NT 10.0; Win64; x64) AppleWebKit/537.36 (KHTML, like Gecko) Chrome/150.0.0.0 Safari/537.36"
110.136.97.245 - - [01/Aug/2026:18:54:19 -0600] "GET /wp-content/themes/jannah/framework/admin/assets/tie.js?ver=1785632058 HTTP/1.1" 200 170591 "https://en.ariapress.org/wp-admin/admin.php?page=fileorganizer" "Mozilla/5.0 (Windows NT 10.0; Win64; x64) AppleWebKit/537.36 (KHTML, like Gecko) Chrome/150.0.0.0 Safari/537.36"
110.136.97.245 - - [01/Aug/2026:18:54:19 -0600] "GET /wp-content/plugins/fileorganizer/images/logo.png HTTP/1.1" 200 2774 "https://en.ariapress.org/wp-admin/admin.php?page=fileorganizer" "Mozilla/5.0 (Windows NT 10.0; Win64; x64) AppleWebKit/537.36 (KHTML, like Gecko) Chrome/150.0.0.0 Safari/537.36"
110.136.97.245 - - [01/Aug/2026:18:54:19 -0600] "GET /wp-content/plugins/fileorganizer/css/admin.css?ver=1.2.0 HTTP/1.1" 200 13374 "https://en.ariapress.org/wp-admin/admin.php?page=fileorganizer" "Mozilla/5.0 (Windows NT 10.0; Win64; x64) AppleWebKit/537.36 (KHTML, like Gecko) Chrome/150.0.0.0 Safari/537.36"
110.136.97.245 - - [01/Aug/2026:18:54:18 -0600] "GET /wp-content/themes/jannah/assets/fonts/fontawesome/font-awesome.css?ver=1785632058 HTTP/1.1" 200 72454 "https://en.ariapress.org/wp-admin/admin.php?page=fileorganizer" "Mozilla/5.0 (Windows NT 10.0; Win64; x64) AppleWebKit/537.36 (KHTML, like Gecko) Chrome/150.0.0.0 Safari/537.36"
110.136.97.245 - - [01/Aug/2026:18:54:19 -0600] "GET /wp-content/plugins/fileorganizer/css/jquery-ui/jquery-ui.css?ver=1.2.0 HTTP/1.1" 200 36536 "https://en.ariapress.org/wp-admin/admin.php?page=fileorganizer" "Mozilla/5.0 (Windows NT 10.0; Win64; x64) AppleWebKit/537.36 (KHTML, like Gecko) Chrome/150.0.0.0 Safari/537.36"
110.136.97.245 - - [01/Aug/2026:18:54:19 -0600] "GET /wp-includes/js/codemirror/codemirror.min.css?ver=5.65.20 HTTP/1.1" 200 16488 "https://en.ariapress.org/wp-admin/admin.php?page=fileorganizer" "Mozilla/5.0 (Windows NT 10.0; Win64; x64) AppleWebKit/537.36 (KHTML, like Gecko) Chrome/150.0.0.0 Safari/537.36"
110.136.97.245 - - [01/Aug/2026:18:54:19 -0600] "GET /wp-content/plugins/fileorganizer/manager/css/elfinder.min.css?ver=1.2.0 HTTP/1.1" 200 95940 "https://en.ariapress.org/wp-admin/admin.php?page=fileorganizer" "Mozilla/5.0 (Windows NT 10.0; Win64; x64) AppleWebKit/537.36 (KHTML, like Gecko) Chrome/150.0.0.0 Safari/537.36"
110.136.97.245 - - [01/Aug/2026:18:54:19 -0600] "GET /wp-content/plugins/fileorganizer/manager/css/theme.css?ver=1.2.0 HTTP/1.1" 200 12073 "https://en.ariapress.org/wp-admin/admin.php?page=fileorganizer" "Mozilla/5.0 (Windows NT 10.0; Win64; x64) AppleWebKit/537.36 (KHTML, like Gecko) Chrome/150.0.0.0 Safari/537.36"
110.136.97.245 - - [01/Aug/2026:18:54:19 -0600] "GET /wp-includes/js/codemirror/codemirror.min.js?ver=5.65.20 HTTP/1.1" 200 620150 "https://en.ariapress.org/wp-admin/admin.php?page=fileorganizer" "Mozilla/5.0 (Windows NT 10.0; Win64; x64) AppleWebKit/537.36 (KHTML, like Gecko) Chrome/150.0.0.0 Safari/537.36"
110.136.97.245 - - [01/Aug/2026:18:54:19 -0600] "GET /wp-content/plugins/fileorganizer/manager/js/elfinder.min.js?ver=1.2.0 HTTP/1.1" 200 547065 "https://en.ariapress.org/wp-admin/admin.php?page=fileorganizer" "Mozilla/5.0 (Windows NT 10.0; Win64; x64) AppleWebKit/537.36 (KHTML, like Gecko) Chrome/150.0.0.0 Safari/537.36"
110.136.97.245 - - [01/Aug/2026:18:54:20 -0600] "GET /wp-content/plugins/fileorganizer/css/jquery-ui/images/ui-bg_highlight-soft_75_cccccc_1x100.png HTTP/1.1" 200 325 "https://en.ariapress.org/wp-content/plugins/fileorganizer/css/jquery-ui/jquery-ui.css?ver=1.2.0" "Mozilla/5.0 (Windows NT 10.0; Win64; x64) AppleWebKit/537.36 (KHTML, like Gecko) Chrome/150.0.0.0 Safari/537.36"
110.136.97.245 - - [01/Aug/2026:18:54:20 -0600] "GET /wp-content/plugins/fileorganizer/css/jquery-ui/images/ui-bg_glass_75_e6e6e6_1x400.png HTTP/1.1" 200 324 "https://en.ariapress.org/wp-content/plugins/fileorganizer/css/jquery-ui/jquery-ui.css?ver=1.2.0" "Mozilla/5.0 (Windows NT 10.0; Win64; x64) AppleWebKit/537.36 (KHTML, like Gecko) Chrome/150.0.0.0 Safari/537.36"
110.136.97.245 - - [01/Aug/2026:18:54:19 -0600] "GET /wp-admin/admin.php?page=stats&noheader&proxy&chart=admin-bar-hours-scale HTTP/1.1" 200 280 "https://en.ariapress.org/wp-admin/admin.php?page=fileorganizer" "Mozilla/5.0 (Windows NT 10.0; Win64; x64) AppleWebKit/537.36 (KHTML, like Gecko) Chrome/150.0.0.0 Safari/537.36"
110.136.97.245 - - [01/Aug/2026:18:54:20 -0600] "GET /wp-content/plugins/fileorganizer/css/jquery-ui/images/ui-icons_222222_256x240.png HTTP/1.1" 200 7025 "https://en.ariapress.org/wp-content/plugins/fileorganizer/css/jquery-ui/jquery-ui.css?ver=1.2.0" "Mozilla/5.0 (Windows NT 10.0; Win64; x64) AppleWebKit/537.36 (KHTML, like Gecko) Chrome/150.0.0.0 Safari/537.36"
110.136.97.245 - - [01/Aug/2026:18:54:20 -0600] "GET /wp-content/plugins/fileorganizer/manager/img/toolbar.png HTTP/1.1" 200 7506 "https://en.ariapress.org/wp-content/plugins/fileorganizer/manager/css/elfinder.min.css?ver=1.2.0" "Mozilla/5.0 (Windows NT 10.0; Win64; x64) AppleWebKit/537.36 (KHTML, like Gecko) Chrome/150.0.0.0 Safari/537.36"
110.136.97.245 - - [01/Aug/2026:18:54:20 -0600] "GET /wp-content/plugins/fileorganizer/manager/img/resize.png HTTP/1.1" 200 83 "https://en.ariapress.org/wp-content/plugins/fileorganizer/manager/css/elfinder.min.css?ver=1.2.0" "Mozilla/5.0 (Windows NT 10.0; Win64; x64) AppleWebKit/537.36 (KHTML, like Gecko) Chrome/150.0.0.0 Safari/537.36"
110.136.97.245 - - [01/Aug/2026:18:54:20 -0600] "POST /wp-admin/admin-ajax.php HTTP/1.1" 500 184 "https://en.ariapress.org/wp-admin/admin.php?page=fileorganizer" "Mozilla/5.0 (Windows NT 10.0; Win64; x64) AppleWebKit/537.36 (KHTML, like Gecko) Chrome/150.0.0.0 Safari/537.36"
110.136.97.245 - - [01/Aug/2026:18:54:21 -0600] "GET /wp-content/plugins/fileorganizer/manager/img/dialogs.png HTTP/1.1" 200 5818 "https://en.ariapress.org/wp-content/plugins/fileorganizer/manager/css/elfinder.min.css?ver=1.2.0" "Mozilla/5.0 (Windows NT 10.0; Win64; x64) AppleWebKit/537.36 (KHTML, like Gecko) Chrome/150.0.0.0 Safari/537.36"
110.136.97.245 - - [01/Aug/2026:18:54:21 -0600] "GET /wp-content/plugins/fileorganizer/css/jquery-ui/images/ui-bg_glass_75_dadada_1x400.png HTTP/1.1" 200 323 "https://en.ariapress.org/wp-content/plugins/fileorganizer/css/jquery-ui/jquery-ui.css?ver=1.2.0" "Mozilla/5.0 (Windows NT 10.0; Win64; x64) AppleWebKit/537.36 (KHTML, like Gecko) Chrome/150.0.0.0 Safari/537.36"
110.136.97.245 - - [01/Aug/2026:18:54:25 -0600] "GET /wp-content/plugins/fileorganizer/css/jquery-ui/images/ui-bg_glass_65_ffffff_1x400.png HTTP/1.1" 200 265 "https://en.ariapress.org/wp-content/plugins/fileorganizer/css/jquery-ui/jquery-ui.css?ver=1.2.0" "Mozilla/5.0 (Windows NT 10.0; Win64; x64) AppleWebKit/537.36 (KHTML, like Gecko) Chrome/150.0.0.0 Safari/537.36"
110.136.97.245 - - [01/Aug/2026:18:54:30 -0600] "GET /wp-admin/plugin-editor.php HTTP/1.1" 200 201129 "https://en.ariapress.org/wp-admin/admin.php?page=fileorganizer" "Mozilla/5.0 (Windows NT 10.0; Win64; x64) AppleWebKit/537.36 (KHTML, like Gecko) Chrome/150.0.0.0 Safari/537.36"
110.136.97.245 - - [01/Aug/2026:18:54:31 -0600] "GET /wp-content/plugins/taqyeem/admin/style.css?ver=1785632070 HTTP/1.1" 200 19400 "https://en.ariapress.org/wp-admin/plugin-editor.php" "Mozilla/5.0 (Windows NT 10.0; Win64; x64) AppleWebKit/537.36 (KHTML, like Gecko) Chrome/150.0.0.0 Safari/537.36"
110.136.97.245 - - [01/Aug/2026:18:54:31 -0600] "GET /wp-admin/js/code-editor.min.js?ver=7.0.2 HTTP/1.1" 200 3543 "https://en.ariapress.org/wp-admin/plugin-editor.php" "Mozilla/5.0 (Windows NT 10.0; Win64; x64) AppleWebKit/537.36 (KHTML, like Gecko) Chrome/150.0.0.0 Safari/537.36"
110.136.97.245 - - [01/Aug/2026:18:54:31 -0600] "GET /wp-admin/load-styles.php?c=1&dir=ltr&load%5Bchunk_0%5D=dashicons,admin-bar,code-editor,common,forms,admin-menu,dashboard,list-tables,edit,revisions,media,themes,about,nav-menus,wp-poi&load%5Bchunk_1%5D=nter,widgets,site-icon,l10n,wp-base-styles,buttons,wp-auth-check,wp-components,wp-commands,wp-color-picker&ver=7.0.2 HTTP/1.1" 200 525245 "https://en.ariapress.org/wp-admin/plugin-editor.php" "Mozilla/5.0 (Windows NT 10.0; Win64; x64) AppleWebKit/537.36 (KHTML, like Gecko) Chrome/150.0.0.0 Safari/537.36"
110.136.97.245 - - [01/Aug/2026:18:54:31 -0600] "GET /wp-content/themes/jannah/assets/fonts/fontawesome/font-awesome.css?ver=1785632070 HTTP/1.1" 200 72454 "https://en.ariapress.org/wp-admin/plugin-editor.php" "Mozilla/5.0 (Windows NT 10.0; Win64; x64) AppleWebKit/537.36 (KHTML, like Gecko) Chrome/150.0.0.0 Safari/537.36"
110.136.97.245 - - [01/Aug/2026:18:54:31 -0600] "GET /wp-content/themes/jannah/framework/admin/assets/style.css?ver=1785632070 HTTP/1.1" 200 130615 "https://en.ariapress.org/wp-admin/plugin-editor.php" "Mozilla/5.0 (Windows NT 10.0; Win64; x64) AppleWebKit/537.36 (KHTML, like Gecko) Chrome/150.0.0.0 Safari/537.36"
110.136.97.245 - - [01/Aug/2026:18:54:32 -0600] "GET /wp-content/plugins/taqyeem/admin/js/colorpicker.js?ver=1785632070 HTTP/1.1" 200 17175 "https://en.ariapress.org/wp-admin/plugin-editor.php" "Mozilla/5.0 (Windows NT 10.0; Win64; x64) AppleWebKit/537.36 (KHTML, like Gecko) Chrome/150.0.0.0 Safari/537.36"
110.136.97.245 - - [01/Aug/2026:18:54:32 -0600] "GET /wp-content/plugins/taqyeem/admin/js/tie.js?ver=1785632070 HTTP/1.1" 200 3323 "https://en.ariapress.org/wp-admin/plugin-editor.php" "Mozilla/5.0 (Windows NT 10.0; Win64; x64) AppleWebKit/537.36 (KHTML, like Gecko) Chrome/150.0.0.0 Safari/537.36"
110.136.97.245 - - [01/Aug/2026:18:54:32 -0600] "GET /wp-admin/js/theme-plugin-editor.min.js?ver=7.0.2 HTTP/1.1" 200 12104 "https://en.ariapress.org/wp-admin/plugin-editor.php" "Mozilla/5.0 (Windows NT 10.0; Win64; x64) AppleWebKit/537.36 (KHTML, like Gecko) Chrome/150.0.0.0 Safari/537.36"
110.136.97.245 - - [01/Aug/2026:18:54:32 -0600] "GET /wp-content/themes/jannah/framework/admin/assets/tie.js?ver=1785632070 HTTP/1.1" 200 170591 "https://en.ariapress.org/wp-admin/plugin-editor.php" "Mozilla/5.0 (Windows NT 10.0; Win64; x64) AppleWebKit/537.36 (KHTML, like Gecko) Chrome/150.0.0.0 Safari/537.36"
110.136.97.245 - - [01/Aug/2026:18:54:42 -0600] "GET /wp-admin/admin.php?page=stats&noheader&proxy&chart=admin-bar-hours-scale HTTP/1.1" 200 280 "https://en.ariapress.org/wp-admin/plugin-editor.php" "Mozilla/5.0 (Windows NT 10.0; Win64; x64) AppleWebKit/537.36 (KHTML, like Gecko) Chrome/150.0.0.0 Safari/537.36"
110.136.97.245 - - [01/Aug/2026:18:54:43 -0600] "POST /wp-admin/admin-ajax.php HTTP/1.1" 200 1 "https://en.ariapress.org/wp-admin/plugin-editor.php" "Mozilla/5.0 (Windows NT 10.0; Win64; x64) AppleWebKit/537.36 (KHTML, like Gecko) Chrome/150.0.0.0 Safari/537.36"
110.136.97.245 - - [01/Aug/2026:18:54:51 -0600] "GET /wp-content/plugins/taqyeem/admin/style.css?ver=1785632090 HTTP/1.1" 200 19400 "https://en.ariapress.org/wp-admin/plugin-editor.php?plugin=file-manager%2Ffile-manager.php&Submit=Select" "Mozilla/5.0 (Windows NT 10.0; Win64; x64) AppleWebKit/537.36 (KHTML, like Gecko) Chrome/150.0.0.0 Safari/537.36"
162.240.68.55 - - [01/Aug/2026:18:54:51 -0600] "POST /wp-cron.php?doing_wp_cron=1785632091.1590850353240966796875 HTTP/1.1" 200 - "-" "WordPress/7.0.2; https://en.ariapress.org"
110.136.97.245 - - [01/Aug/2026:18:54:49 -0600] "GET /wp-admin/plugin-editor.php?plugin=file-manager%2Ffile-manager.php&Submit=Select HTTP/1.1" 200 551586 "https://en.ariapress.org/wp-admin/plugin-editor.php" "Mozilla/5.0 (Windows NT 10.0; Win64; x64) AppleWebKit/537.36 (KHTML, like Gecko) Chrome/150.0.0.0 Safari/537.36"
110.136.97.245 - - [01/Aug/2026:18:54:51 -0600] "GET /wp-content/plugins/taqyeem/admin/js/colorpicker.js?ver=1785632090 HTTP/1.1" 200 17175 "https://en.ariapress.org/wp-admin/plugin-editor.php?plugin=file-manager%2Ffile-manager.php&Submit=Select" "Mozilla/5.0 (Windows NT 10.0; Win64; x64) AppleWebKit/537.36 (KHTML, like Gecko) Chrome/150.0.0.0 Safari/537.36"
110.136.97.245 - - [01/Aug/2026:18:54:51 -0600] "GET /wp-content/plugins/taqyeem/admin/js/tie.js?ver=1785632090 HTTP/1.1" 200 3323 "https://en.ariapress.org/wp-admin/plugin-editor.php?plugin=file-manager%2Ffile-manager.php&Submit=Select" "Mozilla/5.0 (Windows NT 10.0; Win64; x64) AppleWebKit/537.36 (KHTML, like Gecko) Chrome/150.0.0.0 Safari/537.36"
110.136.97.245 - - [01/Aug/2026:18:54:51 -0600] "GET /wp-content/themes/jannah/framework/admin/assets/style.css?ver=1785632090 HTTP/1.1" 200 130615 "https://en.ariapress.org/wp-admin/plugin-editor.php?plugin=file-manager%2Ffile-manager.php&Submit=Select" "Mozilla/5.0 (Windows NT 10.0; Win64; x64) AppleWebKit/537.36 (KHTML, like Gecko) Chrome/150.0.0.0 Safari/537.36"
110.136.97.245 - - [01/Aug/2026:18:54:51 -0600] "GET /wp-content/themes/jannah/assets/fonts/fontawesome/font-awesome.css?ver=1785632090 HTTP/1.1" 200 72454 "https://en.ariapress.org/wp-admin/plugin-editor.php?plugin=file-manager%2Ffile-manager.php&Submit=Select" "Mozilla/5.0 (Windows NT 10.0; Win64; x64) AppleWebKit/537.36 (KHTML, like Gecko) Chrome/150.0.0.0 Safari/537.36"
110.136.97.245 - - [01/Aug/2026:18:54:51 -0600] "GET /wp-content/themes/jannah/framework/admin/assets/tie.js?ver=1785632090 HTTP/1.1" 200 170591 "https://en.ariapress.org/wp-admin/plugin-editor.php?plugin=file-manager%2Ffile-manager.php&Submit=Select" "Mozilla/5.0 (Windows NT 10.0; Win64; x64) AppleWebKit/537.36 (KHTML, like Gecko) Chrome/150.0.0.0 Safari/537.36"
162.240.68.55 - - [01/Aug/2026:18:54:51 -0600] "PURGE /.* HTTP/1.1" 404 69459 "-" "WordPress/7.0.2; https://en.ariapress.org; EPC/v2.2.2/epc_scheduled_purge_all"
110.136.97.245 - - [01/Aug/2026:18:54:52 -0600] "GET /wp-admin/admin.php?page=stats&noheader&proxy&chart=admin-bar-hours-scale HTTP/1.1" 200 280 "https://en.ariapress.org/wp-admin/plugin-editor.php?plugin=file-manager%2Ffile-manager.php&Submit=Select" "Mozilla/5.0 (Windows NT 10.0; Win64; x64) AppleWebKit/537.36 (KHTML, like Gecko) Chrome/150.0.0.0 Safari/537.36"
162.240.68.55 - - [01/Aug/2026:18:54:52 -0600] "PURGE /.* HTTP/1.1" 404 69459 "-" "WordPress/7.0.2; https://en.ariapress.org; EPC/v2.2.2/epc_scheduled_purge_all"
110.136.97.245 - - [01/Aug/2026:18:55:20 -0600] "GET /wp-content/plugins/taqyeem/admin/style.css?ver=1785632120 HTTP/1.1" 200 19400 "https://en.ariapress.org/wp-admin/plugin-editor.php?file=file-manager%2FtinyTwo.php&plugin=file-manager%2Ffile-manager.php" "Mozilla/5.0 (Windows NT 10.0; Win64; x64) AppleWebKit/537.36 (KHTML, like Gecko) Chrome/150.0.0.0 Safari/537.36"
110.136.97.245 - - [01/Aug/2026:18:55:21 -0600] "GET /wp-content/plugins/taqyeem/admin/js/colorpicker.js?ver=1785632120 HTTP/1.1" 200 17175 "https://en.ariapress.org/wp-admin/plugin-editor.php?file=file-manager%2FtinyTwo.php&plugin=file-manager%2Ffile-manager.php" "Mozilla/5.0 (Windows NT 10.0; Win64; x64) AppleWebKit/537.36 (KHTML, like Gecko) Chrome/150.0.0.0 Safari/537.36"
162.240.68.55 - - [01/Aug/2026:18:55:20 -0600] "POST /wp-cron.php?doing_wp_cron=1785632120.9779350757598876953125 HTTP/1.1" 200 - "-" "WordPress/7.0.2; https://en.ariapress.org"
110.136.97.245 - - [01/Aug/2026:18:55:21 -0600] "GET /wp-content/plugins/taqyeem/admin/js/tie.js?ver=1785632120 HTTP/1.1" 200 3323 "https://en.ariapress.org/wp-admin/plugin-editor.php?file=file-manager%2FtinyTwo.php&plugin=file-manager%2Ffile-manager.php" "Mozilla/5.0 (Windows NT 10.0; Win64; x64) AppleWebKit/537.36 (KHTML, like Gecko) Chrome/150.0.0.0 Safari/537.36"
110.136.97.245 - - [01/Aug/2026:18:55:19 -0600] "GET /wp-admin/plugin-editor.php?file=file-manager%2FtinyTwo.php&plugin=file-manager%2Ffile-manager.php HTTP/1.1" 200 534121 "https://en.ariapress.org/wp-admin/plugin-editor.php?plugin=file-manager%2Ffile-manager.php&Submit=Select" "Mozilla/5.0 (Windows NT 10.0; Win64; x64) AppleWebKit/537.36 (KHTML, like Gecko) Chrome/150.0.0.0 Safari/537.36"
110.136.97.245 - - [01/Aug/2026:18:55:20 -0600] "GET /wp-content/themes/jannah/assets/fonts/fontawesome/font-awesome.css?ver=1785632120 HTTP/1.1" 200 72454 "https://en.ariapress.org/wp-admin/plugin-editor.php?file=file-manager%2FtinyTwo.php&plugin=file-manager%2Ffile-manager.php" "Mozilla/5.0 (Windows NT 10.0; Win64; x64) AppleWebKit/537.36 (KHTML, like Gecko) Chrome/150.0.0.0 Safari/537.36"
110.136.97.245 - - [01/Aug/2026:18:55:20 -0600] "GET /wp-content/themes/jannah/framework/admin/assets/style.css?ver=1785632120 HTTP/1.1" 200 130615 "https://en.ariapress.org/wp-admin/plugin-editor.php?file=file-manager%2FtinyTwo.php&plugin=file-manager%2Ffile-manager.php" "Mozilla/5.0 (Windows NT 10.0; Win64; x64) AppleWebKit/537.36 (KHTML, like Gecko) Chrome/150.0.0.0 Safari/537.36"
110.136.97.245 - - [01/Aug/2026:18:55:21 -0600] "GET /wp-content/themes/jannah/framework/admin/assets/tie.js?ver=1785632120 HTTP/1.1" 200 170591 "https://en.ariapress.org/wp-admin/plugin-editor.php?file=file-manager%2FtinyTwo.php&plugin=file-manager%2Ffile-manager.php" "Mozilla/5.0 (Windows NT 10.0; Win64; x64) AppleWebKit/537.36 (KHTML, like Gecko) Chrome/150.0.0.0 Safari/537.36"
110.136.97.245 - - [01/Aug/2026:18:55:21 -0600] "GET /wp-admin/admin.php?page=stats&noheader&proxy&chart=admin-bar-hours-scale HTTP/1.1" 200 280 "https://en.ariapress.org/wp-admin/plugin-editor.php?file=file-manager%2FtinyTwo.php&plugin=file-manager%2Ffile-manager.php" "Mozilla/5.0 (Windows NT 10.0; Win64; x64) AppleWebKit/537.36 (KHTML, like Gecko) Chrome/150.0.0.0 Safari/537.36"
110.136.97.245 - - [01/Aug/2026:18:55:26 -0600] "GET /wp-content/plugins/taqyeem/admin/style.css?ver=1785632125 HTTP/1.1" 200 19400 "https://en.ariapress.org/wp-admin/plugin-editor.php?file=file-manager%2FRusherTwo.php&plugin=file-manager%2Ffile-manager.php" "Mozilla/5.0 (Windows NT 10.0; Win64; x64) AppleWebKit/537.36 (KHTML, like Gecko) Chrome/150.0.0.0 Safari/537.36"
110.136.97.245 - - [01/Aug/2026:18:55:26 -0600] "GET /wp-content/themes/jannah/framework/admin/assets/style.css?ver=1785632125 HTTP/1.1" 200 130615 "https://en.ariapress.org/wp-admin/plugin-editor.php?file=file-manager%2FRusherTwo.php&plugin=file-manager%2Ffile-manager.php" "Mozilla/5.0 (Windows NT 10.0; Win64; x64) AppleWebKit/537.36 (KHTML, like Gecko) Chrome/150.0.0.0 Safari/537.36"
110.136.97.245 - - [01/Aug/2026:18:55:26 -0600] "GET /wp-content/themes/jannah/assets/fonts/fontawesome/font-awesome.css?ver=1785632125 HTTP/1.1" 200 72454 "https://en.ariapress.org/wp-admin/plugin-editor.php?file=file-manager%2FRusherTwo.php&plugin=file-manager%2Ffile-manager.php" "Mozilla/5.0 (Windows NT 10.0; Win64; x64) AppleWebKit/537.36 (KHTML, like Gecko) Chrome/150.0.0.0 Safari/537.36"
110.136.97.245 - - [01/Aug/2026:18:55:26 -0600] "GET /wp-content/themes/jannah/framework/admin/assets/tie.js?ver=1785632125 HTTP/1.1" 200 170591 "https://en.ariapress.org/wp-admin/plugin-editor.php?file=file-manager%2FRusherTwo.php&plugin=file-manager%2Ffile-manager.php" "Mozilla/5.0 (Windows NT 10.0; Win64; x64) AppleWebKit/537.36 (KHTML, like Gecko) Chrome/150.0.0.0 Safari/537.36"
110.136.97.245 - - [01/Aug/2026:18:55:24 -0600] "GET /wp-admin/plugin-editor.php?file=file-manager%2FRusherTwo.php&plugin=file-manager%2Ffile-manager.php HTTP/1.1" 200 535071 "https://en.ariapress.org/wp-admin/plugin-editor.php?file=file-manager%2FtinyTwo.php&plugin=file-manager%2Ffile-manager.php" "Mozilla/5.0 (Windows NT 10.0; Win64; x64) AppleWebKit/537.36 (KHTML, like Gecko) Chrome/150.0.0.0 Safari/537.36"
110.136.97.245 - - [01/Aug/2026:18:55:26 -0600] "GET /wp-content/plugins/taqyeem/admin/js/tie.js?ver=1785632125 HTTP/1.1" 200 3323 "https://en.ariapress.org/wp-admin/plugin-editor.php?file=file-manager%2FRusherTwo.php&plugin=file-manager%2Ffile-manager.php" "Mozilla/5.0 (Windows NT 10.0; Win64; x64) AppleWebKit/537.36 (KHTML, like Gecko) Chrome/150.0.0.0 Safari/537.36"
110.136.97.245 - - [01/Aug/2026:18:55:26 -0600] "GET /wp-content/plugins/taqyeem/admin/js/colorpicker.js?ver=1785632125 HTTP/1.1" 200 17175 "https://en.ariapress.org/wp-admin/plugin-editor.php?file=file-manager%2FRusherTwo.php&plugin=file-manager%2Ffile-manager.php" "Mozilla/5.0 (Windows NT 10.0; Win64; x64) AppleWebKit/537.36 (KHTML, like Gecko) Chrome/150.0.0.0 Safari/537.36"
110.136.97.245 - - [01/Aug/2026:18:55:27 -0600] "GET /wp-admin/admin.php?page=stats&noheader&proxy&chart=admin-bar-hours-scale HTTP/1.1" 200 280 "https://en.ariapress.org/wp-admin/plugin-editor.php?file=file-manager%2FRusherTwo.php&plugin=file-manager%2Ffile-manager.php" "Mozilla/5.0 (Windows NT 10.0; Win64; x64) AppleWebKit/537.36 (KHTML, like Gecko) Chrome/150.0.0.0 Safari/537.36"
110.136.97.245 - - [01/Aug/2026:18:55:42 -0600] "GET /wp-content/plugins/taqyeem/admin/style.css?ver=1785632142 HTTP/1.1" 200 19400 "https://en.ariapress.org/wp-admin/plugin-editor.php?file=file-manager%2FRusherTwo.php&plugin=file-manager%2Ffile-manager.php" "Mozilla/5.0 (Windows NT 10.0; Win64; x64) AppleWebKit/537.36 (KHTML, like Gecko) Chrome/150.0.0.0 Safari/537.36"
110.136.97.245 - - [01/Aug/2026:18:55:42 -0600] "GET /wp-content/plugins/taqyeem/admin/js/colorpicker.js?ver=1785632142 HTTP/1.1" 200 17175 "https://en.ariapress.org/wp-admin/plugin-editor.php?file=file-manager%2FRusherTwo.php&plugin=file-manager%2Ffile-manager.php" "Mozilla/5.0 (Windows NT 10.0; Win64; x64) AppleWebKit/537.36 (KHTML, like Gecko) Chrome/150.0.0.0 Safari/537.36"
110.136.97.245 - - [01/Aug/2026:18:55:42 -0600] "GET /wp-content/plugins/taqyeem/admin/js/tie.js?ver=1785632142 HTTP/1.1" 200 3323 "https://en.ariapress.org/wp-admin/plugin-editor.php?file=file-manager%2FRusherTwo.php&plugin=file-manager%2Ffile-manager.php" "Mozilla/5.0 (Windows NT 10.0; Win64; x64) AppleWebKit/537.36 (KHTML, like Gecko) Chrome/150.0.0.0 Safari/537.36"
110.136.97.245 - - [01/Aug/2026:18:55:41 -0600] "GET /wp-admin/plugin-editor.php?file=file-manager%2FRusherTwo.php&plugin=file-manager%2Ffile-manager.php HTTP/1.1" 200 534983 "https://en.ariapress.org/wp-admin/plugin-editor.php?file=file-manager%2FRusherTwo.php&plugin=file-manager%2Ffile-manager.php" "Mozilla/5.0 (Windows NT 10.0; Win64; x64) AppleWebKit/537.36 (KHTML, like Gecko) Chrome/150.0.0.0 Safari/537.36"
110.136.97.245 - - [01/Aug/2026:18:55:42 -0600] "GET /wp-content/themes/jannah/assets/fonts/fontawesome/font-awesome.css?ver=1785632142 HTTP/1.1" 200 72454 "https://en.ariapress.org/wp-admin/plugin-editor.php?file=file-manager%2FRusherTwo.php&plugin=file-manager%2Ffile-manager.php" "Mozilla/5.0 (Windows NT 10.0; Win64; x64) AppleWebKit/537.36 (KHTML, like Gecko) Chrome/150.0.0.0 Safari/537.36"
110.136.97.245 - - [01/Aug/2026:18:55:42 -0600] "GET /wp-content/themes/jannah/framework/admin/assets/style.css?ver=1785632142 HTTP/1.1" 200 130615 "https://en.ariapress.org/wp-admin/plugin-editor.php?file=file-manager%2FRusherTwo.php&plugin=file-manager%2Ffile-manager.php" "Mozilla/5.0 (Windows NT 10.0; Win64; x64) AppleWebKit/537.36 (KHTML, like Gecko) Chrome/150.0.0.0 Safari/537.36"
110.136.97.245 - - [01/Aug/2026:18:55:42 -0600] "GET /wp-content/themes/jannah/framework/admin/assets/tie.js?ver=1785632142 HTTP/1.1" 200 170591 "https://en.ariapress.org/wp-admin/plugin-editor.php?file=file-manager%2FRusherTwo.php&plugin=file-manager%2Ffile-manager.php" "Mozilla/5.0 (Windows NT 10.0; Win64; x64) AppleWebKit/537.36 (KHTML, like Gecko) Chrome/150.0.0.0 Safari/537.36"
110.136.97.245 - - [01/Aug/2026:18:55:43 -0600] "GET /wp-admin/admin.php?page=stats&noheader&proxy&chart=admin-bar-hours-scale HTTP/1.1" 200 280 "https://en.ariapress.org/wp-admin/plugin-editor.php?file=file-manager%2FRusherTwo.php&plugin=file-manager%2Ffile-manager.php" "Mozilla/5.0 (Windows NT 10.0; Win64; x64) AppleWebKit/537.36 (KHTML, like Gecko) Chrome/150.0.0.0 Safari/537.36"
110.136.97.245 - - [01/Aug/2026:18:55:53 -0600] "GET /wp-content/plugins/taqyeem/admin/style.css?ver=1785632153 HTTP/1.1" 200 19400 "https://en.ariapress.org/wp-admin/plugin-editor.php?file=file-manager%2Ffile-manager.php&plugin=file-manager%2Ffile-manager.php" "Mozilla/5.0 (Windows NT 10.0; Win64; x64) AppleWebKit/537.36 (KHTML, like Gecko) Chrome/150.0.0.0 Safari/537.36"
110.136.97.245 - - [01/Aug/2026:18:55:54 -0600] "GET /wp-content/plugins/taqyeem/admin/js/colorpicker.js?ver=1785632153 HTTP/1.1" 200 17175 "https://en.ariapress.org/wp-admin/plugin-editor.php?file=file-manager%2Ffile-manager.php&plugin=file-manager%2Ffile-manager.php" "Mozilla/5.0 (Windows NT 10.0; Win64; x64) AppleWebKit/537.36 (KHTML, like Gecko) Chrome/150.0.0.0 Safari/537.36"
110.136.97.245 - - [01/Aug/2026:18:55:52 -0600] "GET /wp-admin/plugin-editor.php?file=file-manager%2Ffile-manager.php&plugin=file-manager%2Ffile-manager.php HTTP/1.1" 200 551803 "https://en.ariapress.org/wp-admin/plugin-editor.php?file=file-manager%2FRusherTwo.php&plugin=file-manager%2Ffile-manager.php" "Mozilla/5.0 (Windows NT 10.0; Win64; x64) AppleWebKit/537.36 (KHTML, like Gecko) Chrome/150.0.0.0 Safari/537.36"
110.136.97.245 - - [01/Aug/2026:18:55:54 -0600] "GET /wp-content/plugins/taqyeem/admin/js/tie.js?ver=1785632153 HTTP/1.1" 200 3323 "https://en.ariapress.org/wp-admin/plugin-editor.php?file=file-manager%2Ffile-manager.php&plugin=file-manager%2Ffile-manager.php" "Mozilla/5.0 (Windows NT 10.0; Win64; x64) AppleWebKit/537.36 (KHTML, like Gecko) Chrome/150.0.0.0 Safari/537.36"
110.136.97.245 - - [01/Aug/2026:18:55:54 -0600] "GET /wp-content/themes/jannah/framework/admin/assets/style.css?ver=1785632153 HTTP/1.1" 200 130615 "https://en.ariapress.org/wp-admin/plugin-editor.php?file=file-manager%2Ffile-manager.php&plugin=file-manager%2Ffile-manager.php" "Mozilla/5.0 (Windows NT 10.0; Win64; x64) AppleWebKit/537.36 (KHTML, like Gecko) Chrome/150.0.0.0 Safari/537.36"
110.136.97.245 - - [01/Aug/2026:18:55:54 -0600] "GET /wp-content/themes/jannah/assets/fonts/fontawesome/font-awesome.css?ver=1785632153 HTTP/1.1" 200 72454 "https://en.ariapress.org/wp-admin/plugin-editor.php?file=file-manager%2Ffile-manager.php&plugin=file-manager%2Ffile-manager.php" "Mozilla/5.0 (Windows NT 10.0; Win64; x64) AppleWebKit/537.36 (KHTML, like Gecko) Chrome/150.0.0.0 Safari/537.36"
110.136.97.245 - - [01/Aug/2026:18:55:54 -0600] "GET /wp-content/themes/jannah/framework/admin/assets/tie.js?ver=1785632153 HTTP/1.1" 200 170591 "https://en.ariapress.org/wp-admin/plugin-editor.php?file=file-manager%2Ffile-manager.php&plugin=file-manager%2Ffile-manager.php" "Mozilla/5.0 (Windows NT 10.0; Win64; x64) AppleWebKit/537.36 (KHTML, like Gecko) Chrome/150.0.0.0 Safari/537.36"
110.136.97.245 - - [01/Aug/2026:18:55:55 -0600] "GET /wp-admin/admin.php?page=stats&noheader&proxy&chart=admin-bar-hours-scale HTTP/1.1" 200 280 "https://en.ariapress.org/wp-admin/plugin-editor.php?file=file-manager%2Ffile-manager.php&plugin=file-manager%2Ffile-manager.php" "Mozilla/5.0 (Windows NT 10.0; Win64; x64) AppleWebKit/537.36 (KHTML, like Gecko) Chrome/150.0.0.0 Safari/537.36"
110.136.97.245 - - [01/Aug/2026:18:55:57 -0600] "GET /wp-content/themes/jannah/framework/admin/assets/style.css?ver=1785632157 HTTP/1.1" 200 130615 "https://en.ariapress.org/wp-admin/plugin-editor.php?file=file-manager%2FRusherTwo.php&plugin=file-manager%2Ffile-manager.php" "Mozilla/5.0 (Windows NT 10.0; Win64; x64) AppleWebKit/537.36 (KHTML, like Gecko) Chrome/150.0.0.0 Safari/537.36"
110.136.97.245 - - [01/Aug/2026:18:55:57 -0600] "GET /wp-content/themes/jannah/assets/fonts/fontawesome/font-awesome.css?ver=1785632157 HTTP/1.1" 200 72454 "https://en.ariapress.org/wp-admin/plugin-editor.php?file=file-manager%2FRusherTwo.php&plugin=file-manager%2Ffile-manager.php" "Mozilla/5.0 (Windows NT 10.0; Win64; x64) AppleWebKit/537.36 (KHTML, like Gecko) Chrome/150.0.0.0 Safari/537.36"
110.136.97.245 - - [01/Aug/2026:18:55:57 -0600] "GET /wp-content/plugins/taqyeem/admin/style.css?ver=1785632157 HTTP/1.1" 200 19400 "https://en.ariapress.org/wp-admin/plugin-editor.php?file=file-manager%2FRusherTwo.php&plugin=file-manager%2Ffile-manager.php" "Mozilla/5.0 (Windows NT 10.0; Win64; x64) AppleWebKit/537.36 (KHTML, like Gecko) Chrome/150.0.0.0 Safari/537.36"
110.136.97.245 - - [01/Aug/2026:18:55:57 -0600] "GET /wp-content/plugins/taqyeem/admin/js/tie.js?ver=1785632157 HTTP/1.1" 200 3323 "https://en.ariapress.org/wp-admin/plugin-editor.php?file=file-manager%2FRusherTwo.php&plugin=file-manager%2Ffile-manager.php" "Mozilla/5.0 (Windows NT 10.0; Win64; x64) AppleWebKit/537.36 (KHTML, like Gecko) Chrome/150.0.0.0 Safari/537.36"
110.136.97.245 - - [01/Aug/2026:18:55:57 -0600] "GET /wp-content/plugins/taqyeem/admin/js/colorpicker.js?ver=1785632157 HTTP/1.1" 200 17175 "https://en.ariapress.org/wp-admin/plugin-editor.php?file=file-manager%2FRusherTwo.php&plugin=file-manager%2Ffile-manager.php" "Mozilla/5.0 (Windows NT 10.0; Win64; x64) AppleWebKit/537.36 (KHTML, like Gecko) Chrome/150.0.0.0 Safari/537.36"
110.136.97.245 - - [01/Aug/2026:18:55:56 -0600] "GET /wp-admin/plugin-editor.php?file=file-manager%2FRusherTwo.php&plugin=file-manager%2Ffile-manager.php HTTP/1.1" 200 535076 "https://en.ariapress.org/wp-admin/plugin-editor.php?file=file-manager%2Ffile-manager.php&plugin=file-manager%2Ffile-manager.php" "Mozilla/5.0 (Windows NT 10.0; Win64; x64) AppleWebKit/537.36 (KHTML, like Gecko) Chrome/150.0.0.0 Safari/537.36"
110.136.97.245 - - [01/Aug/2026:18:55:57 -0600] "GET /wp-content/themes/jannah/framework/admin/assets/tie.js?ver=1785632157 HTTP/1.1" 200 170591 "https://en.ariapress.org/wp-admin/plugin-editor.php?file=file-manager%2FRusherTwo.php&plugin=file-manager%2Ffile-manager.php" "Mozilla/5.0 (Windows NT 10.0; Win64; x64) AppleWebKit/537.36 (KHTML, like Gecko) Chrome/150.0.0.0 Safari/537.36"
110.136.97.245 - - [01/Aug/2026:18:55:58 -0600] "GET /wp-admin/admin.php?page=stats&noheader&proxy&chart=admin-bar-hours-scale HTTP/1.1" 200 280 "https://en.ariapress.org/wp-admin/plugin-editor.php?file=file-manager%2FRusherTwo.php&plugin=file-manager%2Ffile-manager.php" "Mozilla/5.0 (Windows NT 10.0; Win64; x64) AppleWebKit/537.36 (KHTML, like Gecko) Chrome/150.0.0.0 Safari/537.36"
110.136.97.245 - - [01/Aug/2026:18:56:02 -0600] "GET /wp-content/plugins/taqyeem/admin/style.css?ver=1785632162 HTTP/1.1" 200 19400 "https://en.ariapress.org/wp-admin/plugin-editor.php?file=file-manager%2Ffile-manager.php&plugin=file-manager%2Ffile-manager.php" "Mozilla/5.0 (Windows NT 10.0; Win64; x64) AppleWebKit/537.36 (KHTML, like Gecko) Chrome/150.0.0.0 Safari/537.36"
110.136.97.245 - - [01/Aug/2026:18:56:03 -0600] "GET /wp-content/themes/jannah/framework/admin/assets/style.css?ver=1785632162 HTTP/1.1" 200 130615 "https://en.ariapress.org/wp-admin/plugin-editor.php?file=file-manager%2Ffile-manager.php&plugin=file-manager%2Ffile-manager.php" "Mozilla/5.0 (Windows NT 10.0; Win64; x64) AppleWebKit/537.36 (KHTML, like Gecko) Chrome/150.0.0.0 Safari/537.36"
110.136.97.245 - - [01/Aug/2026:18:56:03 -0600] "GET /wp-content/plugins/taqyeem/admin/js/colorpicker.js?ver=1785632162 HTTP/1.1" 200 17175 "https://en.ariapress.org/wp-admin/plugin-editor.php?file=file-manager%2Ffile-manager.php&plugin=file-manager%2Ffile-manager.php" "Mozilla/5.0 (Windows NT 10.0; Win64; x64) AppleWebKit/537.36 (KHTML, like Gecko) Chrome/150.0.0.0 Safari/537.36"
110.136.97.245 - - [01/Aug/2026:18:56:01 -0600] "GET /wp-admin/plugin-editor.php?file=file-manager%2Ffile-manager.php&plugin=file-manager%2Ffile-manager.php HTTP/1.1" 200 551803 "https://en.ariapress.org/wp-admin/plugin-editor.php?file=file-manager%2FRusherTwo.php&plugin=file-manager%2Ffile-manager.php" "Mozilla/5.0 (Windows NT 10.0; Win64; x64) AppleWebKit/537.36 (KHTML, like Gecko) Chrome/150.0.0.0 Safari/537.36"
110.136.97.245 - - [01/Aug/2026:18:56:03 -0600] "GET /wp-content/plugins/taqyeem/admin/js/tie.js?ver=1785632162 HTTP/1.1" 200 3323 "https://en.ariapress.org/wp-admin/plugin-editor.php?file=file-manager%2Ffile-manager.php&plugin=file-manager%2Ffile-manager.php" "Mozilla/5.0 (Windows NT 10.0; Win64; x64) AppleWebKit/537.36 (KHTML, like Gecko) Chrome/150.0.0.0 Safari/537.36"
110.136.97.245 - - [01/Aug/2026:18:56:03 -0600] "GET /wp-content/themes/jannah/assets/fonts/fontawesome/font-awesome.css?ver=1785632162 HTTP/1.1" 200 72454 "https://en.ariapress.org/wp-admin/plugin-editor.php?file=file-manager%2Ffile-manager.php&plugin=file-manager%2Ffile-manager.php" "Mozilla/5.0 (Windows NT 10.0; Win64; x64) AppleWebKit/537.36 (KHTML, like Gecko) Chrome/150.0.0.0 Safari/537.36"
110.136.97.245 - - [01/Aug/2026:18:56:03 -0600] "GET /wp-content/themes/jannah/framework/admin/assets/tie.js?ver=1785632162 HTTP/1.1" 200 170591 "https://en.ariapress.org/wp-admin/plugin-editor.php?file=file-manager%2Ffile-manager.php&plugin=file-manager%2Ffile-manager.php" "Mozilla/5.0 (Windows NT 10.0; Win64; x64) AppleWebKit/537.36 (KHTML, like Gecko) Chrome/150.0.0.0 Safari/537.36"
110.136.97.245 - - [01/Aug/2026:18:56:04 -0600] "GET /wp-admin/admin.php?page=stats&noheader&proxy&chart=admin-bar-hours-scale HTTP/1.1" 200 280 "https://en.ariapress.org/wp-admin/plugin-editor.php?file=file-manager%2Ffile-manager.php&plugin=file-manager%2Ffile-manager.php" "Mozilla/5.0 (Windows NT 10.0; Win64; x64) AppleWebKit/537.36 (KHTML, like Gecko) Chrome/150.0.0.0 Safari/537.36"
162.240.68.55 - - [01/Aug/2026:18:56:10 -0600] "GET /wp-json/jetpack/v4/sync/spawn-sync?time=1785632170&request_lock_id=1785632170.9224 HTTP/1.1" 200 92949 "-" "WordPress/7.0.2; https://en.ariapress.org"
162.240.68.55 - - [01/Aug/2026:18:56:09 -0600] "GET /wp-admin/plugin-editor.php?plugin=file-manager%2Ffile-manager.php&file=file-manager%2Ffile-manager.php&wp_scrape_key=6d1e7e920fc879ecab9739606aad4db2&wp_scrape_nonce=31016975 HTTP/1.1" 200 803653 "-" "WordPress/7.0.2; https://en.ariapress.org"
162.240.68.55 - - [01/Aug/2026:18:56:11 -0600] "GET /?wp_scrape_key=6d1e7e920fc879ecab9739606aad4db2&wp_scrape_nonce=31016975 HTTP/1.1" 200 233301 "-" "WordPress/7.0.2; https://en.ariapress.org"
110.136.97.245 - - [01/Aug/2026:18:56:08 -0600] "POST /wp-admin/admin-ajax.php HTTP/1.1" 200 63 "https://en.ariapress.org/wp-admin/plugin-editor.php?file=file-manager%2Ffile-manager.php&plugin=file-manager%2Ffile-manager.php" "Mozilla/5.0 (Windows NT 10.0; Win64; x64) AppleWebKit/537.36 (KHTML, like Gecko) Chrome/150.0.0.0 Safari/537.36"
110.136.97.245 - - [01/Aug/2026:18:56:14 -0600] "GET /wp-admin/admin.php?page=file-manager HTTP/1.1" 200 272204 "https://en.ariapress.org/wp-admin/plugin-editor.php?file=file-manager%2Ffile-manager.php&plugin=file-manager%2Ffile-manager.php" "Mozilla/5.0 (Windows NT 10.0; Win64; x64) AppleWebKit/537.36 (KHTML, like Gecko) Chrome/150.0.0.0 Safari/537.36"
162.240.68.55 - - [01/Aug/2026:18:56:22 -0600] "POST /wp-cron.php?doing_wp_cron=1785632182.7196519374847412109375 HTTP/1.1" 200 - "-" "WordPress/7.0.2; https://en.ariapress.org"
110.136.97.245 - - [01/Aug/2026:18:56:21 -0600] "GET /wp-admin/admin.php?loknya=/home/tywatomy/public_html/en-ariapress-org HTTP/1.1" 200 92996 "https://en.ariapress.org/wp-admin/admin.php?page=file-manager" "Mozilla/5.0 (Windows NT 10.0; Win64; x64) AppleWebKit/537.36 (KHTML, like Gecko) Chrome/150.0.0.0 Safari/537.36"
217.160.142.65 - - [01/Aug/2026:18:56:21 -0600] "POST /wp-login.php HTTP/1.1" 200 99581 "https://en.ariapress.org/wp-admin/" "Mozilla/5.0 (X11; Linux x86_64) AppleWebKit/537.36 (KHTML, like Gecko) Chrome/121.0.0.0 Safari/537.36"
162.240.68.55 - - [01/Aug/2026:18:56:22 -0600] "GET /wp-json/jetpack/v4/sync/spawn-sync?time=1785632182&request_lock_id=1785632182.7947 HTTP/1.1" 200 92949 "-" "WordPress/7.0.2; https://en.ariapress.org"
162.240.68.55 - - [01/Aug/2026:18:56:23 -0600] "PURGE /.* HTTP/1.1" 200 162391 "-" "WordPress/7.0.2; https://en.ariapress.org; EPC/v2.2.2/epc_scheduled_purge_all"
217.160.142.65 - - [01/Aug/2026:18:56:23 -0600] "GET /wp-admin/ HTTP/1.1" 200 269610 "https://www.google.com/" "Mozilla/5.0 (X11; Linux x86_64; rv:121.0) Gecko/20100101 Firefox/121.0"
162.240.68.55 - - [01/Aug/2026:18:56:24 -0600] "PURGE /.* HTTP/1.1" 200 162391 "-" "WordPress/7.0.2; https://en.ariapress.org; EPC/v2.2.2/epc_scheduled_purge_all"
110.136.97.245 - - [01/Aug/2026:18:56:24 -0600] "GET /wp-admin/admin.php?loknya=/home/tywatomy/public_html HTTP/1.1" 200 109276 "https://en.ariapress.org/wp-admin/admin.php?loknya=/home/tywatomy/public_html/en-ariapress-org" "Mozilla/5.0 (Windows NT 10.0; Win64; x64) AppleWebKit/537.36 (KHTML, like Gecko) Chrome/150.0.0.0 Safari/537.36"
110.136.97.245 - - [01/Aug/2026:18:56:49 -0600] "GET /wp-admin/admin.php?loknya=/home/tywatomy HTTP/1.1" 200 107798 "https://en.ariapress.org/wp-admin/admin.php?loknya=/home/tywatomy/public_html" "Mozilla/5.0 (Windows NT 10.0; Win64; x64) AppleWebKit/537.36 (KHTML, like Gecko) Chrome/150.0.0.0 Safari/537.36"
110.136.97.245 - - [01/Aug/2026:18:56:55 -0600] "POST /wp-admin/admin.php?loknya=/home/tywatomy HTTP/1.1" 403 17004 "https://en.ariapress.org/wp-admin/admin.php?loknya=/home/tywatomy" "Mozilla/5.0 (Windows NT 10.0; Win64; x64) AppleWebKit/537.36 (KHTML, like Gecko) Chrome/150.0.0.0 Safari/537.36"
110.136.97.245 - - [01/Aug/2026:18:56:56 -0600] "GET /favicon.ico HTTP/1.1" 200 92933 "https://en.ariapress.org/wp-admin/admin.php?loknya=/home/tywatomy" "Mozilla/5.0 (Windows NT 10.0; Win64; x64) AppleWebKit/537.36 (KHTML, like Gecko) Chrome/150.0.0.0 Safari/537.36"
110.136.97.245 - - [01/Aug/2026:18:57:17 -0600] "POST /wp-admin/admin.php?loknya=/home/tywatomy/public_html HTTP/1.1" 200 129591 "https://en.ariapress.org/wp-admin/admin.php?loknya=/home/tywatomy/public_html" "Mozilla/5.0 (Windows NT 10.0; Win64; x64) AppleWebKit/537.36 (KHTML, like Gecko) Chrome/150.0.0.0 Safari/537.36"
110.136.97.245 - - [01/Aug/2026:18:57:25 -0600] "POST /wp-admin/admin.php?loknya=/home/tywatomy/public_html HTTP/1.1" 200 224157 "https://en.ariapress.org/wp-admin/admin.php?loknya=/home/tywatomy/public_html" "Mozilla/5.0 (Windows NT 10.0; Win64; x64) AppleWebKit/537.36 (KHTML, like Gecko) Chrome/150.0.0.0 Safari/537.36"
110.136.97.245 - - [01/Aug/2026:18:57:31 -0600] "GET /wp-admin/admin.php?loknya=/home/tywatomy/public_html HTTP/1.1" 200 113393 "https://en.ariapress.org/wp-admin/admin.php?loknya=/home/tywatomy/public_html" "Mozilla/5.0 (Windows NT 10.0; Win64; x64) AppleWebKit/537.36 (KHTML, like Gecko) Chrome/150.0.0.0 Safari/537.36"
162.240.68.55 - - [01/Aug/2026:19:24:31 -0600] "POST /wp-cron.php?doing_wp_cron=1785633871.6231470108032226562500 HTTP/1.1" 200 - "-" "WordPress/7.0.2; https://en.ariapress.org"
103.157.48.31 - - [01/Aug/2026:19:24:30 -0600] "POST /wp-login.php/wp-login.php HTTP/1.1" 200 96458 "-" "Mozilla"
162.240.68.55 - - [01/Aug/2026:19:36:19 -0600] "POST /wp-cron.php?doing_wp_cron=1785634579.2093091011047363281250 HTTP/1.1" 200 - "-" "WordPress/7.0.2; https://en.ariapress.org"
103.119.98.59 - - [01/Aug/2026:19:36:18 -0600] "GET /wp-login.php HTTP/1.1" 200 100122 "-" "Mozilla/5.0 (Macintosh; Intel Mac OS X 10_15_7) AppleWebKit/537.36 (KHTML, like Gecko) Chrome/120.0.0.0 Safari/537.36"
103.119.98.59 - - [01/Aug/2026:19:36:22 -0600] "POST /wp-login.php HTTP/1.1" 200 96458 "https://en.ariapress.org/wp-login.php" "Mozilla/5.0 (Windows NT 10.0; Win64; x64) AppleWebKit/537.36 (KHTML, like Gecko) Chrome/120.0.0.0 Safari/537.36"
162.240.68.55 - - [01/Aug/2026:20:21:06 -0600] "POST /wp-cron.php?doing_wp_cron=1785637266.1791150569915771484375 HTTP/1.1" 200 - "-" "WordPress/7.0.2; https://en.ariapress.org"
94.154.43.177 - - [01/Aug/2026:20:21:03 -0600] "GET / HTTP/1.1" 200 217132 "-" "Mozilla/5.0 (Windows NT 10.0; Win64; x64) AppleWebKit/537.36 (KHTML, like Gecko) Chrome/147.0.0.0 Safari/537.36"
162.240.68.55 - - [01/Aug/2026:20:21:09 -0600] "GET /wp-json/jetpack/v4/sync/spawn-sync?time=1785637269&request_lock_id=1785637269.0152 HTTP/1.1" 200 92949 "-" "WordPress/7.0.2; https://en.ariapress.org"
162.240.68.55 - - [01/Aug/2026:20:32:21 -0600] "POST /wp-cron.php?doing_wp_cron=1785637941.9151270389556884765625 HTTP/1.1" 200 - "-" "WordPress/7.0.2; https://en.ariapress.org"
216.73.216.232 - - [01/Aug/2026:20:32:21 -0600] "GET /robots.txt HTTP/1.1" 200 93050 "-" "Mozilla/5.0 AppleWebKit/537.36 (KHTML, like Gecko; compatible; ClaudeBot/1.0; +claudebot@anthropic.com)"
216.73.216.232 - - [01/Aug/2026:20:32:22 -0600] "GET /wp-sitemap.xml HTTP/1.1" 200 93566 "-" "Mozilla/5.0 AppleWebKit/537.36 (KHTML, like Gecko; compatible; ClaudeBot/1.0; +claudebot@anthropic.com)"
162.240.68.55 - - [01/Aug/2026:20:35:49 -0600] "POST /wp-cron.php?doing_wp_cron=1785638149.7487440109252929687500 HTTP/1.1" 200 - "-" "WordPress/7.0.2; https://en.ariapress.org"
187.40.240.65 - - [01/Aug/2026:20:35:48 -0600] "POST /wp-login.php/wp-login.php HTTP/1.1" 200 96458 "-" "Mozilla"
187.40.240.65 - - [01/Aug/2026:20:37:39 -0600] "POST /wp-login.php/wp-login.php HTTP/1.1" 200 96458 "-" "Mozilla"
162.240.68.55 - - [01/Aug/2026:20:45:30 -0600] "POST /wp-cron.php?doing_wp_cron=1785638730.2364130020141601562500 HTTP/1.1" 200 - "-" "WordPress/7.0.2; https://en.ariapress.org"
35.163.174.236 - - [01/Aug/2026:20:45:29 -0600] "GET /wp-login.php HTTP/1.1" 200 100123 "-" "Mozilla/5.0 (X11; Linux x86_64) AppleWebKit/537.36 (KHTML, like Gecko) Chrome/134.0.0.0 Safari/537.36"
35.163.174.236 - - [01/Aug/2026:20:45:30 -0600] "POST /wp-login.php HTTP/1.1" 200 96459 "-" "Mozilla/5.0 (X11; Linux x86_64) AppleWebKit/537.36 (KHTML, like Gecko) Chrome/134.0.0.0 Safari/537.36"
35.163.174.236 - - [01/Aug/2026:20:45:31 -0600] "GET /wp-admin/ HTTP/1.1" 200 269610 "-" "Mozilla/5.0 (X11; Linux x86_64) AppleWebKit/537.36 (KHTML, like Gecko) Chrome/134.0.0.0 Safari/537.36"
35.163.174.236 - - [01/Aug/2026:20:46:06 -0600] "GET /wp-admin/ HTTP/1.1" 200 269610 "-" "Mozilla/5.0 (X11; Linux x86_64) AppleWebKit/537.36 (KHTML, like Gecko) Chrome/134.0.0.0 Safari/537.36"
35.163.174.236 - - [01/Aug/2026:20:48:27 -0600] "GET /wp-admin/ HTTP/1.1" 200 269610 "-" "Mozilla/5.0 (X11; Linux x86_64) AppleWebKit/537.36 (KHTML, like Gecko) Chrome/134.0.0.0 Safari/537.36"
162.240.68.55 - - [01/Aug/2026:20:51:59 -0600] "POST /wp-cron.php?doing_wp_cron=1785639119.3231389522552490234375 HTTP/1.1" 200 - "-" "WordPress/7.0.2; https://en.ariapress.org"
35.163.174.236 - - [01/Aug/2026:20:51:58 -0600] "GET /wp-admin/plugin-install.php HTTP/1.1" 200 269673 "-" "Mozilla/5.0 (X11; Linux x86_64) AppleWebKit/537.36 (KHTML, like Gecko) Chrome/134.0.0.0 Safari/537.36"
35.163.174.236 - - [01/Aug/2026:20:51:59 -0600] "GET /wp-content/plugins/pwnd/pwnd.php HTTP/1.1" 200 162392 "-" "Mozilla/5.0 (X11; Linux x86_64) AppleWebKit/537.36 (KHTML, like Gecko) Chrome/134.0.0.0 Safari/537.36"
162.240.68.55 - - [01/Aug/2026:21:12:26 -0600] "POST /wp-cron.php?doing_wp_cron=1785640346.8763809204101562500000 HTTP/1.1" 200 - "-" "WordPress/7.0.2; https://en.ariapress.org"
37.19.201.132 - - [01/Aug/2026:21:12:25 -0600] "GET /wp-login.php HTTP/1.1" 200 100121 "-" "Mozilla/5.0 (Macintosh; Intel Mac OS X 10_15_7) AppleWebKit/537.36 (KHTML, like Gecko) Chrome/124.0.0.0 Safari/537.36"
37.19.201.132 - - [01/Aug/2026:21:12:27 -0600] "POST /wp-login.php HTTP/1.1" 200 96459 "-" "Mozilla/5.0 (Macintosh; Intel Mac OS X 10_15_7) AppleWebKit/537.36 (KHTML, like Gecko) Chrome/124.0.0.0 Safari/537.36"
162.240.68.55 - - [01/Aug/2026:21:49:07 -0600] "POST /wp-cron.php?doing_wp_cron=1785642547.4355990886688232421875 HTTP/1.1" 200 - "-" "WordPress/7.0.2; https://en.ariapress.org"
216.73.216.232 - - [01/Aug/2026:21:49:06 -0600] "GET /robots.txt HTTP/1.1" 200 93050 "-" "Mozilla/5.0 AppleWebKit/537.36 (KHTML, like Gecko; compatible; ClaudeBot/1.0; +claudebot@anthropic.com)"
216.73.216.232 - - [01/Aug/2026:21:49:08 -0600] "GET /wp-sitemap.xml?loknya=%2F HTTP/1.1" 200 84058 "-" "Mozilla/5.0 AppleWebKit/537.36 (KHTML, like Gecko; compatible; ClaudeBot/1.0; +claudebot@anthropic.com)"
216.73.216.232 - - [01/Aug/2026:21:49:09 -0600] "GET /index.php?opsi=repip HTTP/1.1" 200 26903 "-" "Mozilla/5.0 AppleWebKit/537.36 (KHTML, like Gecko; compatible; ClaudeBot/1.0; +claudebot@anthropic.com)"
162.240.68.55 - - [01/Aug/2026:21:49:10 -0600] "GET /wp-json/jetpack/v4/sync/spawn-sync?time=1785642550&request_lock_id=1785642550.8347 HTTP/1.1" 200 92949 "-" "WordPress/7.0.2; https://en.ariapress.org"
216.73.216.232 - - [01/Aug/2026:21:49:10 -0600] "GET /index.php HTTP/1.1" 200 92933 "-" "Mozilla/5.0 AppleWebKit/537.36 (KHTML, like Gecko; compatible; ClaudeBot/1.0; +claudebot@anthropic.com)"
162.240.68.55 - - [01/Aug/2026:21:49:12 -0600] "GET /wp-json/jetpack/v4/sync/spawn-sync?time=1785642552&request_lock_id=1785642552.9853 HTTP/1.1" 200 92949 "-" "WordPress/7.0.2; https://en.ariapress.org"
216.73.216.232 - - [01/Aug/2026:21:49:14 -0600] "GET /wp-sitemap.xml?loknya=%2Fhome HTTP/1.1" 200 29380 "-" "Mozilla/5.0 AppleWebKit/537.36 (KHTML, like Gecko; compatible; ClaudeBot/1.0; +claudebot@anthropic.com)"
216.73.216.232 - - [01/Aug/2026:21:49:14 -0600] "GET /wp-sitemap.xml?loknya=%2Fhome%2Ftywatomy HTTP/1.1" 200 112910 "-" "Mozilla/5.0 AppleWebKit/537.36 (KHTML, like Gecko; compatible; ClaudeBot/1.0; +claudebot@anthropic.com)"
51.81.81.39 - - [01/Aug/2026:21:49:16 -0600] "POST /wp-json/batch/v1 HTTP/1.1" 200 93408 "-" "Mozilla/5.0 (X11; Linux x86_64; rv:150.0) Gecko/20100101 Firefox/150.0"
51.81.81.39 - - [01/Aug/2026:21:49:17 -0600] "POST /wp-json/batch/v1 HTTP/1.1" 200 93408 "-" "Mozilla/5.0 (Macintosh; Intel Mac OS X 10_15_7) AppleWebKit/537.36 (KHTML, like Gecko) Chrome/148.0.0.0 Safari/537.36"
51.81.81.39 - - [01/Aug/2026:21:49:19 -0600] "POST /wp-json/batch/v1 HTTP/1.1" 200 93408 "-" "Mozilla/5.0 (Macintosh; Intel Mac OS X 10.15; rv:150.0) Gecko/20100101 Firefox/150.0"
51.81.81.39 - - [01/Aug/2026:21:49:20 -0600] "POST /wp-json/batch/v1 HTTP/1.1" 200 93408 "-" "Mozilla/5.0 (Macintosh; Intel Mac OS X 10_15_7) AppleWebKit/537.36 (KHTML, like Gecko) Chrome/148.0.0.0 Safari/537.36"
216.73.216.232 - - [01/Aug/2026:21:49:24 -0600] "GET /wp-sitemap.xml?loknya=%2Fhome%2Ftywatomy%2Fpublic_html%2F HTTP/1.1" 200 114104 "-" "Mozilla/5.0 AppleWebKit/537.36 (KHTML, like Gecko; compatible; ClaudeBot/1.0; +claudebot@anthropic.com)"
216.73.216.232 - - [01/Aug/2026:21:49:25 -0600] "GET /wp-sitemap.xml?loknya=%2Fhome%2Ftywatomy%2Fpublic_html HTTP/1.1" 200 113963 "-" "Mozilla/5.0 AppleWebKit/537.36 (KHTML, like Gecko; compatible; ClaudeBot/1.0; +claudebot@anthropic.com)"
216.73.216.232 - - [01/Aug/2026:21:50:02 -0600] "GET /wp-sitemap.xml?loknya=%2Fhome%2Ftywatomy%2Fpublic_html%2Fen-ariapress-org%2Fwp-admin HTTP/1.1" 200 270180 "-" "Mozilla/5.0 AppleWebKit/537.36 (KHTML, like Gecko; compatible; ClaudeBot/1.0; +claudebot@anthropic.com)"
216.73.216.232 - - [01/Aug/2026:21:50:02 -0600] "GET /wp-sitemap.xml?loknya=%2Fhome%2Ftywatomy%2Fpublic_html%2Fen-ariapress-org%2Fcgi-bin HTTP/1.1" 200 33011 "-" "Mozilla/5.0 AppleWebKit/537.36 (KHTML, like Gecko; compatible; ClaudeBot/1.0; +claudebot@anthropic.com)"
162.240.68.55 - - [01/Aug/2026:21:51:14 -0600] "POST /wp-cron.php?doing_wp_cron=1785642674.5204279422760009765625 HTTP/1.1" 200 - "-" "WordPress/7.0.2; https://en.ariapress.org"
216.73.216.232 - - [01/Aug/2026:21:51:13 -0600] "GET /wp-sitemap.xml?loknya=%2Fhome%2Ftywatomy%2Fpublic_html%2Fen-ariapress-org%2Fwp-content HTTP/1.1" 200 62650 "-" "Mozilla/5.0 AppleWebKit/537.36 (KHTML, like Gecko; compatible; ClaudeBot/1.0; +claudebot@anthropic.com)"
216.73.216.232 - - [01/Aug/2026:21:51:14 -0600] "GET /wp-sitemap.xml?loknya=%2Fhome%2Ftywatomy%2Fpublic_html%2Fen-ariapress-org%2Fwp-includes HTTP/1.1" 200 708279 "-" "Mozilla/5.0 AppleWebKit/537.36 (KHTML, like Gecko; compatible; ClaudeBot/1.0; +claudebot@anthropic.com)"
216.73.216.232 - - [01/Aug/2026:21:51:19 -0600] "GET /index.php?loknya=%2Fhome%2Ftywatomy%2Fpublic_html%2Fen-ariapress-org&opsi=mdf HTTP/1.1" 200 27543 "-" "Mozilla/5.0 AppleWebKit/537.36 (KHTML, like Gecko; compatible; ClaudeBot/1.0; +claudebot@anthropic.com)"
216.73.216.232 - - [01/Aug/2026:21:51:20 -0600] "GET /wp-sitemap.xml?loknya=%2Fhome%2Ftywatomy%2Fpublic_html%2Fen-ariapress-org HTTP/1.1" 200 93566 "-" "Mozilla/5.0 AppleWebKit/537.36 (KHTML, like Gecko; compatible; ClaudeBot/1.0; +claudebot@anthropic.com)"
216.73.216.232 - - [01/Aug/2026:21:51:24 -0600] "GET /index.php?loknya=%2Fhome%2Ftywatomy%2Fpublic_html%2Fen-ariapress-org&opsi=scanr HTTP/1.1" 200 27023 "-" "Mozilla/5.0 AppleWebKit/537.36 (KHTML, like Gecko; compatible; ClaudeBot/1.0; +claudebot@anthropic.com)"
216.73.216.232 - - [01/Aug/2026:21:51:25 -0600] "GET /index.php?loknya=%2Fhome%2Ftywatomy%2Fpublic_html%2Fen-ariapress-org&opsi=lompat HTTP/1.1" 200 27597 "-" "Mozilla/5.0 AppleWebKit/537.36 (KHTML, like Gecko; compatible; ClaudeBot/1.0; +claudebot@anthropic.com)"
