162.240.68.55 - - [01/Aug/2026:12:11:33 -0600] "POST /?wordfence_syncAttackData=1785607893.636 HTTP/1.1" 200 - "-" "WordPress/7.0.2; https://dashtyfoundation.org"
103.189.195.18 - - [01/Aug/2026:12:11:33 -0600] "POST /xmlrpc.php HTTP/1.1" 200 403 "-" "Mozilla/5.0 (Windows NT 6.2; x64) AppleWebKit/537.36 (KHTML, like Gecko) Safari/13.0.0.0 Safari/537.36"
162.240.68.55 - - [01/Aug/2026:12:12:14 -0600] "POST /wp-cron.php?doing_wp_cron=1785607934.4836359024047851562500 HTTP/1.1" 200 - "-" "WordPress/7.0.2; https://dashtyfoundation.org"
103.189.195.18 - - [01/Aug/2026:12:12:13 -0600] "POST /xmlrpc.php HTTP/1.1" 200 403 "-" "Mozilla/5.0 (Windows NT 6.3; arm64) AppleWebKit/537.36 (KHTML, like Gecko) Chrome/104.0.0.0 Safari/537.36"
162.240.68.55 - - [01/Aug/2026:12:12:57 -0600] "POST /wp-cron.php?doing_wp_cron=1785607977.7119359970092773437500 HTTP/1.1" 200 - "-" "WordPress/7.0.2; https://dashtyfoundation.org"
202.155.150.141 - - [01/Aug/2026:12:12:56 -0600] "POST /xmlrpc.php HTTP/1.1" 503 18951 "-" "Mozilla/5.0 (Macintosh; Intel Mac OS X 10_15_7; x64) AppleWebKit/537.36 (KHTML, like Gecko) Opera/60.0.0.0 Safari/537.36"
202.155.150.141 - - [01/Aug/2026:12:13:37 -0600] "POST /xmlrpc.php HTTP/1.1" 503 18038 "-" "Mozilla/5.0 (Windows NT 6.2; x86) AppleWebKit/537.36 (KHTML, like Gecko) Firefox/88.0.0.0 Safari/537.36"
162.240.68.55 - - [01/Aug/2026:12:14:14 -0600] "POST /wp-cron.php?doing_wp_cron=1785608054.3604409694671630859375 HTTP/1.1" 200 - "-" "WordPress/7.0.2; https://dashtyfoundation.org"
162.240.68.55 - - [01/Aug/2026:12:14:13 -0600] "POST /?wordfence_syncAttackData=1785608053.8389 HTTP/1.1" 200 - "-" "WordPress/7.0.2; https://dashtyfoundation.org"
103.189.195.18 - - [01/Aug/2026:12:14:13 -0600] "POST /xmlrpc.php HTTP/1.1" 200 403 "-" "Mozilla/5.0 (Windows NT 10.0; x86) AppleWebKit/537.36 (KHTML, like Gecko) Edge/83.0.0.0 Safari/537.36"
202.155.150.141 - - [01/Aug/2026:12:14:50 -0600] "POST /xmlrpc.php HTTP/1.1" 503 18038 "-" "Mozilla/5.0 (Windows NT 6.2; x86) AppleWebKit/537.36 (KHTML, like Gecko) Firefox/74.0.0.0 Safari/537.36"
202.155.150.141 - - [01/Aug/2026:12:15:32 -0600] "POST /xmlrpc.php HTTP/1.1" 503 18038 "-" "Mozilla/5.0 (Windows NT 6.3; arm64) AppleWebKit/537.36 (KHTML, like Gecko) Opera/71.0.0.0 Safari/537.36"
202.155.150.141 - - [01/Aug/2026:12:16:15 -0600] "POST /xmlrpc.php HTTP/1.1" 503 18038 "-" "Mozilla/5.0 (Windows NT 10.0; arm64) AppleWebKit/537.36 (KHTML, like Gecko) Opera/64.0.0.0 Safari/537.36"
162.240.68.55 - - [01/Aug/2026:12:17:05 -0600] "POST /wp-cron.php?doing_wp_cron=1785608225.3031079769134521484375 HTTP/1.1" 200 - "-" "WordPress/7.0.2; https://dashtyfoundation.org"
162.240.68.55 - - [01/Aug/2026:12:17:04 -0600] "POST /?wordfence_syncAttackData=1785608224.3673 HTTP/1.1" 200 - "-" "WordPress/7.0.2; https://dashtyfoundation.org"
103.189.195.18 - - [01/Aug/2026:12:17:03 -0600] "POST /xmlrpc.php HTTP/1.1" 200 403 "-" "Mozilla/5.0 (X11; Ubuntu; Linux x86_64; x64) AppleWebKit/537.36 (KHTML, like Gecko) Opera/66.0.0.0 Safari/537.36"
202.155.150.141 - - [01/Aug/2026:12:17:43 -0600] "POST /xmlrpc.php HTTP/1.1" 503 18038 "-" "Mozilla/5.0 (Windows NT 6.3; x86) AppleWebKit/537.36 (KHTML, like Gecko) Firefox/73.0.0.0 Safari/537.36"
162.240.68.55 - - [01/Aug/2026:12:17:45 -0600] "POST /?wordfence_syncAttackData=1785608265.2615 HTTP/1.1" 200 - "-" "WordPress/7.0.2; https://dashtyfoundation.org"
170.106.84.136 - - [01/Aug/2026:12:17:47 -0600] "GET / HTTP/1.1" 200 101045 "http://dashtyfoundation.org" "Mozilla/5.0 (iPhone; CPU iPhone OS 13_2_3 like Mac OS X) AppleWebKit/605.1.15 (KHTML, like Gecko) Version/13.0.3 Mobile/15E148 Safari/604.1"
202.155.150.141 - - [01/Aug/2026:12:18:27 -0600] "POST /xmlrpc.php HTTP/1.1" 503 18038 "-" "Mozilla/5.0 (Windows NT 6.3; arm64) AppleWebKit/537.36 (KHTML, like Gecko) Safari/11.0.0.0 Safari/537.36"
162.240.68.55 - - [01/Aug/2026:12:19:15 -0600] "POST /wp-cron.php?doing_wp_cron=1785608355.0137469768524169921875 HTTP/1.1" 200 - "-" "WordPress/7.0.2; https://dashtyfoundation.org"
162.240.68.55 - - [01/Aug/2026:12:19:14 -0600] "POST /?wordfence_syncAttackData=1785608354.2868 HTTP/1.1" 200 - "-" "WordPress/7.0.2; https://dashtyfoundation.org"
103.189.195.18 - - [01/Aug/2026:12:19:13 -0600] "POST /xmlrpc.php HTTP/1.1" 200 403 "-" "Mozilla/5.0 (Windows NT 10.0; arm64) AppleWebKit/537.36 (KHTML, like Gecko) Opera/80.0.0.0 Safari/537.36"
202.155.150.141 - - [01/Aug/2026:12:19:55 -0600] "POST /xmlrpc.php HTTP/1.1" 503 18038 "-" "Mozilla/5.0 (Macintosh; Intel Mac OS X 10_15_7; arm64) AppleWebKit/537.36 (KHTML, like Gecko) Edge/86.0.0.0 Safari/537.36"
162.240.68.55 - - [01/Aug/2026:12:20:34 -0600] "POST /?wordfence_syncAttackData=1785608434.8231 HTTP/1.1" 200 - "-" "WordPress/7.0.2; https://dashtyfoundation.org"
103.189.195.18 - - [01/Aug/2026:12:20:34 -0600] "POST /xmlrpc.php HTTP/1.1" 200 403 "-" "Mozilla/5.0 (Windows NT 10.0; x64) AppleWebKit/537.36 (KHTML, like Gecko) Edge/99.0.0.0 Safari/537.36"
162.240.68.55 - - [01/Aug/2026:12:21:28 -0600] "POST /wp-cron.php?doing_wp_cron=1785608488.0263679027557373046875 HTTP/1.1" 200 - "-" "WordPress/7.0.2; https://dashtyfoundation.org"
103.189.195.18 - - [01/Aug/2026:12:21:27 -0600] "POST /xmlrpc.php HTTP/1.1" 200 403 "-" "Mozilla/5.0 (Windows NT 6.3; x86) AppleWebKit/537.36 (KHTML, like Gecko) Chrome/85.0.0.0 Safari/537.36"
202.155.150.141 - - [01/Aug/2026:12:22:09 -0600] "POST /xmlrpc.php HTTP/1.1" 503 18038 "-" "Mozilla/5.0 (Linux; Android 10; arm64) AppleWebKit/537.36 (KHTML, like Gecko) Firefox/74.0.0.0 Safari/537.36"
202.155.150.141 - - [01/Aug/2026:12:22:48 -0600] "POST /xmlrpc.php HTTP/1.1" 503 18038 "-" "Mozilla/5.0 (X11; Ubuntu; Linux x86_64; arm64) AppleWebKit/537.36 (KHTML, like Gecko) Firefox/71.0.0.0 Safari/537.36"
162.240.68.55 - - [01/Aug/2026:12:23:32 -0600] "POST /wp-cron.php?doing_wp_cron=1785608612.4902319908142089843750 HTTP/1.1" 200 - "-" "WordPress/7.0.2; https://dashtyfoundation.org"
162.240.68.55 - - [01/Aug/2026:12:23:32 -0600] "POST /?wordfence_syncAttackData=1785608611.9904 HTTP/1.1" 200 - "-" "WordPress/7.0.2; https://dashtyfoundation.org"
103.189.195.18 - - [01/Aug/2026:12:23:31 -0600] "POST /xmlrpc.php HTTP/1.1" 200 403 "-" "Mozilla/5.0 (Windows NT 6.2; x86) AppleWebKit/537.36 (KHTML, like Gecko) Edge/92.0.0.0 Safari/537.36"
190.2.142.78 - - [01/Aug/2026:12:23:44 -0600] "HEAD /wp-login.php HTTP/1.1" 200 - "http://dashtyfoundation.org/wp-login.php" "Mozilla/5.0 (Windows NT 10.0; Win64; x64) AppleWebKit/537.36 (KHTML, like Gecko) Chrome/120.0.0.0 Safari/537.36"
190.2.142.78 - - [01/Aug/2026:12:23:51 -0600] "GET /wp-login.php HTTP/1.1" 200 5325 "http://dashtyfoundation.org/wp-login.php" "Mozilla/5.0 (Windows NT 10.0; Win64; x64) AppleWebKit/537.36 (KHTML, like Gecko) Chrome/120.0.0.0 Safari/537.36"
162.240.68.55 - - [01/Aug/2026:12:25:02 -0600] "POST /wp-cron.php?doing_wp_cron=1785608702.2377090454101562500000 HTTP/1.1" 200 - "-" "WordPress/7.0.2; https://dashtyfoundation.org"
202.155.150.141 - - [01/Aug/2026:12:25:01 -0600] "POST /xmlrpc.php HTTP/1.1" 200 403 "-" "Mozilla/5.0 (Linux; Android 10; x86) AppleWebKit/537.36 (KHTML, like Gecko) Edge/90.0.0.0 Safari/537.36"
162.240.68.55 - - [01/Aug/2026:12:25:48 -0600] "POST /wp-cron.php?doing_wp_cron=1785608748.5665810108184814453125 HTTP/1.1" 200 - "-" "WordPress/7.0.2; https://dashtyfoundation.org"
202.155.150.141 - - [01/Aug/2026:12:25:47 -0600] "POST /xmlrpc.php HTTP/1.1" 200 403 "-" "Mozilla/5.0 (Windows NT 6.2; x64) AppleWebKit/537.36 (KHTML, like Gecko) Chrome/108.0.0.0 Safari/537.36"
162.240.68.55 - - [01/Aug/2026:12:26:27 -0600] "POST /wp-cron.php?doing_wp_cron=1785608787.1340858936309814453125 HTTP/1.1" 200 - "-" "WordPress/7.0.2; https://dashtyfoundation.org"
202.155.150.141 - - [01/Aug/2026:12:26:26 -0600] "POST /xmlrpc.php HTTP/1.1" 200 403 "-" "Mozilla/5.0 (Macintosh; Intel Mac OS X 10_15_7; x86) AppleWebKit/537.36 (KHTML, like Gecko) Opera/74.0.0.0 Safari/537.36"
162.240.68.55 - - [01/Aug/2026:12:27:12 -0600] "POST /wp-cron.php?doing_wp_cron=1785608832.9476649761199951171875 HTTP/1.1" 200 - "-" "WordPress/7.0.2; https://dashtyfoundation.org"
202.155.150.141 - - [01/Aug/2026:12:27:12 -0600] "POST /xmlrpc.php HTTP/1.1" 200 403 "-" "Mozilla/5.0 (Linux; Android 10; arm64) AppleWebKit/537.36 (KHTML, like Gecko) Chrome/104.0.0.0 Safari/537.36"
162.240.68.55 - - [01/Aug/2026:12:27:56 -0600] "POST /wp-cron.php?doing_wp_cron=1785608876.2699389457702636718750 HTTP/1.1" 200 - "-" "WordPress/7.0.2; https://dashtyfoundation.org"
103.189.195.18 - - [01/Aug/2026:12:27:55 -0600] "POST /xmlrpc.php HTTP/1.1" 200 403 "-" "Mozilla/5.0 (Windows NT 10.0; arm64) AppleWebKit/537.36 (KHTML, like Gecko) Chrome/94.0.0.0 Safari/537.36"
162.240.68.55 - - [01/Aug/2026:12:28:35 -0600] "POST /wp-cron.php?doing_wp_cron=1785608915.9506690502166748046875 HTTP/1.1" 200 - "-" "WordPress/7.0.2; https://dashtyfoundation.org"
103.189.195.18 - - [01/Aug/2026:12:28:35 -0600] "POST /xmlrpc.php HTTP/1.1" 200 403 "-" "Mozilla/5.0 (Macintosh; Intel Mac OS X 10_15_7; arm64) AppleWebKit/537.36 (KHTML, like Gecko) Chrome/85.0.0.0 Safari/537.36"
162.240.68.55 - - [01/Aug/2026:12:29:12 -0600] "POST /wp-cron.php?doing_wp_cron=1785608952.0860819816589355468750 HTTP/1.1" 200 - "-" "WordPress/7.0.2; https://dashtyfoundation.org"
202.155.150.141 - - [01/Aug/2026:12:29:11 -0600] "POST /xmlrpc.php HTTP/1.1" 200 403 "-" "Mozilla/5.0 (Linux; Android 10; x64) AppleWebKit/537.36 (KHTML, like Gecko) Chrome/100.0.0.0 Safari/537.36"
162.240.68.55 - - [01/Aug/2026:12:29:48 -0600] "POST /wp-cron.php?doing_wp_cron=1785608988.2601490020751953125000 HTTP/1.1" 200 - "-" "WordPress/7.0.2; https://dashtyfoundation.org"
202.155.150.141 - - [01/Aug/2026:12:29:47 -0600] "POST /xmlrpc.php HTTP/1.1" 200 403 "-" "Mozilla/5.0 (X11; Ubuntu; Linux x86_64; arm64) AppleWebKit/537.36 (KHTML, like Gecko) Firefox/80.0.0.0 Safari/537.36"
162.240.68.55 - - [01/Aug/2026:12:30:25 -0600] "POST /wp-cron.php?doing_wp_cron=1785609025.9084320068359375000000 HTTP/1.1" 200 - "-" "WordPress/7.0.2; https://dashtyfoundation.org"
202.155.150.141 - - [01/Aug/2026:12:30:25 -0600] "POST /xmlrpc.php HTTP/1.1" 200 403 "-" "Mozilla/5.0 (Linux; Android 10; x64) AppleWebKit/537.36 (KHTML, like Gecko) Edge/87.0.0.0 Safari/537.36"
162.240.68.55 - - [01/Aug/2026:12:31:10 -0600] "POST /wp-cron.php?doing_wp_cron=1785609070.7599399089813232421875 HTTP/1.1" 200 - "-" "WordPress/7.0.2; https://dashtyfoundation.org"
202.155.150.141 - - [01/Aug/2026:12:31:09 -0600] "POST /xmlrpc.php HTTP/1.1" 200 403 "-" "Mozilla/5.0 (Macintosh; Intel Mac OS X 10_15_7; x86) AppleWebKit/537.36 (KHTML, like Gecko) Firefox/78.0.0.0 Safari/537.36"
162.240.68.55 - - [01/Aug/2026:12:31:58 -0600] "POST /wp-cron.php?doing_wp_cron=1785609118.6343610286712646484375 HTTP/1.1" 200 - "-" "WordPress/7.0.2; https://dashtyfoundation.org"
103.189.195.18 - - [01/Aug/2026:12:31:57 -0600] "POST /xmlrpc.php HTTP/1.1" 200 403 "-" "Mozilla/5.0 (Windows NT 6.2; arm64) AppleWebKit/537.36 (KHTML, like Gecko) Chrome/115.0.0.0 Safari/537.36"
162.240.68.55 - - [01/Aug/2026:12:32:46 -0600] "POST /wp-cron.php?doing_wp_cron=1785609166.9634919166564941406250 HTTP/1.1" 200 - "-" "WordPress/7.0.2; https://dashtyfoundation.org"
202.155.150.141 - - [01/Aug/2026:12:32:46 -0600] "POST /xmlrpc.php HTTP/1.1" 200 403 "-" "Mozilla/5.0 (Windows NT 6.3; x64) AppleWebKit/537.36 (KHTML, like Gecko) Safari/14.0.0.0 Safari/537.36"
162.240.68.55 - - [01/Aug/2026:12:33:38 -0600] "POST /wp-cron.php?doing_wp_cron=1785609218.4179360866546630859375 HTTP/1.1" 200 - "-" "WordPress/7.0.2; https://dashtyfoundation.org"
202.155.150.141 - - [01/Aug/2026:12:33:37 -0600] "POST /xmlrpc.php HTTP/1.1" 200 403 "-" "Mozilla/5.0 (Linux; Android 10; x64) AppleWebKit/537.36 (KHTML, like Gecko) Opera/60.0.0.0 Safari/537.36"
162.240.68.55 - - [01/Aug/2026:12:34:33 -0600] "POST /wp-cron.php?doing_wp_cron=1785609273.8368630409240722656250 HTTP/1.1" 200 - "-" "WordPress/7.0.2; https://dashtyfoundation.org"
202.155.150.141 - - [01/Aug/2026:12:34:33 -0600] "POST /xmlrpc.php HTTP/1.1" 200 403 "-" "Mozilla/5.0 (Linux; Android 10; arm64) AppleWebKit/537.36 (KHTML, like Gecko) Edge/81.0.0.0 Safari/537.36"
162.240.68.55 - - [01/Aug/2026:12:35:16 -0600] "POST /wp-cron.php?doing_wp_cron=1785609316.5879969596862792968750 HTTP/1.1" 200 - "-" "WordPress/7.0.2; https://dashtyfoundation.org"
103.189.195.18 - - [01/Aug/2026:12:35:15 -0600] "POST /xmlrpc.php HTTP/1.1" 200 403 "-" "Mozilla/5.0 (Windows NT 6.3; x64) AppleWebKit/537.36 (KHTML, like Gecko) Chrome/98.0.0.0 Safari/537.36"
162.240.68.55 - - [01/Aug/2026:12:35:56 -0600] "POST /wp-cron.php?doing_wp_cron=1785609356.3590309619903564453125 HTTP/1.1" 200 - "-" "WordPress/7.0.2; https://dashtyfoundation.org"
103.189.195.18 - - [01/Aug/2026:12:35:55 -0600] "POST /xmlrpc.php HTTP/1.1" 200 403 "-" "Mozilla/5.0 (X11; Ubuntu; Linux x86_64; x64) AppleWebKit/537.36 (KHTML, like Gecko) Chrome/114.0.0.0 Safari/537.36"
162.240.68.55 - - [01/Aug/2026:12:36:42 -0600] "POST /wp-cron.php?doing_wp_cron=1785609402.7031300067901611328125 HTTP/1.1" 200 - "-" "WordPress/7.0.2; https://dashtyfoundation.org"
207.46.13.64 - - [01/Aug/2026:12:36:42 -0600] "GET /wp-sitemap-taxonomies-category-1.xml HTTP/1.1" 200 547 "-" "Mozilla/5.0 AppleWebKit/537.36 (KHTML, like Gecko; compatible; bingbot/2.0; +http://www.bing.com/bingbot.htm) Chrome/116.0.1938.76 Safari/537.36"
103.189.195.18 - - [01/Aug/2026:12:36:44 -0600] "POST /xmlrpc.php HTTP/1.1" 200 403 "-" "Mozilla/5.0 (Linux; Android 10; x64) AppleWebKit/537.36 (KHTML, like Gecko) Firefox/78.0.0.0 Safari/537.36"
162.240.68.55 - - [01/Aug/2026:12:37:28 -0600] "POST /wp-cron.php?doing_wp_cron=1785609447.9978609085083007812500 HTTP/1.1" 200 - "-" "WordPress/7.0.2; https://dashtyfoundation.org"
202.155.150.141 - - [01/Aug/2026:12:37:27 -0600] "POST /xmlrpc.php HTTP/1.1" 200 403 "-" "Mozilla/5.0 (Windows NT 6.2; x86) AppleWebKit/537.36 (KHTML, like Gecko) Firefox/90.0.0.0 Safari/537.36"
162.240.68.55 - - [01/Aug/2026:12:38:08 -0600] "POST /wp-cron.php?doing_wp_cron=1785609488.2005209922790527343750 HTTP/1.1" 200 - "-" "WordPress/7.0.2; https://dashtyfoundation.org"
103.189.195.18 - - [01/Aug/2026:12:38:07 -0600] "POST /xmlrpc.php HTTP/1.1" 200 403 "-" "Mozilla/5.0 (Linux; Android 10; arm64) AppleWebKit/537.36 (KHTML, like Gecko) Safari/13.0.0.0 Safari/537.36"
160.191.139.115 - - [01/Aug/2026:12:38:20 -0600] "GET /wp-login.php HTTP/1.1" 200 5325 "-" "Mozilla/5.0 (Windows NT 10.0; Win64; x64) AppleWebKit/537.36 (KHTML, like Gecko) Chrome/120.0.0.0 Safari/537.36"
160.191.139.115 - - [01/Aug/2026:12:38:22 -0600] "GET /wp-login.php HTTP/1.1" 200 5325 "-" "Mozilla/5.0 (Windows NT 10.0; Win64; x64) AppleWebKit/537.36 (KHTML, like Gecko) Chrome/120.0.0.0 Safari/537.36"
160.191.139.115 - - [01/Aug/2026:12:38:23 -0600] "POST /wp-login.php HTTP/1.1" 503 18951 "https://dashtyfoundation.org/wp-login.php" "Mozilla/5.0 (Windows NT 10.0; Win64; x64) AppleWebKit/537.36 (KHTML, like Gecko) Chrome/120.0.0.0 Safari/537.36"
162.240.68.55 - - [01/Aug/2026:12:38:53 -0600] "POST /wp-cron.php?doing_wp_cron=1785609533.0521450042724609375000 HTTP/1.1" 200 - "-" "WordPress/7.0.2; https://dashtyfoundation.org"
103.189.195.18 - - [01/Aug/2026:12:38:51 -0600] "POST /xmlrpc.php HTTP/1.1" 503 18975 "-" "Mozilla/5.0 (Windows NT 6.3; x64) AppleWebKit/537.36 (KHTML, like Gecko) Chrome/98.0.0.0 Safari/537.36"
162.240.68.55 - - [01/Aug/2026:12:39:27 -0600] "POST /wp-cron.php?doing_wp_cron=1785609567.4900000095367431640625 HTTP/1.1" 200 - "-" "WordPress/7.0.2; https://dashtyfoundation.org"
202.155.150.141 - - [01/Aug/2026:12:39:26 -0600] "POST /xmlrpc.php HTTP/1.1" 200 403 "-" "Mozilla/5.0 (Windows NT 6.2; arm64) AppleWebKit/537.36 (KHTML, like Gecko) Safari/14.0.0.0 Safari/537.36"
162.240.68.55 - - [01/Aug/2026:12:40:12 -0600] "POST /wp-cron.php?doing_wp_cron=1785609612.1995069980621337890625 HTTP/1.1" 200 - "-" "WordPress/7.0.2; https://dashtyfoundation.org"
202.155.150.141 - - [01/Aug/2026:12:40:11 -0600] "POST /xmlrpc.php HTTP/1.1" 200 403 "-" "Mozilla/5.0 (Macintosh; Intel Mac OS X 10_15_7; arm64) AppleWebKit/537.36 (KHTML, like Gecko) Firefox/93.0.0.0 Safari/537.36"
135.225.129.185 - - [01/Aug/2026:12:40:28 -0600] "GET / HTTP/1.1" 200 111490 "-" "Mozilla/5.0 (Windows NT 10.0; Win64; x64) AppleWebKit/537.36 (KHTML, like Gecko) Chrome/125.0.0.0 Safari/537.36"
103.189.195.18 - - [01/Aug/2026:12:40:53 -0600] "POST /xmlrpc.php HTTP/1.1" 503 18293 "-" "Mozilla/5.0 (Windows NT 10.0; x64) AppleWebKit/537.36 (KHTML, like Gecko) Opera/79.0.0.0 Safari/537.36"
162.240.68.55 - - [01/Aug/2026:12:41:32 -0600] "POST /wp-cron.php?doing_wp_cron=1785609692.5043048858642578125000 HTTP/1.1" 200 - "-" "WordPress/7.0.2; https://dashtyfoundation.org"
162.240.68.55 - - [01/Aug/2026:12:41:32 -0600] "POST /?wordfence_syncAttackData=1785609692.0066 HTTP/1.1" 200 - "-" "WordPress/7.0.2; https://dashtyfoundation.org"
202.155.150.141 - - [01/Aug/2026:12:41:31 -0600] "POST /xmlrpc.php HTTP/1.1" 200 403 "-" "Mozilla/5.0 (Windows NT 6.2; arm64) AppleWebKit/537.36 (KHTML, like Gecko) Firefox/82.0.0.0 Safari/537.36"
103.189.195.18 - - [01/Aug/2026:12:42:15 -0600] "POST /xmlrpc.php HTTP/1.1" 503 18293 "-" "Mozilla/5.0 (Windows NT 6.2; x64) AppleWebKit/537.36 (KHTML, like Gecko) Chrome/87.0.0.0 Safari/537.36"
103.189.195.18 - - [01/Aug/2026:12:42:51 -0600] "POST /xmlrpc.php HTTP/1.1" 503 18293 "-" "Mozilla/5.0 (X11; Ubuntu; Linux x86_64; arm64) AppleWebKit/537.36 (KHTML, like Gecko) Opera/66.0.0.0 Safari/537.36"
162.240.68.55 - - [01/Aug/2026:12:43:29 -0600] "POST /wp-cron.php?doing_wp_cron=1785609809.9665989875793457031250 HTTP/1.1" 200 - "-" "WordPress/7.0.2; https://dashtyfoundation.org"
162.240.68.55 - - [01/Aug/2026:12:43:29 -0600] "POST /?wordfence_syncAttackData=1785609809.4634 HTTP/1.1" 200 - "-" "WordPress/7.0.2; https://dashtyfoundation.org"
202.155.150.141 - - [01/Aug/2026:12:43:29 -0600] "POST /xmlrpc.php HTTP/1.1" 200 403 "-" "Mozilla/5.0 (Windows NT 6.2; x86) AppleWebKit/537.36 (KHTML, like Gecko) Chrome/95.0.0.0 Safari/537.36"
103.189.195.18 - - [01/Aug/2026:12:44:06 -0600] "POST /xmlrpc.php HTTP/1.1" 503 18293 "-" "Mozilla/5.0 (Windows NT 10.0; x64) AppleWebKit/537.36 (KHTML, like Gecko) Safari/15.0.0.0 Safari/537.36"
162.240.68.55 - - [01/Aug/2026:12:44:43 -0600] "POST /wp-cron.php?doing_wp_cron=1785609883.1550409793853759765625 HTTP/1.1" 200 - "-" "WordPress/7.0.2; https://dashtyfoundation.org"
162.240.68.55 - - [01/Aug/2026:12:44:42 -0600] "POST /?wordfence_syncAttackData=1785609882.6537 HTTP/1.1" 200 - "-" "WordPress/7.0.2; https://dashtyfoundation.org"
202.155.150.141 - - [01/Aug/2026:12:44:42 -0600] "POST /xmlrpc.php HTTP/1.1" 200 403 "-" "Mozilla/5.0 (Windows NT 6.2; x64) AppleWebKit/537.36 (KHTML, like Gecko) Chrome/90.0.0.0 Safari/537.36"
103.189.195.18 - - [01/Aug/2026:12:45:24 -0600] "POST /xmlrpc.php HTTP/1.1" 503 18293 "-" "Mozilla/5.0 (Windows NT 10.0; x86) AppleWebKit/537.36 (KHTML, like Gecko) Chrome/103.0.0.0 Safari/537.36"
162.240.68.55 - - [01/Aug/2026:12:46:18 -0600] "POST /wp-cron.php?doing_wp_cron=1785609978.7589249610900878906250 HTTP/1.1" 200 - "-" "WordPress/7.0.2; https://dashtyfoundation.org"
162.240.68.55 - - [01/Aug/2026:12:46:18 -0600] "POST /?wordfence_syncAttackData=1785609978.2932 HTTP/1.1" 200 - "-" "WordPress/7.0.2; https://dashtyfoundation.org"
89.34.90.34 - - [01/Aug/2026:12:46:17 -0600] "GET / HTTP/1.1" 200 111490 "-" "CMS-Security-Auditor/1.0 (+authorized self-check; contact: local-admin)"
89.34.90.34 - - [01/Aug/2026:12:46:20 -0600] "GET /wp-json/ HTTP/1.1" 200 194063 "-" "CMS-Security-Auditor/1.0 (+authorized self-check; contact: local-admin)"
89.34.90.34 - - [01/Aug/2026:12:46:21 -0600] "GET /?rest_route=/ HTTP/1.1" 200 194063 "-" "CMS-Security-Auditor/1.0 (+authorized self-check; contact: local-admin)"
89.34.90.34 - - [01/Aug/2026:12:46:22 -0600] "GET /wp-includes/version.php HTTP/1.1" 404 56924 "-" "CMS-Security-Auditor/1.0 (+authorized self-check; contact: local-admin)"
89.34.90.34 - - [01/Aug/2026:12:46:23 -0600] "POST /wp-json/batch/v1 HTTP/1.1" 207 16 "-" "CMS-Security-Auditor/1.0 (+authorized self-check; contact: local-admin)"
103.189.195.18 - - [01/Aug/2026:12:46:39 -0600] "POST /xmlrpc.php HTTP/1.1" 503 18293 "-" "Mozilla/5.0 (Linux; Android 10; x86) AppleWebKit/537.36 (KHTML, like Gecko) Edge/81.0.0.0 Safari/537.36"
162.240.68.55 - - [01/Aug/2026:12:47:09 -0600] "POST /wp-cron.php?doing_wp_cron=1785610029.3794829845428466796875 HTTP/1.1" 200 - "-" "WordPress/7.0.2; https://dashtyfoundation.org"
162.240.68.55 - - [01/Aug/2026:12:47:08 -0600] "POST /?wordfence_syncAttackData=1785610028.8287 HTTP/1.1" 200 - "-" "WordPress/7.0.2; https://dashtyfoundation.org"
216.73.216.122 - - [01/Aug/2026:12:47:08 -0600] "GET /robots.txt HTTP/1.1" 200 121 "-" "Mozilla/5.0 AppleWebKit/537.36 (KHTML, like Gecko; compatible; ClaudeBot/1.0; +claudebot@anthropic.com)"
216.73.216.122 - - [01/Aug/2026:12:47:09 -0600] "GET /wp-sitemap.xml HTTP/1.1" 200 576 "-" "Mozilla/5.0 AppleWebKit/537.36 (KHTML, like Gecko; compatible; ClaudeBot/1.0; +claudebot@anthropic.com)"
202.155.150.141 - - [01/Aug/2026:12:47:15 -0600] "POST /xmlrpc.php HTTP/1.1" 200 403 "-" "Mozilla/5.0 (Macintosh; Intel Mac OS X 10_15_7; arm64) AppleWebKit/537.36 (KHTML, like Gecko) Chrome/114.0.0.0 Safari/537.36"
103.189.195.18 - - [01/Aug/2026:12:47:52 -0600] "POST /xmlrpc.php HTTP/1.1" 503 18293 "-" "Mozilla/5.0 (Windows NT 6.3; arm64) AppleWebKit/537.36 (KHTML, like Gecko) Chrome/112.0.0.0 Safari/537.36"
162.240.68.55 - - [01/Aug/2026:12:48:25 -0600] "POST /wp-cron.php?doing_wp_cron=1785610105.3733348846435546875000 HTTP/1.1" 200 - "-" "WordPress/7.0.2; https://dashtyfoundation.org"
162.240.68.55 - - [01/Aug/2026:12:48:24 -0600] "POST /?wordfence_syncAttackData=1785610104.8962 HTTP/1.1" 200 - "-" "WordPress/7.0.2; https://dashtyfoundation.org"
89.34.90.34 - - [01/Aug/2026:12:48:24 -0600] "GET /wp-content/plugins/wp-ticket/readme.txt HTTP/1.1" 404 56924 "-" "CMS-Security-Auditor/1.0 (+authorized self-check; contact: local-admin)"
89.34.90.34 - - [01/Aug/2026:12:48:26 -0600] "GET /wp-content/plugins/wp-automatic/readme.txt HTTP/1.1" 404 56924 "-" "CMS-Security-Auditor/1.0 (+authorized self-check; contact: local-admin)"
89.34.90.34 - - [01/Aug/2026:12:48:27 -0600] "GET /wp-content/plugins/wp-fastest-cache/readme.txt HTTP/1.1" 404 56924 "-" "CMS-Security-Auditor/1.0 (+authorized self-check; contact: local-admin)"
89.34.90.34 - - [01/Aug/2026:12:48:27 -0600] "GET /wp-content/plugins/gamipress/readme.txt HTTP/1.1" 404 56924 "-" "CMS-Security-Auditor/1.0 (+authorized self-check; contact: local-admin)"
202.155.150.141 - - [01/Aug/2026:12:48:27 -0600] "POST /xmlrpc.php HTTP/1.1" 503 18975 "-" "Mozilla/5.0 (Windows NT 6.2; arm64) AppleWebKit/537.36 (KHTML, like Gecko) Firefox/92.0.0.0 Safari/537.36"
89.34.90.34 - - [01/Aug/2026:12:48:28 -0600] "GET /wp-content/plugins/userswp/readme.txt HTTP/1.1" 404 56924 "-" "CMS-Security-Auditor/1.0 (+authorized self-check; contact: local-admin)"
89.34.90.34 - - [01/Aug/2026:12:48:29 -0600] "GET /wp-content/plugins/bookingpress-appointment-booking/readme.txt HTTP/1.1" 404 56924 "-" "CMS-Security-Auditor/1.0 (+authorized self-check; contact: local-admin)"
103.189.195.18 - - [01/Aug/2026:12:49:11 -0600] "POST /xmlrpc.php HTTP/1.1" 503 18293 "-" "Mozilla/5.0 (Macintosh; Intel Mac OS X 10_15_7; x86) AppleWebKit/537.36 (KHTML, like Gecko) Edge/96.0.0.0 Safari/537.36"
202.155.150.141 - - [01/Aug/2026:12:49:45 -0600] "POST /xmlrpc.php HTTP/1.1" 503 18293 "-" "Mozilla/5.0 (Windows NT 10.0; x86) AppleWebKit/537.36 (KHTML, like Gecko) Firefox/94.0.0.0 Safari/537.36"
202.155.150.141 - - [01/Aug/2026:12:50:24 -0600] "POST /xmlrpc.php HTTP/1.1" 503 18293 "-" "Mozilla/5.0 (Windows NT 10.0; arm64) AppleWebKit/537.36 (KHTML, like Gecko) Edge/90.0.0.0 Safari/537.36"
103.189.195.18 - - [01/Aug/2026:12:51:02 -0600] "POST /xmlrpc.php HTTP/1.1" 503 18293 "-" "Mozilla/5.0 (Macintosh; Intel Mac OS X 10_15_7; arm64) AppleWebKit/537.36 (KHTML, like Gecko) Opera/73.0.0.0 Safari/537.36"
202.155.150.141 - - [01/Aug/2026:12:51:38 -0600] "POST /xmlrpc.php HTTP/1.1" 503 18293 "-" "Mozilla/5.0 (Linux; Android 10; x86) AppleWebKit/537.36 (KHTML, like Gecko) Opera/79.0.0.0 Safari/537.36"
103.189.195.18 - - [01/Aug/2026:12:52:15 -0600] "POST /xmlrpc.php HTTP/1.1" 503 18293 "-" "Mozilla/5.0 (Windows NT 6.2; x86) AppleWebKit/537.36 (KHTML, like Gecko) Firefox/96.0.0.0 Safari/537.36"
202.155.150.141 - - [01/Aug/2026:12:52:54 -0600] "POST /xmlrpc.php HTTP/1.1" 503 18293 "-" "Mozilla/5.0 (Macintosh; Intel Mac OS X 10_15_7; arm64) AppleWebKit/537.36 (KHTML, like Gecko) Chrome/107.0.0.0 Safari/537.36"
103.189.195.18 - - [01/Aug/2026:12:53:30 -0600] "POST /xmlrpc.php HTTP/1.1" 503 18293 "-" "Mozilla/5.0 (Linux; Android 10; x64) AppleWebKit/537.36 (KHTML, like Gecko) Safari/11.0.0.0 Safari/537.36"
103.189.195.18 - - [01/Aug/2026:12:54:04 -0600] "POST /xmlrpc.php HTTP/1.1" 503 18293 "-" "Mozilla/5.0 (Windows NT 10.0; x86) AppleWebKit/537.36 (KHTML, like Gecko) Edge/81.0.0.0 Safari/537.36"
162.240.68.55 - - [01/Aug/2026:13:08:22 -0600] "POST /wp-cron.php?doing_wp_cron=1785611302.3205869197845458984375 HTTP/1.1" 200 - "-" "WordPress/7.0.2; https://dashtyfoundation.org"
162.240.68.55 - - [01/Aug/2026:13:08:21 -0600] "POST /?wordfence_syncAttackData=1785611301.6555 HTTP/1.1" 200 - "-" "WordPress/7.0.2; https://dashtyfoundation.org"
101.32.49.171 - - [01/Aug/2026:13:08:24 -0600] "GET / HTTP/1.1" 200 101045 "http://www.dashtyfoundation.org" "Mozilla/5.0 (iPhone; CPU iPhone OS 13_2_3 like Mac OS X) AppleWebKit/605.1.15 (KHTML, like Gecko) Version/13.0.3 Mobile/15E148 Safari/604.1"
74.7.229.157 - - [01/Aug/2026:13:08:27 -0600] "GET /fahim-dashty-a-documentary-by-etilaatroz/ HTTP/1.1" 200 86923 "-" "Mozilla/5.0 (Macintosh; Intel Mac OS X 10_15_7) AppleWebKit/537.36 (KHTML, like Gecko) Chrome/131.0.0.0 Safari/537.36; compatible; OAI-SearchBot/1.4; +https://openai.com/searchbot"
74.7.228.137 - - [01/Aug/2026:13:10:14 -0600] "GET /%D8%A7%D8%B9%D9%84%D8%A7%D9%85%DB%8C%D9%87-%D9%85%D8%B7%D8%A8%D9%88%D8%B9%D8%A7%D8%AA%DB%8C/ HTTP/1.1" 200 109566 "-" "Mozilla/5.0 (Macintosh; Intel Mac OS X 10_15_7) AppleWebKit/537.36 (KHTML, like Gecko) Chrome/131.0.0.0 Safari/537.36; compatible; OAI-SearchBot/1.4; +https://openai.com/searchbot"
74.7.243.17 - - [01/Aug/2026:13:10:19 -0600] "GET /?p=451 HTTP/1.1" 301 - "https://dashtyfoundation.org/%D8%A7%D8%B9%D9%84%D8%A7%D9%85%DB%8C%D9%87-%D9%85%D8%B7%D8%A8%D9%88%D8%B9%D8%A7%D8%AA%DB%8C/" "Mozilla/5.0 (Macintosh; Intel Mac OS X 10_15_7) AppleWebKit/537.36 (KHTML, like Gecko) Chrome/131.0.0.0 Safari/537.36; compatible; OAI-SearchBot/1.4; +https://openai.com/searchbot"
74.7.243.17 - - [01/Aug/2026:13:10:20 -0600] "GET /%d8%a7%d8%b9%d9%84%d8%a7%d9%85%db%8c%d9%87-%d9%85%d8%b7%d8%a8%d9%88%d8%b9%d8%a7%d8%aa%db%8c/ HTTP/1.1" 200 110014 "https://dashtyfoundation.org/?p=451" "Mozilla/5.0 (Macintosh; Intel Mac OS X 10_15_7) AppleWebKit/537.36 (KHTML, like Gecko) Chrome/131.0.0.0 Safari/537.36; compatible; OAI-SearchBot/1.4; +https://openai.com/searchbot"
162.240.68.55 - - [01/Aug/2026:13:15:07 -0600] "POST /wp-cron.php?doing_wp_cron=1785611707.1786670684814453125000 HTTP/1.1" 200 - "-" "WordPress/7.0.2; https://dashtyfoundation.org"
40.77.167.23 - - [01/Aug/2026:13:15:06 -0600] "GET /wp-sitemap.xml HTTP/1.1" 200 576 "-" "Mozilla/5.0 AppleWebKit/537.36 (KHTML, like Gecko; compatible; bingbot/2.0; +http://www.bing.com/bingbot.htm) Chrome/116.0.1938.76 Safari/537.36"
148.113.128.64 - - [01/Aug/2026:13:23:42 -0600] "GET /wp-sitemap.xml HTTP/1.1" 200 576 "-" "Mozilla/5.0 (compatible; AhrefsBot/7.0; +http://ahrefs.com/robot/)"
54.39.0.63 - - [01/Aug/2026:13:23:44 -0600] "GET /wp-sitemap-posts-post-1.xml HTTP/1.1" 200 8128 "-" "Mozilla/5.0 (compatible; AhrefsBot/7.0; +http://ahrefs.com/robot/)"
51.161.65.118 - - [01/Aug/2026:13:23:46 -0600] "GET /wp-sitemap-posts-page-1.xml HTTP/1.1" 200 1124 "-" "Mozilla/5.0 (compatible; AhrefsBot/7.0; +http://ahrefs.com/robot/)"
54.39.210.29 - - [01/Aug/2026:13:23:48 -0600] "GET /wp-sitemap-taxonomies-category-1.xml HTTP/1.1" 200 547 "-" "Mozilla/5.0 (compatible; AhrefsBot/7.0; +http://ahrefs.com/robot/)"
51.222.168.106 - - [01/Aug/2026:13:23:51 -0600] "GET /wp-sitemap-taxonomies-post_tag-1.xml HTTP/1.1" 200 2888 "-" "Mozilla/5.0 (compatible; AhrefsBot/7.0; +http://ahrefs.com/robot/)"
162.240.68.55 - - [01/Aug/2026:13:28:06 -0600] "POST /wp-cron.php?doing_wp_cron=1785612486.1702649593353271484375 HTTP/1.1" 200 - "-" "WordPress/7.0.2; https://dashtyfoundation.org"
182.62.165.43 - - [01/Aug/2026:13:28:05 -0600] "POST /xmlrpc.php HTTP/1.1" 503 18951 "-" "Jetpack/12.0; WordPress/6.3; http://site87446734.com"
182.62.165.43 - - [01/Aug/2026:13:29:44 -0600] "POST /xmlrpc.php HTTP/1.1" 503 18038 "-" "Jetpack by WordPress.com"
182.62.165.43 - - [01/Aug/2026:13:29:56 -0600] "POST /xmlrpc.php HTTP/1.1" 503 18038 "-" "Jetpack by WordPress.com (Jetpack 13.0; WordPress 6.2)"
162.240.68.55 - - [01/Aug/2026:13:36:42 -0600] "POST /wp-cron.php?doing_wp_cron=1785613002.4252469539642333984375 HTTP/1.1" 200 - "-" "WordPress/7.0.2; https://dashtyfoundation.org"
162.240.68.55 - - [01/Aug/2026:13:36:41 -0600] "POST /?wordfence_syncAttackData=1785613001.923 HTTP/1.1" 200 - "-" "WordPress/7.0.2; https://dashtyfoundation.org"
185.198.240.165 - - [01/Aug/2026:13:36:41 -0600] "GET /wp-login.php HTTP/1.1" 200 5325 "-" "Mozilla/5.0 (Macintosh; Intel Mac OS X 10_15_7) AppleWebKit/605.1.15 Version/17.0 Safari/605.1.15"
185.198.240.165 - - [01/Aug/2026:13:36:42 -0600] "GET /?author=1 HTTP/1.1" 404 57431 "-" "Mozilla/5.0 (Macintosh; Intel Mac OS X 10_15_7) AppleWebKit/605.1.15 Version/17.0 Safari/605.1.15"
185.198.240.165 - - [01/Aug/2026:13:36:44 -0600] "GET /?rest_route=/wp/v2/users HTTP/1.1" 401 108 "-" "Mozilla/5.0 (Windows NT 10.0; Win64; x64) AppleWebKit/537.36 Chrome/129.0.0.0 Safari/537.36"
185.198.240.165 - - [01/Aug/2026:13:36:44 -0600] "GET /feed HTTP/1.1" 301 - "-" "Mozilla/5.0 (Macintosh; Intel Mac OS X 10_15_7) AppleWebKit/605.1.15 Version/17.0 Safari/605.1.15"
185.198.240.165 - - [01/Aug/2026:13:36:45 -0600] "GET /feed/ HTTP/1.1" 200 143307 "-" "Mozilla/5.0 (Macintosh; Intel Mac OS X 10_15_7) AppleWebKit/605.1.15 Version/17.0 Safari/605.1.15"
162.240.68.55 - - [01/Aug/2026:13:43:13 -0600] "POST /wp-cron.php?doing_wp_cron=1785613393.2702279090881347656250 HTTP/1.1" 200 - "-" "WordPress/7.0.2; https://dashtyfoundation.org"
182.62.165.43 - - [01/Aug/2026:13:43:12 -0600] "POST /xmlrpc.php HTTP/1.1" 503 18951 "-" "Jetpack by WordPress.com"
157.55.39.52 - - [01/Aug/2026:13:44:00 -0600] "GET /wp-content/uploads/2023/04/1638803459-168936730.jpg HTTP/1.1" 200 106619 "-" "Mozilla/5.0 AppleWebKit/537.36 (KHTML, like Gecko; compatible; bingbot/2.0; +http://www.bing.com/bingbot.htm) Chrome/116.0.1938.76 Safari/537.36"
182.62.165.43 - - [01/Aug/2026:13:47:17 -0600] "POST /xmlrpc.php HTTP/1.1" 503 18038 "-" "Jetpack by WordPress.com"
66.249.66.70 - - [01/Aug/2026:13:48:33 -0600] "GET /wp-content/uploads/2023/01/WhatsApp-Image-2022-12-28-at-2.50.04-PM-5-390x220.jpeg HTTP/1.1" 304 - "-" "Googlebot-Image/1.0"
182.62.165.43 - - [01/Aug/2026:13:49:47 -0600] "POST /xmlrpc.php HTTP/1.1" 503 18038 "-" "WordPress.com; https://wordpress.com"
182.62.165.43 - - [01/Aug/2026:13:50:56 -0600] "POST /xmlrpc.php HTTP/1.1" 503 18038 "-" "WordPress.com; https://wordpress.com"
162.240.68.55 - - [01/Aug/2026:14:08:42 -0600] "POST /wp-cron.php?doing_wp_cron=1785614922.8164160251617431640625 HTTP/1.1" 200 - "-" "WordPress/7.0.2; https://dashtyfoundation.org"
162.240.68.55 - - [01/Aug/2026:14:08:42 -0600] "POST /?wordfence_syncAttackData=1785614922.3458 HTTP/1.1" 200 - "-" "WordPress/7.0.2; https://dashtyfoundation.org"
47.79.201.136 - - [01/Aug/2026:14:08:41 -0600] "GET /xmlrpc.php HTTP/1.1" 405 42 "https://www.google.com/" "Mozilla/5.0 (Windows NT 10.0; Win64; x64) AppleWebKit/537.36 (KHTML, like Gecko) Chrome/132.0.0.0 Safari/537.36"
216.73.216.122 - - [01/Aug/2026:14:08:52 -0600] "GET /robots.txt HTTP/1.1" 200 121 "-" "Mozilla/5.0 AppleWebKit/537.36 (KHTML, like Gecko; compatible; ClaudeBot/1.0; +claudebot@anthropic.com)"
216.73.216.122 - - [01/Aug/2026:14:08:57 -0600] "GET / HTTP/1.1" 200 111490 "-" "Mozilla/5.0 AppleWebKit/537.36 (KHTML, like Gecko; compatible; ClaudeBot/1.0; +claudebot@anthropic.com)"
216.73.216.122 - - [01/Aug/2026:14:43:57 -0600] "GET /wp-sitemap.xml HTTP/1.1" 200 576 "-" "Mozilla/5.0 AppleWebKit/537.36 (KHTML, like Gecko; compatible; ClaudeBot/1.0; +claudebot@anthropic.com)"
162.240.68.55 - - [01/Aug/2026:14:43:57 -0600] "POST /wp-cron.php?doing_wp_cron=1785617037.9663279056549072265625 HTTP/1.1" 200 - "-" "WordPress/7.0.2; https://dashtyfoundation.org"
162.240.68.55 - - [01/Aug/2026:15:13:24 -0600] "POST /wp-cron.php?doing_wp_cron=1785618804.3045229911804199218750 HTTP/1.1" 200 - "-" "WordPress/7.0.2; https://dashtyfoundation.org"
66.249.66.68 - - [01/Aug/2026:15:13:23 -0600] "GET /2023/09/08/ HTTP/1.1" 200 52687 "-" "Mozilla/5.0 (Linux; Android 6.0.1; Nexus 5X Build/MMB29P) AppleWebKit/537.36 (KHTML, like Gecko) Chrome/150.0.7871.186 Mobile Safari/537.36 (compatible; Googlebot/2.1; +http://www.google.com/bot.html)"
66.249.66.68 - - [01/Aug/2026:15:13:31 -0600] "GET /wp-content/themes/jannah/assets/css/fontawesome.css?ver=7.4.1 HTTP/1.1" 200 58662 "https://dashtyfoundation.org/2023/09/08/" "Mozilla/5.0 (Linux; Android 6.0.1; Nexus 5X Build/MMB29P) AppleWebKit/537.36 (KHTML, like Gecko) Chrome/150.0.7871.186 Mobile Safari/537.36 (compatible; Googlebot/2.1; +http://www.google.com/bot.html)"
4.204.72.49 - - [01/Aug/2026:15:14:17 -0600] "GET / HTTP/1.1" 200 111490 "-" "Mozilla/5.0 (Windows NT 10.0; Win64; x64) AppleWebKit/537.36 (KHTML, like Gecko) Chrome/142.0.7444.163 Safari/537.36"
4.204.72.49 - - [01/Aug/2026:15:14:18 -0600] "GET /wp-content/themes/jannah/assets/css/base.min.css?ver=7.4.1 HTTP/1.1" 200 40643 "https://dashtyfoundation.org/" "Mozilla/5.0 (Windows NT 10.0; Win64; x64) AppleWebKit/537.36 (KHTML, like Gecko) Chrome/142.0.7444.163 Safari/537.36"
4.204.72.49 - - [01/Aug/2026:15:14:18 -0600] "GET /wp-content/themes/jannah/assets/css/widgets.min.css?ver=7.4.1 HTTP/1.1" 200 46683 "https://dashtyfoundation.org/" "Mozilla/5.0 (Windows NT 10.0; Win64; x64) AppleWebKit/537.36 (KHTML, like Gecko) Chrome/142.0.7444.163 Safari/537.36"
4.204.72.49 - - [01/Aug/2026:15:14:18 -0600] "GET /wp-content/themes/jannah/assets/css/style.min.css?ver=7.4.1 HTTP/1.1" 200 143429 "https://dashtyfoundation.org/" "Mozilla/5.0 (Windows NT 10.0; Win64; x64) AppleWebKit/537.36 (KHTML, like Gecko) Chrome/142.0.7444.163 Safari/537.36"
4.204.72.49 - - [01/Aug/2026:15:14:18 -0600] "GET /wp-content/themes/jannah/assets/css/helpers.min.css?ver=7.4.1 HTTP/1.1" 200 33686 "https://dashtyfoundation.org/" "Mozilla/5.0 (Windows NT 10.0; Win64; x64) AppleWebKit/537.36 (KHTML, like Gecko) Chrome/142.0.7444.163 Safari/537.36"
4.204.72.49 - - [01/Aug/2026:15:14:18 -0600] "GET /wp-content/themes/jannah/assets/css/fontawesome.css?ver=7.4.1 HTTP/1.1" 200 58662 "https://dashtyfoundation.org/" "Mozilla/5.0 (Windows NT 10.0; Win64; x64) AppleWebKit/537.36 (KHTML, like Gecko) Chrome/142.0.7444.163 Safari/537.36"
4.204.72.49 - - [01/Aug/2026:15:14:18 -0600] "GET /wp-includes/js/jquery/jquery-migrate.min.js?ver=3.4.1 HTTP/1.1" 200 13577 "https://dashtyfoundation.org/" "Mozilla/5.0 (Windows NT 10.0; Win64; x64) AppleWebKit/537.36 (KHTML, like Gecko) Chrome/142.0.7444.163 Safari/537.36"
4.204.72.49 - - [01/Aug/2026:15:14:18 -0600] "GET /wp-includes/js/jquery/jquery.min.js?ver=3.7.1 HTTP/1.1" 200 87553 "https://dashtyfoundation.org/" "Mozilla/5.0 (Windows NT 10.0; Win64; x64) AppleWebKit/537.36 (KHTML, like Gecko) Chrome/142.0.7444.163 Safari/537.36"
4.204.72.49 - - [01/Aug/2026:15:14:18 -0600] "GET /wp-content/uploads/2023/03/FahimDashtyLogo.svg HTTP/1.1" 200 433097 "https://dashtyfoundation.org/" "Mozilla/5.0 (Windows NT 10.0; Win64; x64) AppleWebKit/537.36 (KHTML, like Gecko) Chrome/142.0.7444.163 Safari/537.36"
4.204.72.49 - - [01/Aug/2026:15:14:18 -0600] "GET /wp-content/uploads/2023/08/logo-transparent.png HTTP/1.1" 200 1743596 "https://dashtyfoundation.org/" "Mozilla/5.0 (Windows NT 10.0; Win64; x64) AppleWebKit/537.36 (KHTML, like Gecko) Chrome/142.0.7444.163 Safari/537.36"
4.204.72.49 - - [01/Aug/2026:15:14:19 -0600] "GET /wp-content/themes/jannah/assets/js/desktop.min.js?ver=7.4.1 HTTP/1.1" 200 18209 "https://dashtyfoundation.org/" "Mozilla/5.0 (Windows NT 10.0; Win64; x64) AppleWebKit/537.36 (KHTML, like Gecko) Chrome/142.0.7444.163 Safari/537.36"
4.204.72.49 - - [01/Aug/2026:15:14:19 -0600] "GET /wp-content/themes/jannah/assets/js/sliders.min.js?ver=7.4.1 HTTP/1.1" 200 49319 "https://dashtyfoundation.org/" "Mozilla/5.0 (Windows NT 10.0; Win64; x64) AppleWebKit/537.36 (KHTML, like Gecko) Chrome/142.0.7444.163 Safari/537.36"
4.204.72.49 - - [01/Aug/2026:15:14:19 -0600] "GET /wp-content/themes/jannah/assets/js/scripts.min.js?ver=7.4.1 HTTP/1.1" 200 23658 "https://dashtyfoundation.org/" "Mozilla/5.0 (Windows NT 10.0; Win64; x64) AppleWebKit/537.36 (KHTML, like Gecko) Chrome/142.0.7444.163 Safari/537.36"
4.204.72.49 - - [01/Aug/2026:15:14:19 -0600] "GET /wp-content/themes/jannah/assets/js/br-news.js?ver=7.4.1 HTTP/1.1" 200 5594 "https://dashtyfoundation.org/" "Mozilla/5.0 (Windows NT 10.0; Win64; x64) AppleWebKit/537.36 (KHTML, like Gecko) Chrome/142.0.7444.163 Safari/537.36"
4.204.72.49 - - [01/Aug/2026:15:14:19 -0600] "GET /wp-content/uploads/2025/06/GtmOYy6XAAAZov6.jpg HTTP/1.1" 200 250492 "https://dashtyfoundation.org/" "Mozilla/5.0 (Windows NT 10.0; Win64; x64) AppleWebKit/537.36 (KHTML, like Gecko) Chrome/142.0.7444.163 Safari/537.36"
4.204.72.49 - - [01/Aug/2026:15:14:19 -0600] "GET /wp-content/themes/jannah/assets/fonts/tielabs-fonticon/tielabs-fonticon.woff2?ciufdj1 HTTP/1.1" 200 20752 "https://dashtyfoundation.org/wp-content/themes/jannah/assets/css/helpers.min.css?ver=7.4.1" "Mozilla/5.0 (Windows NT 10.0; Win64; x64) AppleWebKit/537.36 (KHTML, like Gecko) Chrome/142.0.7444.163 Safari/537.36"
4.204.72.49 - - [01/Aug/2026:15:14:19 -0600] "GET /wp-content/uploads/2024/03/IMG-20240315-WA0040-1.jpg HTTP/1.1" 200 252459 "https://dashtyfoundation.org/" "Mozilla/5.0 (Windows NT 10.0; Win64; x64) AppleWebKit/537.36 (KHTML, like Gecko) Chrome/142.0.7444.163 Safari/537.36"
4.204.72.49 - - [01/Aug/2026:15:14:19 -0600] "GET /wp-content/uploads/2025/03/GlvK9s4W8AAJzz8.jpg HTTP/1.1" 200 319120 "https://dashtyfoundation.org/" "Mozilla/5.0 (Windows NT 10.0; Win64; x64) AppleWebKit/537.36 (KHTML, like Gecko) Chrome/142.0.7444.163 Safari/537.36"
4.204.72.49 - - [01/Aug/2026:15:14:19 -0600] "GET /wp-content/uploads/2025/03/Gl-Hci1WYAAEvtS.jpg HTTP/1.1" 200 538388 "https://dashtyfoundation.org/" "Mozilla/5.0 (Windows NT 10.0; Win64; x64) AppleWebKit/537.36 (KHTML, like Gecko) Chrome/142.0.7444.163 Safari/537.36"
4.204.72.49 - - [01/Aug/2026:15:14:20 -0600] "GET /wp-content/uploads/2023/09/khilvatgar-750x470.jpg HTTP/1.1" 200 55955 "https://dashtyfoundation.org/" "Mozilla/5.0 (Windows NT 10.0; Win64; x64) AppleWebKit/537.36 (KHTML, like Gecko) Chrome/142.0.7444.163 Safari/537.36"
4.204.72.49 - - [01/Aug/2026:15:14:20 -0600] "GET /wp-content/uploads/2023/10/0101.jpg HTTP/1.1" 200 842030 "https://dashtyfoundation.org/" "Mozilla/5.0 (Windows NT 10.0; Win64; x64) AppleWebKit/537.36 (KHTML, like Gecko) Chrome/142.0.7444.163 Safari/537.36"
4.204.72.49 - - [01/Aug/2026:15:14:19 -0600] "GET /wp-content/uploads/2023/09/10024462035_870f940d77_o.jpg HTTP/1.1" 200 211877 "https://dashtyfoundation.org/" "Mozilla/5.0 (Windows NT 10.0; Win64; x64) AppleWebKit/537.36 (KHTML, like Gecko) Chrome/142.0.7444.163 Safari/537.36"
4.204.72.49 - - [01/Aug/2026:15:14:19 -0600] "GET /wp-content/uploads/2024/11/IMGL0225-scaled.jpg HTTP/1.1" 200 561457 "https://dashtyfoundation.org/" "Mozilla/5.0 (Windows NT 10.0; Win64; x64) AppleWebKit/537.36 (KHTML, like Gecko) Chrome/142.0.7444.163 Safari/537.36"
4.204.72.49 - - [01/Aug/2026:15:14:20 -0600] "GET /wp-content/uploads/2023/09/IMG_0019.jpg HTTP/1.1" 200 680777 "https://dashtyfoundation.org/" "Mozilla/5.0 (Windows NT 10.0; Win64; x64) AppleWebKit/537.36 (KHTML, like Gecko) Chrome/142.0.7444.163 Safari/537.36"
4.204.72.49 - - [01/Aug/2026:15:14:20 -0600] "GET /wp-content/uploads/2025/06/GtmOYy6XAAAZov6-780x470.jpg HTTP/1.1" 200 67870 "https://dashtyfoundation.org/" "Mozilla/5.0 (Windows NT 10.0; Win64; x64) AppleWebKit/537.36 (KHTML, like Gecko) Chrome/142.0.7444.163 Safari/537.36"
4.204.72.49 - - [01/Aug/2026:15:14:20 -0600] "GET /wp-content/uploads/2025/03/Gl-Hci1WYAAEvtS-780x470.jpg HTTP/1.1" 200 76833 "https://dashtyfoundation.org/" "Mozilla/5.0 (Windows NT 10.0; Win64; x64) AppleWebKit/537.36 (KHTML, like Gecko) Chrome/142.0.7444.163 Safari/537.36"
4.204.72.49 - - [01/Aug/2026:15:14:20 -0600] "GET /wp-content/uploads/2025/03/GlvK9s4W8AAJzz8-780x470.jpg HTTP/1.1" 200 70422 "https://dashtyfoundation.org/" "Mozilla/5.0 (Windows NT 10.0; Win64; x64) AppleWebKit/537.36 (KHTML, like Gecko) Chrome/142.0.7444.163 Safari/537.36"
4.204.72.49 - - [01/Aug/2026:15:14:20 -0600] "GET /wp-content/uploads/2024/11/IMGL0225-780x470.jpg HTTP/1.1" 200 110373 "https://dashtyfoundation.org/" "Mozilla/5.0 (Windows NT 10.0; Win64; x64) AppleWebKit/537.36 (KHTML, like Gecko) Chrome/142.0.7444.163 Safari/537.36"
4.204.72.49 - - [01/Aug/2026:15:14:20 -0600] "GET /wp-content/uploads/2024/03/IMG-20240315-WA0040-1-780x470.jpg HTTP/1.1" 200 46085 "https://dashtyfoundation.org/" "Mozilla/5.0 (Windows NT 10.0; Win64; x64) AppleWebKit/537.36 (KHTML, like Gecko) Chrome/142.0.7444.163 Safari/537.36"
4.204.72.49 - - [01/Aug/2026:15:14:20 -0600] "GET /wp-content/uploads/2023/10/0101-780x470.jpg HTTP/1.1" 200 82290 "https://dashtyfoundation.org/" "Mozilla/5.0 (Windows NT 10.0; Win64; x64) AppleWebKit/537.36 (KHTML, like Gecko) Chrome/142.0.7444.163 Safari/537.36"
4.204.72.49 - - [01/Aug/2026:15:14:20 -0600] "GET /wp-content/uploads/2023/10/%D9%85%D9%87%D8%B1%D8%AC%D9%88%DB%8C%DB%8C-780x470.jpg HTTP/1.1" 200 64623 "https://dashtyfoundation.org/" "Mozilla/5.0 (Windows NT 10.0; Win64; x64) AppleWebKit/537.36 (KHTML, like Gecko) Chrome/142.0.7444.163 Safari/537.36"
4.204.72.49 - - [01/Aug/2026:15:14:20 -0600] "GET /wp-content/uploads/2023/10/1930081.jpg HTTP/1.1" 200 44362 "https://dashtyfoundation.org/" "Mozilla/5.0 (Windows NT 10.0; Win64; x64) AppleWebKit/537.36 (KHTML, like Gecko) Chrome/142.0.7444.163 Safari/537.36"
4.204.72.49 - - [01/Aug/2026:15:14:20 -0600] "GET /wp-content/uploads/2023/06/240950794_581803939901383_8914588222843797146_n-780x470.jpg HTTP/1.1" 200 44367 "https://dashtyfoundation.org/" "Mozilla/5.0 (Windows NT 10.0; Win64; x64) AppleWebKit/537.36 (KHTML, like Gecko) Chrome/142.0.7444.163 Safari/537.36"
4.204.72.49 - - [01/Aug/2026:15:14:20 -0600] "GET /wp-content/uploads/2023/09/download.jpg HTTP/1.1" 200 5488 "https://dashtyfoundation.org/" "Mozilla/5.0 (Windows NT 10.0; Win64; x64) AppleWebKit/537.36 (KHTML, like Gecko) Chrome/142.0.7444.163 Safari/537.36"
4.204.72.49 - - [01/Aug/2026:15:14:20 -0600] "GET /wp-content/uploads/2023/09/375896946_10222294219974491_7494594481461386594_n-780x470.jpg HTTP/1.1" 200 58931 "https://dashtyfoundation.org/" "Mozilla/5.0 (Windows NT 10.0; Win64; x64) AppleWebKit/537.36 (KHTML, like Gecko) Chrome/142.0.7444.163 Safari/537.36"
4.204.72.49 - - [01/Aug/2026:15:14:20 -0600] "GET /wp-content/uploads/2023/09/%D8%AE%D8%A7%D9%84%D8%AF%D9%87-%D9%81%D8%B1%D9%88%D8%BA%DB%B2%DB%B2-780x470.jpg HTTP/1.1" 200 80713 "https://dashtyfoundation.org/" "Mozilla/5.0 (Windows NT 10.0; Win64; x64) AppleWebKit/537.36 (KHTML, like Gecko) Chrome/142.0.7444.163 Safari/537.36"
4.204.72.49 - - [01/Aug/2026:15:14:20 -0600] "GET /wp-content/uploads/2023/09/IMG-20230910-WA0000-640x470.jpg HTTP/1.1" 200 30630 "https://dashtyfoundation.org/" "Mozilla/5.0 (Windows NT 10.0; Win64; x64) AppleWebKit/537.36 (KHTML, like Gecko) Chrome/142.0.7444.163 Safari/537.36"
4.204.72.49 - - [01/Aug/2026:15:14:20 -0600] "GET /wp-content/uploads/2023/09/IMG_0019-780x470.jpg HTTP/1.1" 200 56695 "https://dashtyfoundation.org/" "Mozilla/5.0 (Windows NT 10.0; Win64; x64) AppleWebKit/537.36 (KHTML, like Gecko) Chrome/142.0.7444.163 Safari/537.36"
4.204.72.49 - - [01/Aug/2026:15:14:20 -0600] "GET /wp-content/uploads/2023/08/cropped-logo-transparent-32x32.png HTTP/1.1" 200 2983 "https://dashtyfoundation.org/" "Mozilla/5.0 (Windows NT 10.0; Win64; x64) AppleWebKit/537.36 (KHTML, like Gecko) Chrome/142.0.7444.163 Safari/537.36"
4.204.72.49 - - [01/Aug/2026:15:14:20 -0600] "GET /wp-includes/js/wp-emoji-release.min.js?ver=7.0.2 HTTP/1.1" 200 22752 "https://dashtyfoundation.org/" "Mozilla/5.0 (Windows NT 10.0; Win64; x64) AppleWebKit/537.36 (KHTML, like Gecko) Chrome/142.0.7444.163 Safari/537.36"
216.73.216.122 - - [01/Aug/2026:15:17:07 -0600] "GET /robots.txt HTTP/1.1" 200 121 "-" "Mozilla/5.0 AppleWebKit/537.36 (KHTML, like Gecko; compatible; ClaudeBot/1.0; +claudebot@anthropic.com)"
216.73.216.122 - - [01/Aug/2026:15:17:08 -0600] "GET /xmlrpc.php HTTP/1.1" 405 42 "-" "Mozilla/5.0 AppleWebKit/537.36 (KHTML, like Gecko; compatible; ClaudeBot/1.0; +claudebot@anthropic.com)"
216.73.216.122 - - [01/Aug/2026:15:17:09 -0600] "GET /gallery/ HTTP/1.1" 200 59898 "-" "Mozilla/5.0 AppleWebKit/537.36 (KHTML, like Gecko; compatible; ClaudeBot/1.0; +claudebot@anthropic.com)"
216.73.216.122 - - [01/Aug/2026:15:17:16 -0600] "GET /feed/ HTTP/1.1" 200 143307 "-" "Mozilla/5.0 AppleWebKit/537.36 (KHTML, like Gecko; compatible; ClaudeBot/1.0; +claudebot@anthropic.com)"
216.73.216.122 - - [01/Aug/2026:15:17:16 -0600] "GET /projects/ HTTP/1.1" 200 63903 "-" "Mozilla/5.0 AppleWebKit/537.36 (KHTML, like Gecko; compatible; ClaudeBot/1.0; +claudebot@anthropic.com)"
216.73.216.122 - - [01/Aug/2026:15:17:30 -0600] "GET /about-us/ HTTP/1.1" 200 72797 "-" "Mozilla/5.0 AppleWebKit/537.36 (KHTML, like Gecko; compatible; ClaudeBot/1.0; +claudebot@anthropic.com)"
216.73.216.122 - - [01/Aug/2026:15:17:30 -0600] "GET /comments/feed/ HTTP/1.1" 200 751 "-" "Mozilla/5.0 AppleWebKit/537.36 (KHTML, like Gecko; compatible; ClaudeBot/1.0; +claudebot@anthropic.com)"
216.73.216.122 - - [01/Aug/2026:15:17:36 -0600] "GET /videos/ HTTP/1.1" 200 65739 "-" "Mozilla/5.0 AppleWebKit/537.36 (KHTML, like Gecko; compatible; ClaudeBot/1.0; +claudebot@anthropic.com)"
216.73.216.122 - - [01/Aug/2026:15:17:37 -0600] "GET /news/ HTTP/1.1" 200 98953 "-" "Mozilla/5.0 AppleWebKit/537.36 (KHTML, like Gecko; compatible; ClaudeBot/1.0; +claudebot@anthropic.com)"
216.73.216.122 - - [01/Aug/2026:15:18:07 -0600] "GET /media-watch/ HTTP/1.1" 200 79432 "-" "Mozilla/5.0 AppleWebKit/537.36 (KHTML, like Gecko; compatible; ClaudeBot/1.0; +claudebot@anthropic.com)"
216.73.216.122 - - [01/Aug/2026:15:18:08 -0600] "GET /contact-us/ HTTP/1.1" 200 58876 "-" "Mozilla/5.0 AppleWebKit/537.36 (KHTML, like Gecko; compatible; ClaudeBot/1.0; +claudebot@anthropic.com)"
216.73.216.122 - - [01/Aug/2026:15:18:16 -0600] "GET /dashty-a-journalist-on-the-front-line/ HTTP/1.1" 200 85639 "-" "Mozilla/5.0 AppleWebKit/537.36 (KHTML, like Gecko; compatible; ClaudeBot/1.0; +claudebot@anthropic.com)"
216.73.216.122 - - [01/Aug/2026:15:18:17 -0600] "GET /a-promise-with-dashty/ HTTP/1.1" 200 81604 "-" "Mozilla/5.0 AppleWebKit/537.36 (KHTML, like Gecko; compatible; ClaudeBot/1.0; +claudebot@anthropic.com)"
216.73.216.122 - - [01/Aug/2026:15:19:08 -0600] "GET /sayara-dashty-receives-king-charles-iii-coronation-medal-sayara-dashty/ HTTP/1.1" 200 81983 "-" "Mozilla/5.0 AppleWebKit/537.36 (KHTML, like Gecko; compatible; ClaudeBot/1.0; +claudebot@anthropic.com)"
216.73.216.122 - - [01/Aug/2026:15:19:09 -0600] "GET /%d9%be%d8%b3-%d8%b9%d8%af%d9%85-%da%af%d8%b1%d8%af%d9%85/ HTTP/1.1" 200 269467 "-" "Mozilla/5.0 AppleWebKit/537.36 (KHTML, like Gecko; compatible; ClaudeBot/1.0; +claudebot@anthropic.com)"
216.73.216.122 - - [01/Aug/2026:15:19:20 -0600] "GET /%d8%a7%d8%b9%d9%84%d8%a7%d9%85%db%8c%d9%87-%d9%85%d8%b7%d8%a8%d9%88%d8%b9%d8%a7%d8%aa%db%8c/ HTTP/1.1" 200 109373 "-" "Mozilla/5.0 AppleWebKit/537.36 (KHTML, like Gecko; compatible; ClaudeBot/1.0; +claudebot@anthropic.com)"
216.73.216.122 - - [01/Aug/2026:15:19:28 -0600] "GET /the-director-of-fdf-met-with-journalists-in-london-uk/ HTTP/1.1" 200 80930 "-" "Mozilla/5.0 AppleWebKit/537.36 (KHTML, like Gecko; compatible; ClaudeBot/1.0; +claudebot@anthropic.com)"
216.73.216.122 - - [01/Aug/2026:15:20:11 -0600] "GET /%d8%b1%d9%81%db%8c%d9%82%db%8c-%d8%a7%d8%b3%d8%aa%d9%88%d8%a7%d8%b1%d8%8c-%d9%87%d9%85%db%8c%d8%a7%d8%b1-%d9%88-%d8%a8%d8%a7-%d8%ab%d8%a8%d8%a7%d8%aa/ HTTP/1.1" 200 129134 "-" "Mozilla/5.0 AppleWebKit/537.36 (KHTML, like Gecko; compatible; ClaudeBot/1.0; +claudebot@anthropic.com)"
216.73.216.122 - - [01/Aug/2026:15:20:19 -0600] "GET /%d9%86%d8%a7%d9%85%d9%87%db%8c-%d8%ac%d9%85%d8%b9%db%8c-%d8%a7%d8%b2-%d9%81%d8%b9%d8%a7%d9%84%d8%a7%d9%86-%d9%85%d8%af%d9%86%db%8c-%d9%88-%d8%b1%d9%88%d8%b2%d9%86%d8%a7%d9%85%d9%87/ HTTP/1.1" 200 204701 "-" "Mozilla/5.0 AppleWebKit/537.36 (KHTML, like Gecko; compatible; ClaudeBot/1.0; +claudebot@anthropic.com)"
216.73.216.122 - - [01/Aug/2026:15:20:31 -0600] "GET /%d8%a8%d9%86%db%8c%d8%a7%d8%af-%d9%85%d8%ad%d9%85%d8%af-%d9%81%d9%87%db%8c%d9%85-%d8%af%d8%b4%d8%aa%db%8c-%d9%86%d8%b4%d8%b3%d8%aa%db%8c-%d8%ad%d8%b6%d9%88%d8%b1%db%8c-%d9%88-%d8%a2%d9%86%d9%84-2/ HTTP/1.1" 200 111956 "-" "Mozilla/5.0 AppleWebKit/537.36 (KHTML, like Gecko; compatible; ClaudeBot/1.0; +claudebot@anthropic.com)"
216.73.216.122 - - [01/Aug/2026:15:21:11 -0600] "GET /%d9%be%db%8c%d8%a7%d9%85-%d8%ac%d9%85%d8%b9%db%8c-%d8%a7%d8%b2-%d8%b3%db%8c%d9%86%d9%85%d8%a7%da%af%d8%b1%d8%a7%d9%86-%d9%88-%d9%81%d8%b1%d9%87%d9%86%da%af%db%8c%d8%a7%d9%86-%d8%a7%d9%81%d8%ba%d8%a7/ HTTP/1.1" 200 122789 "-" "Mozilla/5.0 AppleWebKit/537.36 (KHTML, like Gecko; compatible; ClaudeBot/1.0; +claudebot@anthropic.com)"
216.73.216.122 - - [01/Aug/2026:15:21:25 -0600] "GET /%d8%a8%d9%86%db%8c%d8%a7%d8%af-%d9%85%d8%ad%d9%85%d8%af-%d9%81%d9%87%db%8c%d9%85-%d8%af%d8%b4%d8%aa%db%8c-%d9%86%d8%b4%d8%b3%d8%aa%db%8c-%d8%ad%d8%b6%d9%88%d8%b1%db%8c-%d9%88-%d8%a2%d9%86%d9%84%d8%a7/ HTTP/1.1" 200 149592 "-" "Mozilla/5.0 AppleWebKit/537.36 (KHTML, like Gecko; compatible; ClaudeBot/1.0; +claudebot@anthropic.com)"
