Brotherline AnonSec • Shell
SRV 162.240.68.55 YOU 216.73.216.232 USER tywatomy (1003) 7.4.33 DOMAINS 6 Domains
MySQL cURL WGET Perl Python Sudo
Disabled: exec,passthru,shell_exec,system  •  OS: Linux server.ariapress.org 3.10.0-1160.119.1.el7.tuxcare.els22.x86_64 #1 SMP Mon Aug 18 06:07:12 UTC 2025 x86_64  •  Webserver: Apache
/home/tywatomy/access-logs/ariapress.org-ssl_log
35.95.115.185 - - [02/Aug/2026:06:02:07 -0600] "GET / HTTP/1.1" 200 204262 "-" "Mozilla/5.0 (X11; Ubuntu; Linux x86_64; rv:80.0) Gecko/20100101 Firefox/80.0"
116.179.32.26 - - [02/Aug/2026:06:02:09 -0600] "GET /%D8%B4%DB%8C%D9%BE%D9%88%D8%B1-%D8%AC%D9%86%DA%AF-%D8%AF%D8%B1-%D8%A8%D9%84%D8%AE%D8%A7%D8%A8-%D8%A8%D9%87-%D8%B5%D8%AF%D8%A7-%D8%AF%D8%B1-%D8%A2%D9%85%D8%AF/ HTTP/1.1" 200 230932 "-" "Mozilla/5.0 (compatible; Baiduspider/2.0; +http://www.baidu.com/search/spider.html)"
20.15.164.165 - - [02/Aug/2026:06:02:12 -0600] "GET / HTTP/1.0" 301 - "-" "-"
116.179.37.76 - - [02/Aug/2026:06:02:20 -0600] "GET /wp-content/uploads/2023/02/%D8%B9%DA%A9%D8%B3-%D9%86%D8%B8%D8%B1-%D8%B3%D9%86%D8%AC%DB%8C-390x220.jpg HTTP/1.1" 200 17457 "https://ariapress.org/%D8%B4%DB%8C%D9%BE%D9%88%D8%B1-%D8%AC%D9%86%DA%AF-%D8%AF%D8%B1-%D8%A8%D9%84%D8%AE%D8%A7%D8%A8-%D8%A8%D9%87-%D8%B5%D8%AF%D8%A7-%D8%AF%D8%B1-%D8%A2%D9%85%D8%AF/" "Mozilla/5.0 (compatible; Baiduspider-render/2.0; +http://www.baidu.com/search/spider.html)"
116.179.37.41 - - [02/Aug/2026:06:02:20 -0600] "GET /wp-content/themes/jannah/assets/js/live-search.js?ver=7.4.1 HTTP/1.1" 200 14601 "https://ariapress.org/%D8%B4%DB%8C%D9%BE%D9%88%D8%B1-%D8%AC%D9%86%DA%AF-%D8%AF%D8%B1-%D8%A8%D9%84%D8%AE%D8%A7%D8%A8-%D8%A8%D9%87-%D8%B5%D8%AF%D8%A7-%D8%AF%D8%B1-%D8%A2%D9%85%D8%AF/" "Mozilla/5.0 (compatible; Baiduspider-render/2.0; +http://www.baidu.com/search/spider.html)"
23.23.213.182 - - [02/Aug/2026:06:03:02 -0600] "GET /category/%D8%AA%D8%A7%D8%B1%DB%8C%D8%AE-%D9%85/feed/ HTTP/1.1" 200 454051 "-" "Mozilla/5.0 AppleWebKit/537.36 (KHTML, like Gecko; compatible; Amazonbot/0.1; +https://developer.amazon.com/support/amazonbot) Chrome/119.0.6045.214 Safari/537.36"
216.74.86.2 - - [02/Aug/2026:06:04:12 -0600] "GET /wp-content/uploads/2022/04/b58fc666c5888ee1c8a634414ab665f8-300x199.jpg HTTP/1.1" 200 9247 "https://ariapress.org/%D9%85%D8%B3%D8%B9%D9%88%D8%AF-%D9%82%D9%87%D8%B1%D9%85%D8%A7%D9%86-%D8%A7%D8%B3%D9%84%D8%A7%D9%85/" "Mozilla/5.0 (Macintosh; Intel Mac OS X 10_15_7) AppleWebKit/537.36 (KHTML, like Gecko) Chrome/131.0.0.0 Safari/537.36"
45.146.55.162 - - [02/Aug/2026:06:04:49 -0600] "POST /wp-login.php HTTP/1.1" 503 18944 "-" "Mozilla/5.0 (Windows NT 10.0; Win64; x64) AppleWebKit/537.36 Chrome/129.0.0.0 Safari/537.36"
34.78.111.66 - - [02/Aug/2026:06:05:05 -0600] "GET / HTTP/1.1" 301 - "-" "python-requests/2.32.5"
162.240.68.55 - - [02/Aug/2026:06:05:30 -0600] "POST /wp-cron.php?doing_wp_cron=1785672330.2403249740600585937500 HTTP/1.1" 200 - "-" "WordPress/7.0.2; https://ariapress.org"
35.91.187.186 - - [02/Aug/2026:06:05:26 -0600] "GET / HTTP/1.1" 200 204262 "-" "Mozilla/5.0 (X11; Ubuntu; Linux x86_64; rv:80.0) Gecko/20100101 Firefox/80.0"
20.250.6.131 - - [02/Aug/2026:06:06:25 -0600] "GET /%D8%B4%DA%A9%D8%B3%D8%AA-%D9%87%D8%A7%DB%8C-%D9%BE%DB%8C-%D8%AF%D8%B1-%D9%BE%DB%8C-%D8%B7%D8%A7%D9%84%D8%A8%D8%A7%D9%86-%D8%AF%D8%B1-%D9%BE%D8%AC%D8%B4%DB%8C%D8%B1/ HTTP/1.1" 200 197079 "-" "Mozilla/5.0 AppleWebKit/537.36 (KHTML, like Gecko); compatible; ChatGPT-User/1.0; +https://openai.com/bot"
162.240.68.55 - - [02/Aug/2026:06:06:42 -0600] "POST /wp-cron.php?doing_wp_cron=1785672402.2086780071258544921875 HTTP/1.1" 200 - "-" "WordPress/7.0.2; https://ariapress.org"
52.167.144.142 - - [02/Aug/2026:06:06:39 -0600] "GET /%D9%85%D9%87%D8%AF%DB%8C-%D8%A8%D9%84%D8%AE%D8%A7%D8%A8%DB%8C-%D9%82%D8%B1%D8%A8%D8%A7%D9%86%DB%8C-%D8%AE%DB%8C%D8%A7%D9%86%D8%AA-%D8%AD%D8%B1%DB%8C%D9%81%D8%A7%D9%86/ HTTP/1.1" 200 225227 "-" "Mozilla/5.0 AppleWebKit/537.36 (KHTML, like Gecko; compatible; bingbot/2.0; +http://www.bing.com/bingbot.htm) Chrome/116.0.1938.76 Safari/537.36"
51.107.70.207 - - [02/Aug/2026:06:07:03 -0600] "GET /%D8%B8%D9%87%D9%88%D8%B1-%D9%88-%D8%B2%D9%88%D8%A7%D9%84-%D8%AD%D8%B2%D8%A8-%D8%AF%D9%85%D9%88%DA%A9%D8%B1%D8%A7%D8%AA%DB%8C%DA%A9-%D8%AE%D9%84%D9%82-%D8%A7%D9%81%D8%BA%D8%A7%D9%86%D8%B3%D8%AA%D8%A7/ HTTP/1.1" 200 195376 "-" "Mozilla/5.0 AppleWebKit/537.36 (KHTML, like Gecko); compatible; ChatGPT-User/1.0; +https://openai.com/bot"
35.86.154.181 - - [02/Aug/2026:06:07:29 -0600] "GET /robots.txt HTTP/1.1" 200 159 "-" "Mozilla/5.0 (X11; Ubuntu; Linux x86_64; rv:80.0) Gecko/20100101 Firefox/80.0"
74.7.175.169 - - [02/Aug/2026:06:07:31 -0600] "GET /robots.txt HTTP/1.1" 200 159 "-" "Mozilla/5.0 (Macintosh; Intel Mac OS X 10_15_7) AppleWebKit/537.36 (KHTML, like Gecko) Chrome/131.0.0.0 Safari/537.36; compatible; OAI-SearchBot/1.4; robots.txt; +https://openai.com/searchbot"
35.86.154.181 - - [02/Aug/2026:06:07:32 -0600] "GET / HTTP/1.1" 200 204262 "-" "Mozilla/5.0 (X11; Ubuntu; Linux x86_64; rv:80.0) Gecko/20100101 Firefox/80.0"
91.232.238.69 - - [02/Aug/2026:06:08:44 -0600] "GET /%D9%85%D8%B3%D8%B9%D9%88%D8%AF-%D9%82%D9%87%D8%B1%D9%85%D8%A7%D9%86-%D8%A7%D8%B3%D9%84%D8%A7%D9%85/ HTTP/1.1" 200 379300 "-" "Mozilla/5.0 (Macintosh; Intel Mac OS X 13_5_2) AppleWebKit/537.36 (KHTML, like Gecko) Chrome/132.0.6834.110 Safari/537.36"
52.167.144.142 - - [02/Aug/2026:06:09:00 -0600] "GET /%D8%A8%D8%A7%D8%B2%DB%8C-%D9%82%D8%AF%D8%B1%D8%AA-%D8%B1%D9%88%D8%B3%DB%8C%D9%87-%D8%AF%D8%B1-%D8%A7%D9%81%D8%BA%D8%A7%D9%86%D8%B3%D8%AA%D8%A7%D9%86%D9%90-%D9%BE%D8%B3-%D8%A7%D8%B2-%D8%BA%D8%B1%D8%A8/ HTTP/1.1" 200 257014 "-" "Mozilla/5.0 AppleWebKit/537.36 (KHTML, like Gecko; compatible; bingbot/2.0; +http://www.bing.com/bingbot.htm) Chrome/116.0.1938.76 Safari/537.36"
185.213.11.86 - - [02/Aug/2026:06:10:05 -0600] "GET /?feed=rss2 HTTP/1.1" 301 - "-" "-"
185.213.11.86 - - [02/Aug/2026:06:10:09 -0600] "GET /feed/ HTTP/1.1" 200 269771 "-" "-"
104.253.129.207 - - [02/Aug/2026:06:10:22 -0600] "GET /%d8%a8%d8%b3%d8%aa%d9%87-%d8%b4%d8%af%d9%86-%db%8c%da%a9-%d9%85%d9%88%d8%b3%d8%b3%d9%87-%d8%a2%d9%85%d9%88%d8%b2%d8%b4%db%8c-%d8%aa%d9%88%d8%b3%d8%b7-%d8%b7%d8%a7%d9%84%d8%a8%d8%a7%d9%86/ HTTP/1.1" 200 193860 "-" "Mozilla/5.0 (Macintosh; Intel Mac OS X 10_15_7) AppleWebKit/537.36 (KHTML, like Gecko) Chrome/148.0.0.0 Safari/537.36"
5.119.241.170 - - [02/Aug/2026:06:10:29 -0600] "GET /wp-content/uploads/2022/04/21314849_870186689814894_8401085605154231093_n-390x220.jpg HTTP/1.1" 200 21487 "https://www.google.com/" "Mozilla/5.0 (Linux; Android 10; K) AppleWebKit/537.36 (KHTML, like Gecko) SamsungBrowser/28.0 Chrome/130.0.0.0 Mobile Safari/537.36"
85.208.96.204 - - [02/Aug/2026:06:10:33 -0600] "GET /robots.txt HTTP/1.1" 200 159 "-" "Mozilla/5.0 (compatible; SemrushBot/7~bl; +http://www.semrush.com/bot.html)"
162.240.68.55 - - [02/Aug/2026:06:10:39 -0600] "POST /wp-cron.php?doing_wp_cron=1785672639.4061369895935058593750 HTTP/1.1" 200 - "-" "WordPress/7.0.2; https://ariapress.org"
85.208.96.196 - - [02/Aug/2026:06:10:36 -0600] "GET /category/%DA%A9%D8%AA%D8%A7%D8%A8%D8%AE%D8%A7%D9%86%D9%87-%D9%85/%D8%B1%D9%88%D8%A7%D9%86%DA%A9%D8%A7%D9%88%DB%8C/ HTTP/1.1" 200 154161 "-" "Mozilla/5.0 (compatible; SemrushBot/7~bl; +http://www.semrush.com/bot.html)"
5.119.241.170 - - [02/Aug/2026:06:10:42 -0600] "GET /tag/%D8%A7%D8%B3%D8%A7%D9%85%D9%87-%D8%A8%D9%86-%D9%84%D8%A7%D8%AF%D9%86/ HTTP/1.1" 200 139248 "https://www.google.com/" "Mozilla/5.0 (Linux; Android 10; K) AppleWebKit/537.36 (KHTML, like Gecko) SamsungBrowser/28.0 Chrome/130.0.0.0 Mobile Safari/537.36"
35.91.187.186 - - [02/Aug/2026:06:10:44 -0600] "GET /robots.txt HTTP/1.1" 200 159 "-" "Mozilla/5.0 (X11; Ubuntu; Linux x86_64; rv:80.0) Gecko/20100101 Firefox/80.0"
35.91.187.186 - - [02/Aug/2026:06:10:48 -0600] "GET / HTTP/1.1" 200 204262 "-" "Mozilla/5.0 (X11; Ubuntu; Linux x86_64; rv:80.0) Gecko/20100101 Firefox/80.0"
141.95.54.157 - - [02/Aug/2026:06:10:52 -0600] "GET /%D8%A8%D8%B1%DA%AF%D8%B2%D8%A7%D8%B1%DB%8C-%D9%85%D8%B1%D8%A7%D8%B3%D9%85-%D8%AA%D8%AF%D9%81%DB%8C%D9%86-%D9%81%D8%B1%D9%85%D8%A7%D9%86%D8%AF%D9%87-%D8%B9%D8%A8%D8%AF%D8%A7%D9%84%D8%AD%D9%85%DB%8C/ HTTP/1.1" 200 208663 "-" "Mozilla/5.0 (Windows NT 10.0; Win64; x64) AppleWebKit/537.36 (KHTML, like Gecko) Chrome/148.0.0.0 Safari/537.36"
162.240.68.55 - - [02/Aug/2026:06:10:59 -0600] "POST /wp-cron.php?doing_wp_cron=1785672659.0661590099334716796875 HTTP/1.1" 200 - "-" "WordPress/7.0.2; https://ariapress.org"
51.75.23.120 - - [02/Aug/2026:06:10:56 -0600] "GET /tag/%D8%B9%D8%A8%D8%AF%D8%A7%D9%84%D8%AD%D9%85%DB%8C%D8%AF%D9%85%D8%AC%D8%A7%D9%87%D8%AF/ HTTP/1.1" 200 152794 "-" "Mozilla/5.0 (Windows NT 10.0; Win64; x64) AppleWebKit/537.36 (KHTML, like Gecko) Chrome/148.0.0.0 Safari/537.36"
51.75.21.177 - - [02/Aug/2026:06:11:01 -0600] "GET /%D8%BA%D8%B5%D8%A8-%D8%AD%D8%A7%D8%B5%D9%84%D8%A7%D8%AA-%D9%85%D8%B1%D8%AF%D9%85-%D8%AA%D9%88%D8%B3%D8%B7-%D8%B7%D8%A7%D9%84%D8%A8%D8%A7%D9%86/ HTTP/1.1" 200 198180 "-" "Mozilla/5.0 (Windows NT 10.0; Win64; x64) AppleWebKit/537.36 (KHTML, like Gecko) Chrome/148.0.0.0 Safari/537.36"
23.159.216.162 - - [02/Aug/2026:06:11:42 -0600] "GET / HTTP/1.1" 200 204262 "-" "Mozilla/5.0 (Windows NT 10.0; Win64; x64) AppleWebKit/537.36 (KHTML, like Gecko) Chrome/141.0.0.0 Safari/537.36"
68.235.46.180 - - [02/Aug/2026:06:11:47 -0600] "GET /wp-json/wp/v2/pages/64 HTTP/1.1" 200 13293 "-" "Mozilla/5.0 (Macintosh; Intel Mac OS X 10.15; rv:144.0) Gecko/20100101 Firefox/144.0"
23.234.80.62 - - [02/Aug/2026:06:11:47 -0600] "GET /wp-json/oembed/1.0/embed?url=https%3A%2F%2Fariapress.org%2F HTTP/1.1" 200 2149 "-" "Mozilla/5.0 (Macintosh; Intel Mac OS X 10.15; rv:147.0) Gecko/20100101 Firefox/147.0"
95.164.33.220 - - [02/Aug/2026:06:11:51 -0600] "GET /feed/ HTTP/1.1" 200 269771 "-" "Mozilla/5.0 (Macintosh; Intel Mac OS X 10_15_7) AppleWebKit/605.1.15 (KHTML, like Gecko) Version/17.14 Safari/605.1.15"
162.240.68.55 - - [02/Aug/2026:06:11:53 -0600] "POST /?wordfence_syncAttackData=1785672713.5137 HTTP/1.1" 200 - "-" "WordPress/7.0.2; https://ariapress.org"
162.240.68.55 - - [02/Aug/2026:06:11:54 -0600] "POST /?wordfence_syncAttackData=1785672714.326 HTTP/1.1" 200 16384 "-" "WordPress/7.0.2; https://ariapress.org"
35.86.154.181 - - [02/Aug/2026:06:12:30 -0600] "GET / HTTP/1.1" 200 204262 "-" "Mozilla/5.0 (X11; Ubuntu; Linux x86_64; rv:80.0) Gecko/20100101 Firefox/80.0"
193.56.116.218 - - [02/Aug/2026:06:14:13 -0600] "POST /wp-login.php HTTP/1.1" 503 18944 "-" "Mozilla/5.0 (Windows NT 10.0; Win64; x64) AppleWebKit/537.36 Chrome/129.0.0.0 Safari/537.36"
5.214.240.9 - - [02/Aug/2026:06:14:57 -0600] "GET /wp-content/plugins/url-shortify/lite/dist/styles/url-shortify.css?ver=2.4.3 HTTP/1.1" 200 1937 "-" "Mozilla/5.0 (Linux; Android 10; K) AppleWebKit/537.36 (KHTML, like Gecko) Chrome/150.0.0.0 Mobile Safari/537.36"
5.214.240.9 - - [02/Aug/2026:06:14:57 -0600] "GET /wp-content/themes/jannah/assets/css/base.min.css?ver=7.4.1 HTTP/1.1" 200 40643 "-" "Mozilla/5.0 (Linux; Android 10; K) AppleWebKit/537.36 (KHTML, like Gecko) Chrome/150.0.0.0 Mobile Safari/537.36"
5.214.240.9 - - [02/Aug/2026:06:14:57 -0600] "GET /wp-content/themes/jannah/assets/css/widgets.min.css?ver=7.4.1 HTTP/1.1" 200 46683 "-" "Mozilla/5.0 (Linux; Android 10; K) AppleWebKit/537.36 (KHTML, like Gecko) Chrome/150.0.0.0 Mobile Safari/537.36"
5.214.240.9 - - [02/Aug/2026:06:14:57 -0600] "GET /wp-content/themes/jannah/assets/css/style.min.css?ver=7.4.1 HTTP/1.1" 200 143429 "-" "Mozilla/5.0 (Linux; Android 10; K) AppleWebKit/537.36 (KHTML, like Gecko) Chrome/150.0.0.0 Mobile Safari/537.36"
5.214.240.9 - - [02/Aug/2026:06:14:58 -0600] "GET /wp-content/themes/jannah/assets/css/helpers.min.css?ver=7.4.1 HTTP/1.1" 200 33686 "-" "Mozilla/5.0 (Linux; Android 10; K) AppleWebKit/537.36 (KHTML, like Gecko) Chrome/150.0.0.0 Mobile Safari/537.36"
5.214.240.9 - - [02/Aug/2026:06:14:59 -0600] "GET /wp-content/themes/jannah/assets/css/fontawesome.css?ver=7.4.1 HTTP/1.1" 200 58662 "-" "Mozilla/5.0 (Linux; Android 10; K) AppleWebKit/537.36 (KHTML, like Gecko) Chrome/150.0.0.0 Mobile Safari/537.36"
5.214.240.9 - - [02/Aug/2026:06:14:59 -0600] "GET /wp-content/themes/jannah/assets/ilightbox/dark-skin/skin.css?ver=7.4.1 HTTP/1.1" 200 12018 "-" "Mozilla/5.0 (Linux; Android 10; K) AppleWebKit/537.36 (KHTML, like Gecko) Chrome/150.0.0.0 Mobile Safari/537.36"
5.214.240.9 - - [02/Aug/2026:06:14:59 -0600] "GET /wp-content/themes/jannah/assets/css/plugins/shortcodes.min.css?ver=7.4.1 HTTP/1.1" 200 13196 "-" "Mozilla/5.0 (Linux; Android 10; K) AppleWebKit/537.36 (KHTML, like Gecko) Chrome/150.0.0.0 Mobile Safari/537.36"
5.214.240.9 - - [02/Aug/2026:06:15:00 -0600] "GET /wp-content/themes/jannah/assets/css/single.min.css?ver=7.4.1 HTTP/1.1" 200 46035 "-" "Mozilla/5.0 (Linux; Android 10; K) AppleWebKit/537.36 (KHTML, like Gecko) Chrome/150.0.0.0 Mobile Safari/537.36"
5.214.240.9 - - [02/Aug/2026:06:15:00 -0600] "GET /wp-content/themes/jannah/rtl.css?ver=7.0.2 HTTP/1.1" 200 38404 "-" "Mozilla/5.0 (Linux; Android 10; K) AppleWebKit/537.36 (KHTML, like Gecko) Chrome/150.0.0.0 Mobile Safari/537.36"
5.214.240.9 - - [02/Aug/2026:06:15:03 -0600] "GET /wp-content/themes/jannah-child/style.css?ver=7.0.2 HTTP/1.1" 200 602 "https://ariapress.org/%D8%AC%D8%BA%D8%B1%D8%A7%D9%81%DB%8C%D8%A7%DB%8C-%D8%A7%D9%81%D8%BA%D8%A7%D9%86%D8%B3%D8%AA%D8%A7%D9%86-%D8%AF%D8%B1-%D8%AA%D9%88%D8%A7%D8%B1%DB%8C%D8%AE-%D8%AD%D8%A7%D9%81%D8%B8-%D8%B1%D8%AD-2/" "Mozilla/5.0 (Linux; Android 10; K) AppleWebKit/537.36 (KHTML, like Gecko) Chrome/150.0.0.0 Mobile Safari/537.36"
5.214.240.9 - - [02/Aug/2026:06:15:03 -0600] "GET /wp-includes/js/jquery/jquery.min.js?ver=3.7.1 HTTP/1.1" 200 87553 "https://ariapress.org/%D8%AC%D8%BA%D8%B1%D8%A7%D9%81%DB%8C%D8%A7%DB%8C-%D8%A7%D9%81%D8%BA%D8%A7%D9%86%D8%B3%D8%AA%D8%A7%D9%86-%D8%AF%D8%B1-%D8%AA%D9%88%D8%A7%D8%B1%DB%8C%D8%AE-%D8%AD%D8%A7%D9%81%D8%B8-%D8%B1%D8%AD-2/" "Mozilla/5.0 (Linux; Android 10; K) AppleWebKit/537.36 (KHTML, like Gecko) Chrome/150.0.0.0 Mobile Safari/537.36"
5.214.240.9 - - [02/Aug/2026:06:15:03 -0600] "GET /wp-includes/js/jquery/jquery-migrate.min.js?ver=3.4.1 HTTP/1.1" 200 13577 "https://ariapress.org/%D8%AC%D8%BA%D8%B1%D8%A7%D9%81%DB%8C%D8%A7%DB%8C-%D8%A7%D9%81%D8%BA%D8%A7%D9%86%D8%B3%D8%AA%D8%A7%D9%86-%D8%AF%D8%B1-%D8%AA%D9%88%D8%A7%D8%B1%DB%8C%D8%AE-%D8%AD%D8%A7%D9%81%D8%B8-%D8%B1%D8%AD-2/" "Mozilla/5.0 (Linux; Android 10; K) AppleWebKit/537.36 (KHTML, like Gecko) Chrome/150.0.0.0 Mobile Safari/537.36"
5.214.240.9 - - [02/Aug/2026:06:14:57 -0600] "GET /%D8%AC%D8%BA%D8%B1%D8%A7%D9%81%DB%8C%D8%A7%DB%8C-%D8%A7%D9%81%D8%BA%D8%A7%D9%86%D8%B3%D8%AA%D8%A7%D9%86-%D8%AF%D8%B1-%D8%AA%D9%88%D8%A7%D8%B1%DB%8C%D8%AE-%D8%AD%D8%A7%D9%81%D8%B8-%D8%B1%D8%AD-2/ HTTP/1.1" 200 228891 "https://www.google.com/" "Mozilla/5.0 (Linux; Android 10; K) AppleWebKit/537.36 (KHTML, like Gecko) Chrome/150.0.0.0 Mobile Safari/537.36"
5.214.240.9 - - [02/Aug/2026:06:15:03 -0600] "GET /wp-content/plugins/url-shortify/lite/dist/scripts/url-shortify.js?ver=2.4.3 HTTP/1.1" 200 8072 "https://ariapress.org/%D8%AC%D8%BA%D8%B1%D8%A7%D9%81%DB%8C%D8%A7%DB%8C-%D8%A7%D9%81%D8%BA%D8%A7%D9%86%D8%B3%D8%AA%D8%A7%D9%86-%D8%AF%D8%B1-%D8%AA%D9%88%D8%A7%D8%B1%DB%8C%D8%AE-%D8%AD%D8%A7%D9%81%D8%B8-%D8%B1%D8%AD-2/" "Mozilla/5.0 (Linux; Android 10; K) AppleWebKit/537.36 (KHTML, like Gecko) Chrome/150.0.0.0 Mobile Safari/537.36"
5.214.240.9 - - [02/Aug/2026:06:15:03 -0600] "GET /wp-content/uploads/2023/05/%D8%AD%D8%AF%D9%88%D8%AF-%D8%AA%D9%82%D8%B1%DB%8C%D8%A8%DB%8C-%D8%A7%D9%81%D8%BA%D8%A7%D9%86%D8%B3%D8%AA%D8%A7%D9%86-%D8%AA%D8%A7%D8%B1%DB%8C%D8%AE%DB%8C-pdf-768x460.jpg HTTP/1.1" 200 105501 "https://ariapress.org/%D8%AC%D8%BA%D8%B1%D8%A7%D9%81%DB%8C%D8%A7%DB%8C-%D8%A7%D9%81%D8%BA%D8%A7%D9%86%D8%B3%D8%AA%D8%A7%D9%86-%D8%AF%D8%B1-%D8%AA%D9%88%D8%A7%D8%B1%DB%8C%D8%AE-%D8%AD%D8%A7%D9%81%D8%B8-%D8%B1%D8%AD-2/" "Mozilla/5.0 (Linux; Android 10; K) AppleWebKit/537.36 (KHTML, like Gecko) Chrome/150.0.0.0 Mobile Safari/537.36"
5.214.240.9 - - [02/Aug/2026:06:15:04 -0600] "GET /wp-content/uploads/2022/03/logo-slagon.svg HTTP/1.1" 200 35342 "https://ariapress.org/%D8%AC%D8%BA%D8%B1%D8%A7%D9%81%DB%8C%D8%A7%DB%8C-%D8%A7%D9%81%D8%BA%D8%A7%D9%86%D8%B3%D8%AA%D8%A7%D9%86-%D8%AF%D8%B1-%D8%AA%D9%88%D8%A7%D8%B1%DB%8C%D8%AE-%D8%AD%D8%A7%D9%81%D8%B8-%D8%B1%D8%AD-2/" "Mozilla/5.0 (Linux; Android 10; K) AppleWebKit/537.36 (KHTML, like Gecko) Chrome/150.0.0.0 Mobile Safari/537.36"
5.214.240.9 - - [02/Aug/2026:06:15:05 -0600] "GET /wp-content/uploads/2022/12/%D8%BA%D9%88%D8%B1-390x220.jpg HTTP/1.1" 200 9453 "https://ariapress.org/%D8%AC%D8%BA%D8%B1%D8%A7%D9%81%DB%8C%D8%A7%DB%8C-%D8%A7%D9%81%D8%BA%D8%A7%D9%86%D8%B3%D8%AA%D8%A7%D9%86-%D8%AF%D8%B1-%D8%AA%D9%88%D8%A7%D8%B1%DB%8C%D8%AE-%D8%AD%D8%A7%D9%81%D8%B8-%D8%B1%D8%AD-2/" "Mozilla/5.0 (Linux; Android 10; K) AppleWebKit/537.36 (KHTML, like Gecko) Chrome/150.0.0.0 Mobile Safari/537.36"
5.214.240.9 - - [02/Aug/2026:06:15:05 -0600] "GET /wp-content/uploads/2022/02/%D9%85%D9%84%D8%AA-%D8%B3%D8%A7%D8%B2%DB%8C-390x220.jpg HTTP/1.1" 200 17490 "https://ariapress.org/%D8%AC%D8%BA%D8%B1%D8%A7%D9%81%DB%8C%D8%A7%DB%8C-%D8%A7%D9%81%D8%BA%D8%A7%D9%86%D8%B3%D8%AA%D8%A7%D9%86-%D8%AF%D8%B1-%D8%AA%D9%88%D8%A7%D8%B1%DB%8C%D8%AE-%D8%AD%D8%A7%D9%81%D8%B8-%D8%B1%D8%AD-2/" "Mozilla/5.0 (Linux; Android 10; K) AppleWebKit/537.36 (KHTML, like Gecko) Chrome/150.0.0.0 Mobile Safari/537.36"
5.214.240.9 - - [02/Aug/2026:06:15:05 -0600] "GET /wp-content/uploads/2022/02/%D8%AE%D8%B1%D8%A7%D8%B3%D8%A7%D9%86_%D8%A8%D8%B2%D8%B1%DA%AF-390x220.jpg HTTP/1.1" 200 19357 "https://ariapress.org/%D8%AC%D8%BA%D8%B1%D8%A7%D9%81%DB%8C%D8%A7%DB%8C-%D8%A7%D9%81%D8%BA%D8%A7%D9%86%D8%B3%D8%AA%D8%A7%D9%86-%D8%AF%D8%B1-%D8%AA%D9%88%D8%A7%D8%B1%DB%8C%D8%AE-%D8%AD%D8%A7%D9%81%D8%B8-%D8%B1%D8%AD-2/" "Mozilla/5.0 (Linux; Android 10; K) AppleWebKit/537.36 (KHTML, like Gecko) Chrome/150.0.0.0 Mobile Safari/537.36"
5.214.240.9 - - [02/Aug/2026:06:15:05 -0600] "GET /wp-content/uploads/2022/03/Sahel-FD.woff2 HTTP/1.1" 200 34460 "https://ariapress.org/%D8%AC%D8%BA%D8%B1%D8%A7%D9%81%DB%8C%D8%A7%DB%8C-%D8%A7%D9%81%D8%BA%D8%A7%D9%86%D8%B3%D8%AA%D8%A7%D9%86-%D8%AF%D8%B1-%D8%AA%D9%88%D8%A7%D8%B1%DB%8C%D8%AE-%D8%AD%D8%A7%D9%81%D8%B8-%D8%B1%D8%AD-2/" "Mozilla/5.0 (Linux; Android 10; K) AppleWebKit/537.36 (KHTML, like Gecko) Chrome/150.0.0.0 Mobile Safari/537.36"
5.214.240.9 - - [02/Aug/2026:06:15:06 -0600] "GET /wp-content/themes/jannah/assets/fonts/tielabs-fonticon/tielabs-fonticon.woff2?ciufdj1 HTTP/1.1" 200 20752 "https://ariapress.org/wp-content/themes/jannah/assets/css/helpers.min.css?ver=7.4.1" "Mozilla/5.0 (Linux; Android 10; K) AppleWebKit/537.36 (KHTML, like Gecko) Chrome/150.0.0.0 Mobile Safari/537.36"
5.214.240.9 - - [02/Aug/2026:06:15:06 -0600] "GET /wp-content/themes/jannah/assets/js/scripts.min.js?ver=7.4.1 HTTP/1.1" 200 23658 "https://ariapress.org/%D8%AC%D8%BA%D8%B1%D8%A7%D9%81%DB%8C%D8%A7%DB%8C-%D8%A7%D9%81%D8%BA%D8%A7%D9%86%D8%B3%D8%AA%D8%A7%D9%86-%D8%AF%D8%B1-%D8%AA%D9%88%D8%A7%D8%B1%DB%8C%D8%AE-%D8%AD%D8%A7%D9%81%D8%B8-%D8%B1%D8%AD-2/" "Mozilla/5.0 (Linux; Android 10; K) AppleWebKit/537.36 (KHTML, like Gecko) Chrome/150.0.0.0 Mobile Safari/537.36"
5.214.240.9 - - [02/Aug/2026:06:15:08 -0600] "GET /wp-content/themes/jannah/assets/ilightbox/lightbox.js?ver=7.4.1 HTTP/1.1" 200 81460 "https://ariapress.org/%D8%AC%D8%BA%D8%B1%D8%A7%D9%81%DB%8C%D8%A7%DB%8C-%D8%A7%D9%81%D8%BA%D8%A7%D9%86%D8%B3%D8%AA%D8%A7%D9%86-%D8%AF%D8%B1-%D8%AA%D9%88%D8%A7%D8%B1%DB%8C%D8%AE-%D8%AD%D8%A7%D9%81%D8%B8-%D8%B1%D8%AD-2/" "Mozilla/5.0 (Linux; Android 10; K) AppleWebKit/537.36 (KHTML, like Gecko) Chrome/150.0.0.0 Mobile Safari/537.36"
5.214.240.9 - - [02/Aug/2026:06:15:08 -0600] "GET /wp-content/themes/jannah/assets/js/sliders.min.js?ver=7.4.1 HTTP/1.1" 200 49319 "https://ariapress.org/%D8%AC%D8%BA%D8%B1%D8%A7%D9%81%DB%8C%D8%A7%DB%8C-%D8%A7%D9%81%D8%BA%D8%A7%D9%86%D8%B3%D8%AA%D8%A7%D9%86-%D8%AF%D8%B1-%D8%AA%D9%88%D8%A7%D8%B1%DB%8C%D8%AE-%D8%AD%D8%A7%D9%81%D8%B8-%D8%B1%D8%AD-2/" "Mozilla/5.0 (Linux; Android 10; K) AppleWebKit/537.36 (KHTML, like Gecko) Chrome/150.0.0.0 Mobile Safari/537.36"
5.214.240.9 - - [02/Aug/2026:06:15:08 -0600] "GET /wp-content/uploads/2022/12/satellite-image-of-afghanistan-390x220.jpg HTTP/1.1" 200 36799 "https://ariapress.org/%D8%AC%D8%BA%D8%B1%D8%A7%D9%81%DB%8C%D8%A7%DB%8C-%D8%A7%D9%81%D8%BA%D8%A7%D9%86%D8%B3%D8%AA%D8%A7%D9%86-%D8%AF%D8%B1-%D8%AA%D9%88%D8%A7%D8%B1%DB%8C%D8%AE-%D8%AD%D8%A7%D9%81%D8%B8-%D8%B1%D8%AD-2/" "Mozilla/5.0 (Linux; Android 10; K) AppleWebKit/537.36 (KHTML, like Gecko) Chrome/150.0.0.0 Mobile Safari/537.36"
5.214.240.9 - - [02/Aug/2026:06:15:08 -0600] "GET /wp-content/themes/jannah/assets/js/shortcodes.js?ver=7.4.1 HTTP/1.1" 200 11184 "https://ariapress.org/%D8%AC%D8%BA%D8%B1%D8%A7%D9%81%DB%8C%D8%A7%DB%8C-%D8%A7%D9%81%D8%BA%D8%A7%D9%86%D8%B3%D8%AA%D8%A7%D9%86-%D8%AF%D8%B1-%D8%AA%D9%88%D8%A7%D8%B1%DB%8C%D8%AE-%D8%AD%D8%A7%D9%81%D8%B8-%D8%B1%D8%AD-2/" "Mozilla/5.0 (Linux; Android 10; K) AppleWebKit/537.36 (KHTML, like Gecko) Chrome/150.0.0.0 Mobile Safari/537.36"
5.214.240.9 - - [02/Aug/2026:06:15:08 -0600] "GET /wp-content/uploads/2023/01/Afridi-tribe-men-390x220.jpg HTTP/1.1" 200 29579 "https://ariapress.org/%D8%AC%D8%BA%D8%B1%D8%A7%D9%81%DB%8C%D8%A7%DB%8C-%D8%A7%D9%81%D8%BA%D8%A7%D9%86%D8%B3%D8%AA%D8%A7%D9%86-%D8%AF%D8%B1-%D8%AA%D9%88%D8%A7%D8%B1%DB%8C%D8%AE-%D8%AD%D8%A7%D9%81%D8%B8-%D8%B1%D8%AD-2/" "Mozilla/5.0 (Linux; Android 10; K) AppleWebKit/537.36 (KHTML, like Gecko) Chrome/150.0.0.0 Mobile Safari/537.36"
5.214.240.9 - - [02/Aug/2026:06:15:09 -0600] "GET /wp-content/uploads/2024/10/women-protest-390x220.jpg HTTP/1.1" 200 27479 "https://ariapress.org/%D8%AC%D8%BA%D8%B1%D8%A7%D9%81%DB%8C%D8%A7%DB%8C-%D8%A7%D9%81%D8%BA%D8%A7%D9%86%D8%B3%D8%AA%D8%A7%D9%86-%D8%AF%D8%B1-%D8%AA%D9%88%D8%A7%D8%B1%DB%8C%D8%AE-%D8%AD%D8%A7%D9%81%D8%B8-%D8%B1%D8%AD-2/" "Mozilla/5.0 (Linux; Android 10; K) AppleWebKit/537.36 (KHTML, like Gecko) Chrome/150.0.0.0 Mobile Safari/537.36"
5.214.240.9 - - [02/Aug/2026:06:15:10 -0600] "GET /wp-content/themes/jannah/assets/js/single.min.js?ver=7.4.1 HTTP/1.1" 200 5512 "https://ariapress.org/%D8%AC%D8%BA%D8%B1%D8%A7%D9%81%DB%8C%D8%A7%DB%8C-%D8%A7%D9%81%D8%BA%D8%A7%D9%86%D8%B3%D8%AA%D8%A7%D9%86-%D8%AF%D8%B1-%D8%AA%D9%88%D8%A7%D8%B1%DB%8C%D8%AE-%D8%AD%D8%A7%D9%81%D8%B8-%D8%B1%D8%AD-2/" "Mozilla/5.0 (Linux; Android 10; K) AppleWebKit/537.36 (KHTML, like Gecko) Chrome/150.0.0.0 Mobile Safari/537.36"
5.214.240.9 - - [02/Aug/2026:06:15:10 -0600] "GET /wp-content/uploads/2024/07/UN-390x220.jpg HTTP/1.1" 200 27802 "https://ariapress.org/%D8%AC%D8%BA%D8%B1%D8%A7%D9%81%DB%8C%D8%A7%DB%8C-%D8%A7%D9%81%D8%BA%D8%A7%D9%86%D8%B3%D8%AA%D8%A7%D9%86-%D8%AF%D8%B1-%D8%AA%D9%88%D8%A7%D8%B1%DB%8C%D8%AE-%D8%AD%D8%A7%D9%81%D8%B8-%D8%B1%D8%AD-2/" "Mozilla/5.0 (Linux; Android 10; K) AppleWebKit/537.36 (KHTML, like Gecko) Chrome/150.0.0.0 Mobile Safari/537.36"
5.214.240.9 - - [02/Aug/2026:06:15:10 -0600] "GET /wp-content/uploads/2024/10/WhatsApp-Image-2024-10-02-at-13.13.57_073a6231-390x220.jpg HTTP/1.1" 200 30069 "https://ariapress.org/%D8%AC%D8%BA%D8%B1%D8%A7%D9%81%DB%8C%D8%A7%DB%8C-%D8%A7%D9%81%D8%BA%D8%A7%D9%86%D8%B3%D8%AA%D8%A7%D9%86-%D8%AF%D8%B1-%D8%AA%D9%88%D8%A7%D8%B1%DB%8C%D8%AE-%D8%AD%D8%A7%D9%81%D8%B8-%D8%B1%D8%AD-2/" "Mozilla/5.0 (Linux; Android 10; K) AppleWebKit/537.36 (KHTML, like Gecko) Chrome/150.0.0.0 Mobile Safari/537.36"
5.214.240.9 - - [02/Aug/2026:06:15:10 -0600] "GET /wp-content/plugins/bluehost-wordpress-plugin/vendor/newfold-labs/wp-module-performance/build/assets/link-prefetch.min.js?ver=4.18.0 HTTP/1.1" 200 2736 "https://ariapress.org/%D8%AC%D8%BA%D8%B1%D8%A7%D9%81%DB%8C%D8%A7%DB%8C-%D8%A7%D9%81%D8%BA%D8%A7%D9%86%D8%B3%D8%AA%D8%A7%D9%86-%D8%AF%D8%B1-%D8%AA%D9%88%D8%A7%D8%B1%DB%8C%D8%AE-%D8%AD%D8%A7%D9%81%D8%B8-%D8%B1%D8%AD-2/" "Mozilla/5.0 (Linux; Android 10; K) AppleWebKit/537.36 (KHTML, like Gecko) Chrome/150.0.0.0 Mobile Safari/537.36"
5.214.240.9 - - [02/Aug/2026:06:15:11 -0600] "GET /wp-includes/js/comment-reply.min.js?ver=7.0.2 HTTP/1.1" 200 3026 "https://ariapress.org/%D8%AC%D8%BA%D8%B1%D8%A7%D9%81%DB%8C%D8%A7%DB%8C-%D8%A7%D9%81%D8%BA%D8%A7%D9%86%D8%B3%D8%AA%D8%A7%D9%86-%D8%AF%D8%B1-%D8%AA%D9%88%D8%A7%D8%B1%DB%8C%D8%AE-%D8%AD%D8%A7%D9%81%D8%B8-%D8%B1%D8%AD-2/" "Mozilla/5.0 (Linux; Android 10; K) AppleWebKit/537.36 (KHTML, like Gecko) Chrome/150.0.0.0 Mobile Safari/537.36"
5.214.240.9 - - [02/Aug/2026:06:15:11 -0600] "GET /wp-content/themes/jannah/assets/css/print.css?ver=7.4.1 HTTP/1.1" 200 1848 "https://ariapress.org/%D8%AC%D8%BA%D8%B1%D8%A7%D9%81%DB%8C%D8%A7%DB%8C-%D8%A7%D9%81%D8%BA%D8%A7%D9%86%D8%B3%D8%AA%D8%A7%D9%86-%D8%AF%D8%B1-%D8%AA%D9%88%D8%A7%D8%B1%DB%8C%D8%AE-%D8%AD%D8%A7%D9%81%D8%B8-%D8%B1%D8%AD-2/" "Mozilla/5.0 (Linux; Android 10; K) AppleWebKit/537.36 (KHTML, like Gecko) Chrome/150.0.0.0 Mobile Safari/537.36"
5.214.240.9 - - [02/Aug/2026:06:15:11 -0600] "GET /wp-content/uploads/2022/09/cropped-android-chrome-512x512-1-192x192.png HTTP/1.1" 200 12034 "https://ariapress.org/%D8%AC%D8%BA%D8%B1%D8%A7%D9%81%DB%8C%D8%A7%DB%8C-%D8%A7%D9%81%D8%BA%D8%A7%D9%86%D8%B3%D8%AA%D8%A7%D9%86-%D8%AF%D8%B1-%D8%AA%D9%88%D8%A7%D8%B1%DB%8C%D8%AE-%D8%AD%D8%A7%D9%81%D8%B8-%D8%B1%D8%AD-2/" "Mozilla/5.0 (Linux; Android 10; K) AppleWebKit/537.36 (KHTML, like Gecko) Chrome/150.0.0.0 Mobile Safari/537.36"
5.214.240.9 - - [02/Aug/2026:06:15:11 -0600] "GET /wp-content/uploads/2022/09/cropped-android-chrome-512x512-1-180x180.png HTTP/1.1" 200 11151 "https://ariapress.org/%D8%AC%D8%BA%D8%B1%D8%A7%D9%81%DB%8C%D8%A7%DB%8C-%D8%A7%D9%81%D8%BA%D8%A7%D9%86%D8%B3%D8%AA%D8%A7%D9%86-%D8%AF%D8%B1-%D8%AA%D9%88%D8%A7%D8%B1%DB%8C%D8%AE-%D8%AD%D8%A7%D9%81%D8%B8-%D8%B1%D8%AD-2/" "Mozilla/5.0 (Linux; Android 10; K) AppleWebKit/537.36 (KHTML, like Gecko) Chrome/150.0.0.0 Mobile Safari/537.36"
5.214.240.9 - - [02/Aug/2026:06:15:11 -0600] "GET /wp-includes/js/wp-emoji-release.min.js?ver=7.0.2 HTTP/1.1" 200 22752 "https://ariapress.org/%D8%AC%D8%BA%D8%B1%D8%A7%D9%81%DB%8C%D8%A7%DB%8C-%D8%A7%D9%81%D8%BA%D8%A7%D9%86%D8%B3%D8%AA%D8%A7%D9%86-%D8%AF%D8%B1-%D8%AA%D9%88%D8%A7%D8%B1%DB%8C%D8%AE-%D8%AD%D8%A7%D9%81%D8%B8-%D8%B1%D8%AD-2/" "Mozilla/5.0 (Linux; Android 10; K) AppleWebKit/537.36 (KHTML, like Gecko) Chrome/150.0.0.0 Mobile Safari/537.36"
5.214.240.9 - - [02/Aug/2026:06:15:12 -0600] "GET / HTTP/1.1" 200 203999 "https://ariapress.org/%D8%AC%D8%BA%D8%B1%D8%A7%D9%81%DB%8C%D8%A7%DB%8C-%D8%A7%D9%81%D8%BA%D8%A7%D9%86%D8%B3%D8%AA%D8%A7%D9%86-%D8%AF%D8%B1-%D8%AA%D9%88%D8%A7%D8%B1%DB%8C%D8%AE-%D8%AD%D8%A7%D9%81%D8%B8-%D8%B1%D8%AD-2/" "Mozilla/5.0 (Linux; Android 10; K) AppleWebKit/537.36 (KHTML, like Gecko) Chrome/150.0.0.0 Mobile Safari/537.36"
5.214.240.9 - - [02/Aug/2026:06:15:12 -0600] "GET /category/%d8%aa%d8%a7%d8%b1%db%8c%d8%ae-%d9%85/ HTTP/1.1" 200 175147 "https://ariapress.org/%D8%AC%D8%BA%D8%B1%D8%A7%D9%81%DB%8C%D8%A7%DB%8C-%D8%A7%D9%81%D8%BA%D8%A7%D9%86%D8%B3%D8%AA%D8%A7%D9%86-%D8%AF%D8%B1-%D8%AA%D9%88%D8%A7%D8%B1%DB%8C%D8%AE-%D8%AD%D8%A7%D9%81%D8%B8-%D8%B1%D8%AD-2/" "Mozilla/5.0 (Linux; Android 10; K) AppleWebKit/537.36 (KHTML, like Gecko) Chrome/150.0.0.0 Mobile Safari/537.36"
5.214.240.9 - - [02/Aug/2026:06:15:12 -0600] "GET /author/admin/ HTTP/1.1" 200 178298 "https://ariapress.org/%D8%AC%D8%BA%D8%B1%D8%A7%D9%81%DB%8C%D8%A7%DB%8C-%D8%A7%D9%81%D8%BA%D8%A7%D9%86%D8%B3%D8%AA%D8%A7%D9%86-%D8%AF%D8%B1-%D8%AA%D9%88%D8%A7%D8%B1%DB%8C%D8%AE-%D8%AD%D8%A7%D9%81%D8%B8-%D8%B1%D8%AD-2/" "Mozilla/5.0 (Linux; Android 10; K) AppleWebKit/537.36 (KHTML, like Gecko) Chrome/150.0.0.0 Mobile Safari/537.36"
5.214.240.9 - - [02/Aug/2026:06:15:12 -0600] "GET /category/%d8%aa%d8%a7%d8%b1%db%8c%d8%ae-%d9%85/%d8%aa%d8%a7%d8%b1%db%8c%d8%ae-%d8%a7%d9%81%d8%ba%d8%a7%d9%86%d8%b3%d8%aa%d8%a7%d9%86/ HTTP/1.1" 200 177330 "https://ariapress.org/%D8%AC%D8%BA%D8%B1%D8%A7%D9%81%DB%8C%D8%A7%DB%8C-%D8%A7%D9%81%D8%BA%D8%A7%D9%86%D8%B3%D8%AA%D8%A7%D9%86-%D8%AF%D8%B1-%D8%AA%D9%88%D8%A7%D8%B1%DB%8C%D8%AE-%D8%AD%D8%A7%D9%81%D8%B8-%D8%B1%D8%AD-2/" "Mozilla/5.0 (Linux; Android 10; K) AppleWebKit/537.36 (KHTML, like Gecko) Chrome/150.0.0.0 Mobile Safari/537.36"
5.119.241.170 - - [02/Aug/2026:06:15:31 -0600] "-" 408 - "-" "-"
5.214.240.9 - - [02/Aug/2026:06:15:12 -0600] "GET /category/%d8%aa%d8%a7%d8%b1%db%8c%d8%ae-%d9%85/%d9%be%da%98%d9%88%d9%87%d8%b4%da%af%d8%a7%d9%87-%d8%af%da%a9%d8%aa%d8%b1-%d9%85%d9%87%d8%af%db%8c/ HTTP/1.1" 200 180514 "https://ariapress.org/%D8%AC%D8%BA%D8%B1%D8%A7%D9%81%DB%8C%D8%A7%DB%8C-%D8%A7%D9%81%D8%BA%D8%A7%D9%86%D8%B3%D8%AA%D8%A7%D9%86-%D8%AF%D8%B1-%D8%AA%D9%88%D8%A7%D8%B1%DB%8C%D8%AE-%D8%AD%D8%A7%D9%81%D8%B8-%D8%B1%D8%AD-2/" "Mozilla/5.0 (Linux; Android 10; K) AppleWebKit/537.36 (KHTML, like Gecko) Chrome/150.0.0.0 Mobile Safari/537.36"
52.167.144.145 - - [02/Aug/2026:06:15:29 -0600] "GET /%DA%A9%D8%B4%D8%AA%D9%87-%D8%B4%D8%AF%D9%86-%D8%B3%D8%B1%D9%87%D9%86%DA%AF-%D8%A7%D8%B1%D8%AA%D8%B4-%D8%AA%D8%A7%D8%AC%DB%8C%DA%A9%D8%B3%D8%AA%D8%A7%D9%86-%D8%AF%D8%B1-%D8%AC%D9%86%DA%AF-%D8%A8%D8%A7/ HTTP/1.1" 200 217375 "-" "Mozilla/5.0 AppleWebKit/537.36 (KHTML, like Gecko; compatible; bingbot/2.0; +http://www.bing.com/bingbot.htm) Chrome/116.0.1938.76 Safari/537.36"
52.167.144.142 - - [02/Aug/2026:06:15:41 -0600] "GET /%D9%85%D9%88%D8%AC-%D8%AA%D8%A7%D8%B2%D9%87-%D8%A7%DB%8C-%D8%A7%D8%B2-%D8%A8%D8%A7%D8%B2%D8%AF%D8%A7%D8%B4%D8%AA-%D9%87%D8%A7-%D8%AF%D8%B1-%D9%BE%D8%AC%D8%B4%DB%8C%D8%B1%D8%9B30-%D8%AA%D9%86-%D8%AF/ HTTP/1.1" 200 198625 "-" "Mozilla/5.0 AppleWebKit/537.36 (KHTML, like Gecko; compatible; bingbot/2.0; +http://www.bing.com/bingbot.htm) Chrome/116.0.1938.76 Safari/537.36"
35.91.187.186 - - [02/Aug/2026:06:15:48 -0600] "GET /robots.txt HTTP/1.1" 200 159 "-" "Mozilla/5.0 (X11; Ubuntu; Linux x86_64; rv:80.0) Gecko/20100101 Firefox/80.0"
5.214.240.9 - - [02/Aug/2026:06:15:47 -0600] "GET /tag/%d8%aa%d8%a7%d8%b1%db%8c%d8%ae-%d8%a7%d9%81%d8%ba%d8%a7%d9%86%d8%b3%d8%aa%d8%a7%d9%86/ HTTP/1.1" 200 153475 "https://ariapress.org/%D8%AC%D8%BA%D8%B1%D8%A7%D9%81%DB%8C%D8%A7%DB%8C-%D8%A7%D9%81%D8%BA%D8%A7%D9%86%D8%B3%D8%AA%D8%A7%D9%86-%D8%AF%D8%B1-%D8%AA%D9%88%D8%A7%D8%B1%DB%8C%D8%AE-%D8%AD%D8%A7%D9%81%D8%B8-%D8%B1%D8%AD-2/" "Mozilla/5.0 (Linux; Android 10; K) AppleWebKit/537.36 (KHTML, like Gecko) Chrome/150.0.0.0 Mobile Safari/537.36"
52.167.144.145 - - [02/Aug/2026:06:15:50 -0600] "GET /category/%DA%A9%D8%AA%D8%A7%D8%A8%D8%AE%D8%A7%D9%86%D9%87-%D9%85/%D8%AA%D8%A7%D8%B1%DB%8C%D8%AE-%DA%A9%D8%AA%D8%A7%D8%A8%D8%AE%D8%A7%D9%86%D9%87/%D8%AC%D9%87%D8%A7%D9%86-%D8%AA%D8%A7%D8%B1%DB%8C%D8%AE-%DA%A9%D8%AA%D8%A7%D8%A8%D8%AE%D8%A7%D9%86%D9%87/ HTTP/1.1" 200 141652 "-" "Mozilla/5.0 AppleWebKit/537.36 (KHTML, like Gecko; compatible; bingbot/2.0; +http://www.bing.com/bingbot.htm) Chrome/116.0.1938.76 Safari/537.36"
5.214.240.9 - - [02/Aug/2026:06:15:47 -0600] "GET /tag/%d8%aa%d9%88%d8%a7%d8%b1%db%8c%d8%ae/ HTTP/1.1" 200 143413 "https://ariapress.org/%D8%AC%D8%BA%D8%B1%D8%A7%D9%81%DB%8C%D8%A7%DB%8C-%D8%A7%D9%81%D8%BA%D8%A7%D9%86%D8%B3%D8%AA%D8%A7%D9%86-%D8%AF%D8%B1-%D8%AA%D9%88%D8%A7%D8%B1%DB%8C%D8%AE-%D8%AD%D8%A7%D9%81%D8%B8-%D8%B1%D8%AD-2/" "Mozilla/5.0 (Linux; Android 10; K) AppleWebKit/537.36 (KHTML, like Gecko) Chrome/150.0.0.0 Mobile Safari/537.36"
5.214.240.9 - - [02/Aug/2026:06:15:47 -0600] "GET /tag/%d8%ac%d8%ba%d8%b1%d8%a7%d9%81%db%8c%d8%a7%db%8c-%d8%a7%d9%81%d8%ba%d8%a7%d9%86%d8%b3%d8%aa%d8%a7%d9%86/ HTTP/1.1" 200 146625 "https://ariapress.org/%D8%AC%D8%BA%D8%B1%D8%A7%D9%81%DB%8C%D8%A7%DB%8C-%D8%A7%D9%81%D8%BA%D8%A7%D9%86%D8%B3%D8%AA%D8%A7%D9%86-%D8%AF%D8%B1-%D8%AA%D9%88%D8%A7%D8%B1%DB%8C%D8%AE-%D8%AD%D8%A7%D9%81%D8%B8-%D8%B1%D8%AD-2/" "Mozilla/5.0 (Linux; Android 10; K) AppleWebKit/537.36 (KHTML, like Gecko) Chrome/150.0.0.0 Mobile Safari/537.36"
35.91.187.186 - - [02/Aug/2026:06:15:52 -0600] "GET / HTTP/1.1" 200 204262 "-" "Mozilla/5.0 (X11; Ubuntu; Linux x86_64; rv:80.0) Gecko/20100101 Firefox/80.0"
66.249.66.42 - - [02/Aug/2026:06:16:13 -0600] "GET /wp-content/uploads/2022/06/773x435_cmsv2_47bdc6a9-8799-5546-a623-4216c85d7fb8-6781448-390x220.jpg HTTP/1.1" 304 - "-" "Googlebot-Image/1.0"
2.147.254.170 - - [02/Aug/2026:06:16:25 -0600] "GET /wp-content/plugins/url-shortify/lite/dist/styles/url-shortify.css?ver=2.4.3 HTTP/1.1" 200 1937 "-" "Mozilla/5.0 (Linux; Android 10; K) AppleWebKit/537.36 (KHTML, like Gecko) Chrome/150.0.0.0 Mobile Safari/537.36"
2.147.254.170 - - [02/Aug/2026:06:16:25 -0600] "GET /wp-content/themes/jannah/assets/css/base.min.css?ver=7.4.1 HTTP/1.1" 200 40643 "-" "Mozilla/5.0 (Linux; Android 10; K) AppleWebKit/537.36 (KHTML, like Gecko) Chrome/150.0.0.0 Mobile Safari/537.36"
2.147.254.170 - - [02/Aug/2026:06:16:25 -0600] "GET /wp-content/themes/jannah/assets/css/widgets.min.css?ver=7.4.1 HTTP/1.1" 200 46683 "-" "Mozilla/5.0 (Linux; Android 10; K) AppleWebKit/537.36 (KHTML, like Gecko) Chrome/150.0.0.0 Mobile Safari/537.36"
2.147.254.170 - - [02/Aug/2026:06:16:26 -0600] "GET /wp-content/themes/jannah/assets/css/helpers.min.css?ver=7.4.1 HTTP/1.1" 200 33686 "-" "Mozilla/5.0 (Linux; Android 10; K) AppleWebKit/537.36 (KHTML, like Gecko) Chrome/150.0.0.0 Mobile Safari/537.36"
2.147.254.170 - - [02/Aug/2026:06:16:26 -0600] "GET /wp-content/themes/jannah/assets/css/fontawesome.css?ver=7.4.1 HTTP/1.1" 200 58662 "-" "Mozilla/5.0 (Linux; Android 10; K) AppleWebKit/537.36 (KHTML, like Gecko) Chrome/150.0.0.0 Mobile Safari/537.36"
2.147.254.170 - - [02/Aug/2026:06:16:25 -0600] "GET /wp-content/themes/jannah/assets/css/style.min.css?ver=7.4.1 HTTP/1.1" 200 143429 "-" "Mozilla/5.0 (Linux; Android 10; K) AppleWebKit/537.36 (KHTML, like Gecko) Chrome/150.0.0.0 Mobile Safari/537.36"
2.147.254.170 - - [02/Aug/2026:06:16:26 -0600] "GET /wp-content/themes/jannah/assets/ilightbox/dark-skin/skin.css?ver=7.4.1 HTTP/1.1" 200 12018 "-" "Mozilla/5.0 (Linux; Android 10; K) AppleWebKit/537.36 (KHTML, like Gecko) Chrome/150.0.0.0 Mobile Safari/537.36"
2.147.254.170 - - [02/Aug/2026:06:16:26 -0600] "GET /wp-content/themes/jannah/assets/css/plugins/shortcodes.min.css?ver=7.4.1 HTTP/1.1" 200 13196 "-" "Mozilla/5.0 (Linux; Android 10; K) AppleWebKit/537.36 (KHTML, like Gecko) Chrome/150.0.0.0 Mobile Safari/537.36"
2.147.254.170 - - [02/Aug/2026:06:16:26 -0600] "GET /wp-content/themes/jannah/assets/css/single.min.css?ver=7.4.1 HTTP/1.1" 200 46035 "-" "Mozilla/5.0 (Linux; Android 10; K) AppleWebKit/537.36 (KHTML, like Gecko) Chrome/150.0.0.0 Mobile Safari/537.36"
2.147.254.170 - - [02/Aug/2026:06:16:26 -0600] "GET /wp-content/themes/jannah/rtl.css?ver=7.0.2 HTTP/1.1" 200 38404 "-" "Mozilla/5.0 (Linux; Android 10; K) AppleWebKit/537.36 (KHTML, like Gecko) Chrome/150.0.0.0 Mobile Safari/537.36"
2.147.254.170 - - [02/Aug/2026:06:16:24 -0600] "GET /%D8%AC%D9%86%D8%B2%D8%AF%DA%AF%DB%8C-%DB%8C%D8%A7-%D8%A8%DB%8C%D9%85%D8%A7%D8%B1%DB%8C-%D8%B1%D9%88%D8%A7%D9%86%DB%8C/ HTTP/1.1" 200 230947 "https://www.google.com/" "Mozilla/5.0 (Linux; Android 10; K) AppleWebKit/537.36 (KHTML, like Gecko) Chrome/150.0.0.0 Mobile Safari/537.36"
2.147.254.170 - - [02/Aug/2026:06:16:29 -0600] "GET /wp-content/themes/jannah-child/style.css?ver=7.0.2 HTTP/1.1" 200 602 "https://ariapress.org/%D8%AC%D9%86%D8%B2%D8%AF%DA%AF%DB%8C-%DB%8C%D8%A7-%D8%A8%DB%8C%D9%85%D8%A7%D8%B1%DB%8C-%D8%B1%D9%88%D8%A7%D9%86%DB%8C/" "Mozilla/5.0 (Linux; Android 10; K) AppleWebKit/537.36 (KHTML, like Gecko) Chrome/150.0.0.0 Mobile Safari/537.36"
2.147.254.170 - - [02/Aug/2026:06:16:29 -0600] "GET /wp-includes/js/jquery/jquery.min.js?ver=3.7.1 HTTP/1.1" 200 87553 "https://ariapress.org/%D8%AC%D9%86%D8%B2%D8%AF%DA%AF%DB%8C-%DB%8C%D8%A7-%D8%A8%DB%8C%D9%85%D8%A7%D8%B1%DB%8C-%D8%B1%D9%88%D8%A7%D9%86%DB%8C/" "Mozilla/5.0 (Linux; Android 10; K) AppleWebKit/537.36 (KHTML, like Gecko) Chrome/150.0.0.0 Mobile Safari/537.36"
2.147.254.170 - - [02/Aug/2026:06:16:29 -0600] "GET /wp-includes/js/jquery/jquery-migrate.min.js?ver=3.4.1 HTTP/1.1" 200 13577 "https://ariapress.org/%D8%AC%D9%86%D8%B2%D8%AF%DA%AF%DB%8C-%DB%8C%D8%A7-%D8%A8%DB%8C%D9%85%D8%A7%D8%B1%DB%8C-%D8%B1%D9%88%D8%A7%D9%86%DB%8C/" "Mozilla/5.0 (Linux; Android 10; K) AppleWebKit/537.36 (KHTML, like Gecko) Chrome/150.0.0.0 Mobile Safari/537.36"
2.147.254.170 - - [02/Aug/2026:06:16:29 -0600] "GET /wp-content/plugins/url-shortify/lite/dist/scripts/url-shortify.js?ver=2.4.3 HTTP/1.1" 200 8072 "https://ariapress.org/%D8%AC%D9%86%D8%B2%D8%AF%DA%AF%DB%8C-%DB%8C%D8%A7-%D8%A8%DB%8C%D9%85%D8%A7%D8%B1%DB%8C-%D8%B1%D9%88%D8%A7%D9%86%DB%8C/" "Mozilla/5.0 (Linux; Android 10; K) AppleWebKit/537.36 (KHTML, like Gecko) Chrome/150.0.0.0 Mobile Safari/537.36"
2.147.254.170 - - [02/Aug/2026:06:16:29 -0600] "GET /wp-content/uploads/2022/08/15382311.jpg HTTP/1.1" 200 12661 "https://ariapress.org/%D8%AC%D9%86%D8%B2%D8%AF%DA%AF%DB%8C-%DB%8C%D8%A7-%D8%A8%DB%8C%D9%85%D8%A7%D8%B1%DB%8C-%D8%B1%D9%88%D8%A7%D9%86%DB%8C/" "Mozilla/5.0 (Linux; Android 10; K) AppleWebKit/537.36 (KHTML, like Gecko) Chrome/150.0.0.0 Mobile Safari/537.36"
2.147.254.170 - - [02/Aug/2026:06:16:30 -0600] "GET /wp-content/uploads/2022/03/logo-slagon.svg HTTP/1.1" 200 35342 "https://ariapress.org/%D8%AC%D9%86%D8%B2%D8%AF%DA%AF%DB%8C-%DB%8C%D8%A7-%D8%A8%DB%8C%D9%85%D8%A7%D8%B1%DB%8C-%D8%B1%D9%88%D8%A7%D9%86%DB%8C/" "Mozilla/5.0 (Linux; Android 10; K) AppleWebKit/537.36 (KHTML, like Gecko) Chrome/150.0.0.0 Mobile Safari/537.36"
2.147.254.170 - - [02/Aug/2026:06:16:30 -0600] "GET /wp-content/uploads/2023/02/Screenshot-2023-02-18-232327-390x220.jpg HTTP/1.1" 200 8961 "https://ariapress.org/%D8%AC%D9%86%D8%B2%D8%AF%DA%AF%DB%8C-%DB%8C%D8%A7-%D8%A8%DB%8C%D9%85%D8%A7%D8%B1%DB%8C-%D8%B1%D9%88%D8%A7%D9%86%DB%8C/" "Mozilla/5.0 (Linux; Android 10; K) AppleWebKit/537.36 (KHTML, like Gecko) Chrome/150.0.0.0 Mobile Safari/537.36"
2.147.254.170 - - [02/Aug/2026:06:16:30 -0600] "GET /wp-content/themes/jannah/assets/js/shortcodes.js?ver=7.4.1 HTTP/1.1" 200 11184 "https://ariapress.org/%D8%AC%D9%86%D8%B2%D8%AF%DA%AF%DB%8C-%DB%8C%D8%A7-%D8%A8%DB%8C%D9%85%D8%A7%D8%B1%DB%8C-%D8%B1%D9%88%D8%A7%D9%86%DB%8C/" "Mozilla/5.0 (Linux; Android 10; K) AppleWebKit/537.36 (KHTML, like Gecko) Chrome/150.0.0.0 Mobile Safari/537.36"
2.147.254.170 - - [02/Aug/2026:06:16:30 -0600] "GET /wp-content/themes/jannah/assets/ilightbox/lightbox.js?ver=7.4.1 HTTP/1.1" 200 81460 "https://ariapress.org/%D8%AC%D9%86%D8%B2%D8%AF%DA%AF%DB%8C-%DB%8C%D8%A7-%D8%A8%DB%8C%D9%85%D8%A7%D8%B1%DB%8C-%D8%B1%D9%88%D8%A7%D9%86%DB%8C/" "Mozilla/5.0 (Linux; Android 10; K) AppleWebKit/537.36 (KHTML, like Gecko) Chrome/150.0.0.0 Mobile Safari/537.36"
2.147.254.170 - - [02/Aug/2026:06:16:30 -0600] "GET /wp-content/themes/jannah/assets/js/sliders.min.js?ver=7.4.1 HTTP/1.1" 200 49319 "https://ariapress.org/%D8%AC%D9%86%D8%B2%D8%AF%DA%AF%DB%8C-%DB%8C%D8%A7-%D8%A8%DB%8C%D9%85%D8%A7%D8%B1%DB%8C-%D8%B1%D9%88%D8%A7%D9%86%DB%8C/" "Mozilla/5.0 (Linux; Android 10; K) AppleWebKit/537.36 (KHTML, like Gecko) Chrome/150.0.0.0 Mobile Safari/537.36"
2.147.254.170 - - [02/Aug/2026:06:16:30 -0600] "GET /wp-content/themes/jannah/assets/js/scripts.min.js?ver=7.4.1 HTTP/1.1" 200 23658 "https://ariapress.org/%D8%AC%D9%86%D8%B2%D8%AF%DA%AF%DB%8C-%DB%8C%D8%A7-%D8%A8%DB%8C%D9%85%D8%A7%D8%B1%DB%8C-%D8%B1%D9%88%D8%A7%D9%86%DB%8C/" "Mozilla/5.0 (Linux; Android 10; K) AppleWebKit/537.36 (KHTML, like Gecko) Chrome/150.0.0.0 Mobile Safari/537.36"
2.147.254.170 - - [02/Aug/2026:06:16:30 -0600] "GET /wp-content/uploads/2022/03/Sahel-FD.woff2 HTTP/1.1" 200 34460 "https://ariapress.org/%D8%AC%D9%86%D8%B2%D8%AF%DA%AF%DB%8C-%DB%8C%D8%A7-%D8%A8%DB%8C%D9%85%D8%A7%D8%B1%DB%8C-%D8%B1%D9%88%D8%A7%D9%86%DB%8C/" "Mozilla/5.0 (Linux; Android 10; K) AppleWebKit/537.36 (KHTML, like Gecko) Chrome/150.0.0.0 Mobile Safari/537.36"
2.147.254.170 - - [02/Aug/2026:06:16:30 -0600] "GET /wp-content/themes/jannah/assets/fonts/tielabs-fonticon/tielabs-fonticon.woff2?ciufdj1 HTTP/1.1" 200 20752 "https://ariapress.org/wp-content/themes/jannah/assets/css/helpers.min.css?ver=7.4.1" "Mozilla/5.0 (Linux; Android 10; K) AppleWebKit/537.36 (KHTML, like Gecko) Chrome/150.0.0.0 Mobile Safari/537.36"
2.147.254.170 - - [02/Aug/2026:06:16:31 -0600] "GET /wp-content/themes/jannah/assets/js/single.min.js?ver=7.4.1 HTTP/1.1" 200 5512 "https://ariapress.org/%D8%AC%D9%86%D8%B2%D8%AF%DA%AF%DB%8C-%DB%8C%D8%A7-%D8%A8%DB%8C%D9%85%D8%A7%D8%B1%DB%8C-%D8%B1%D9%88%D8%A7%D9%86%DB%8C/" "Mozilla/5.0 (Linux; Android 10; K) AppleWebKit/537.36 (KHTML, like Gecko) Chrome/150.0.0.0 Mobile Safari/537.36"
2.147.254.170 - - [02/Aug/2026:06:16:31 -0600] "GET /wp-content/uploads/2022/06/Untitled-390x220.jpg HTTP/1.1" 200 23111 "https://ariapress.org/%D8%AC%D9%86%D8%B2%D8%AF%DA%AF%DB%8C-%DB%8C%D8%A7-%D8%A8%DB%8C%D9%85%D8%A7%D8%B1%DB%8C-%D8%B1%D9%88%D8%A7%D9%86%DB%8C/" "Mozilla/5.0 (Linux; Android 10; K) AppleWebKit/537.36 (KHTML, like Gecko) Chrome/150.0.0.0 Mobile Safari/537.36"
2.147.254.170 - - [02/Aug/2026:06:16:31 -0600] "GET /wp-content/uploads/2023/09/10373-390x220.jpg HTTP/1.1" 200 6780 "https://ariapress.org/%D8%AC%D9%86%D8%B2%D8%AF%DA%AF%DB%8C-%DB%8C%D8%A7-%D8%A8%DB%8C%D9%85%D8%A7%D8%B1%DB%8C-%D8%B1%D9%88%D8%A7%D9%86%DB%8C/" "Mozilla/5.0 (Linux; Android 10; K) AppleWebKit/537.36 (KHTML, like Gecko) Chrome/150.0.0.0 Mobile Safari/537.36"
2.147.254.170 - - [02/Aug/2026:06:16:31 -0600] "GET /wp-content/uploads/2023/02/Aghl1-390x220.jpg HTTP/1.1" 200 12001 "https://ariapress.org/%D8%AC%D9%86%D8%B2%D8%AF%DA%AF%DB%8C-%DB%8C%D8%A7-%D8%A8%DB%8C%D9%85%D8%A7%D8%B1%DB%8C-%D8%B1%D9%88%D8%A7%D9%86%DB%8C/" "Mozilla/5.0 (Linux; Android 10; K) AppleWebKit/537.36 (KHTML, like Gecko) Chrome/150.0.0.0 Mobile Safari/537.36"
2.147.254.170 - - [02/Aug/2026:06:16:31 -0600] "GET /wp-content/uploads/2022/12/satellite-image-of-afghanistan-390x220.jpg HTTP/1.1" 200 36799 "https://ariapress.org/%D8%AC%D9%86%D8%B2%D8%AF%DA%AF%DB%8C-%DB%8C%D8%A7-%D8%A8%DB%8C%D9%85%D8%A7%D8%B1%DB%8C-%D8%B1%D9%88%D8%A7%D9%86%DB%8C/" "Mozilla/5.0 (Linux; Android 10; K) AppleWebKit/537.36 (KHTML, like Gecko) Chrome/150.0.0.0 Mobile Safari/537.36"
2.147.254.170 - - [02/Aug/2026:06:16:31 -0600] "GET /wp-content/uploads/2024/10/women-protest-390x220.jpg HTTP/1.1" 200 27479 "https://ariapress.org/%D8%AC%D9%86%D8%B2%D8%AF%DA%AF%DB%8C-%DB%8C%D8%A7-%D8%A8%DB%8C%D9%85%D8%A7%D8%B1%DB%8C-%D8%B1%D9%88%D8%A7%D9%86%DB%8C/" "Mozilla/5.0 (Linux; Android 10; K) AppleWebKit/537.36 (KHTML, like Gecko) Chrome/150.0.0.0 Mobile Safari/537.36"
2.147.254.170 - - [02/Aug/2026:06:16:31 -0600] "GET /wp-content/uploads/2024/07/UN-390x220.jpg HTTP/1.1" 200 27802 "https://ariapress.org/%D8%AC%D9%86%D8%B2%D8%AF%DA%AF%DB%8C-%DB%8C%D8%A7-%D8%A8%DB%8C%D9%85%D8%A7%D8%B1%DB%8C-%D8%B1%D9%88%D8%A7%D9%86%DB%8C/" "Mozilla/5.0 (Linux; Android 10; K) AppleWebKit/537.36 (KHTML, like Gecko) Chrome/150.0.0.0 Mobile Safari/537.36"
2.147.254.170 - - [02/Aug/2026:06:16:31 -0600] "GET /wp-content/plugins/bluehost-wordpress-plugin/vendor/newfold-labs/wp-module-performance/build/assets/link-prefetch.min.js?ver=4.18.0 HTTP/1.1" 200 2736 "https://ariapress.org/%D8%AC%D9%86%D8%B2%D8%AF%DA%AF%DB%8C-%DB%8C%D8%A7-%D8%A8%DB%8C%D9%85%D8%A7%D8%B1%DB%8C-%D8%B1%D9%88%D8%A7%D9%86%DB%8C/" "Mozilla/5.0 (Linux; Android 10; K) AppleWebKit/537.36 (KHTML, like Gecko) Chrome/150.0.0.0 Mobile Safari/537.36"
2.147.254.170 - - [02/Aug/2026:06:16:31 -0600] "GET /wp-includes/js/comment-reply.min.js?ver=7.0.2 HTTP/1.1" 200 3026 "https://ariapress.org/%D8%AC%D9%86%D8%B2%D8%AF%DA%AF%DB%8C-%DB%8C%D8%A7-%D8%A8%DB%8C%D9%85%D8%A7%D8%B1%DB%8C-%D8%B1%D9%88%D8%A7%D9%86%DB%8C/" "Mozilla/5.0 (Linux; Android 10; K) AppleWebKit/537.36 (KHTML, like Gecko) Chrome/150.0.0.0 Mobile Safari/537.36"
2.147.254.170 - - [02/Aug/2026:06:16:31 -0600] "GET /wp-content/uploads/2024/10/WhatsApp-Image-2024-10-02-at-13.13.57_073a6231-390x220.jpg HTTP/1.1" 200 30069 "https://ariapress.org/%D8%AC%D9%86%D8%B2%D8%AF%DA%AF%DB%8C-%DB%8C%D8%A7-%D8%A8%DB%8C%D9%85%D8%A7%D8%B1%DB%8C-%D8%B1%D9%88%D8%A7%D9%86%DB%8C/" "Mozilla/5.0 (Linux; Android 10; K) AppleWebKit/537.36 (KHTML, like Gecko) Chrome/150.0.0.0 Mobile Safari/537.36"
2.147.254.170 - - [02/Aug/2026:06:16:31 -0600] "GET /wp-content/themes/jannah/assets/css/print.css?ver=7.4.1 HTTP/1.1" 200 1848 "https://ariapress.org/%D8%AC%D9%86%D8%B2%D8%AF%DA%AF%DB%8C-%DB%8C%D8%A7-%D8%A8%DB%8C%D9%85%D8%A7%D8%B1%DB%8C-%D8%B1%D9%88%D8%A7%D9%86%DB%8C/" "Mozilla/5.0 (Linux; Android 10; K) AppleWebKit/537.36 (KHTML, like Gecko) Chrome/150.0.0.0 Mobile Safari/537.36"
2.147.254.170 - - [02/Aug/2026:06:16:31 -0600] "GET /wp-content/themes/jannah/assets/images/code-bg.png HTTP/1.1" 200 77 "https://ariapress.org/wp-content/themes/jannah/assets/css/style.min.css?ver=7.4.1" "Mozilla/5.0 (Linux; Android 10; K) AppleWebKit/537.36 (KHTML, like Gecko) Chrome/150.0.0.0 Mobile Safari/537.36"
2.147.254.170 - - [02/Aug/2026:06:16:32 -0600] "GET /wp-includes/js/wp-emoji-release.min.js?ver=7.0.2 HTTP/1.1" 200 22752 "https://ariapress.org/%D8%AC%D9%86%D8%B2%D8%AF%DA%AF%DB%8C-%DB%8C%D8%A7-%D8%A8%DB%8C%D9%85%D8%A7%D8%B1%DB%8C-%D8%B1%D9%88%D8%A7%D9%86%DB%8C/" "Mozilla/5.0 (Linux; Android 10; K) AppleWebKit/537.36 (KHTML, like Gecko) Chrome/150.0.0.0 Mobile Safari/537.36"
2.147.254.170 - - [02/Aug/2026:06:16:32 -0600] "GET /wp-content/uploads/2022/09/cropped-android-chrome-512x512-1-192x192.png HTTP/1.1" 200 12034 "https://ariapress.org/%D8%AC%D9%86%D8%B2%D8%AF%DA%AF%DB%8C-%DB%8C%D8%A7-%D8%A8%DB%8C%D9%85%D8%A7%D8%B1%DB%8C-%D8%B1%D9%88%D8%A7%D9%86%DB%8C/" "Mozilla/5.0 (Linux; Android 10; K) AppleWebKit/537.36 (KHTML, like Gecko) Chrome/150.0.0.0 Mobile Safari/537.36"
2.147.254.170 - - [02/Aug/2026:06:16:32 -0600] "GET /wp-content/uploads/2022/09/cropped-android-chrome-512x512-1-180x180.png HTTP/1.1" 200 11151 "https://ariapress.org/%D8%AC%D9%86%D8%B2%D8%AF%DA%AF%DB%8C-%DB%8C%D8%A7-%D8%A8%DB%8C%D9%85%D8%A7%D8%B1%DB%8C-%D8%B1%D9%88%D8%A7%D9%86%DB%8C/" "Mozilla/5.0 (Linux; Android 10; K) AppleWebKit/537.36 (KHTML, like Gecko) Chrome/150.0.0.0 Mobile Safari/537.36"
104.165.210.216 - - [02/Aug/2026:06:16:32 -0600] "GET /%d8%ac%d8%b2%db%8c%db%8c%d8%a7%d8%aa%db%8c-%d8%af%d8%b1-%d8%a8%d8%a7%d8%a8-%d9%86%d8%a7%d9%85%db%80-%d8%a7%d9%81%d8%b4%d8%a7-%d8%b4%d8%af%d9%87/ HTTP/1.1" 200 219056 "-" "Mozilla/5.0 (Macintosh; Intel Mac OS X 10_15_7) AppleWebKit/537.36 (KHTML, like Gecko) Chrome/148.0.0.0 Safari/537.36"
2.147.254.170 - - [02/Aug/2026:06:16:33 -0600] "GET / HTTP/1.1" 200 203999 "https://ariapress.org/%D8%AC%D9%86%D8%B2%D8%AF%DA%AF%DB%8C-%DB%8C%D8%A7-%D8%A8%DB%8C%D9%85%D8%A7%D8%B1%DB%8C-%D8%B1%D9%88%D8%A7%D9%86%DB%8C/" "Mozilla/5.0 (Linux; Android 10; K) AppleWebKit/537.36 (KHTML, like Gecko) Chrome/150.0.0.0 Mobile Safari/537.36"
2.147.254.170 - - [02/Aug/2026:06:17:20 -0600] "GET /tag/%d8%a7%d8%ae%d8%aa%d9%84%d8%a7%d9%84-%d8%b1%d9%88%d8%a7%d9%86%db%8c/ HTTP/1.1" 200 126648 "https://ariapress.org/%D8%AC%D9%86%D8%B2%D8%AF%DA%AF%DB%8C-%DB%8C%D8%A7-%D8%A8%DB%8C%D9%85%D8%A7%D8%B1%DB%8C-%D8%B1%D9%88%D8%A7%D9%86%DB%8C/" "Mozilla/5.0 (Linux; Android 10; K) AppleWebKit/537.36 (KHTML, like Gecko) Chrome/150.0.0.0 Mobile Safari/537.36"
2.147.254.170 - - [02/Aug/2026:06:17:20 -0600] "GET /tag/%d8%a8%db%8c%d9%85%d8%a7%d8%b1-%d8%b1%d9%88%d8%a7%d9%86%db%8c/ HTTP/1.1" 200 122872 "https://ariapress.org/%D8%AC%D9%86%D8%B2%D8%AF%DA%AF%DB%8C-%DB%8C%D8%A7-%D8%A8%DB%8C%D9%85%D8%A7%D8%B1%DB%8C-%D8%B1%D9%88%D8%A7%D9%86%DB%8C/" "Mozilla/5.0 (Linux; Android 10; K) AppleWebKit/537.36 (KHTML, like Gecko) Chrome/150.0.0.0 Mobile Safari/537.36"
2.147.254.170 - - [02/Aug/2026:06:17:20 -0600] "GET /tag/%d8%ac%d9%86-%d8%b2%d8%af%da%af%db%8c/ HTTP/1.1" 200 139248 "https://ariapress.org/%D8%AC%D9%86%D8%B2%D8%AF%DA%AF%DB%8C-%DB%8C%D8%A7-%D8%A8%DB%8C%D9%85%D8%A7%D8%B1%DB%8C-%D8%B1%D9%88%D8%A7%D9%86%DB%8C/" "Mozilla/5.0 (Linux; Android 10; K) AppleWebKit/537.36 (KHTML, like Gecko) Chrome/150.0.0.0 Mobile Safari/537.36"
2.147.254.170 - - [02/Aug/2026:06:17:20 -0600] "GET /tag/%d8%b1%d9%88%d8%a7%d9%86%d8%b4%d9%86%d8%a7%d8%b3%db%8c/ HTTP/1.1" 200 139248 "https://ariapress.org/%D8%AC%D9%86%D8%B2%D8%AF%DA%AF%DB%8C-%DB%8C%D8%A7-%D8%A8%DB%8C%D9%85%D8%A7%D8%B1%DB%8C-%D8%B1%D9%88%D8%A7%D9%86%DB%8C/" "Mozilla/5.0 (Linux; Android 10; K) AppleWebKit/537.36 (KHTML, like Gecko) Chrome/150.0.0.0 Mobile Safari/537.36"
2.147.254.170 - - [02/Aug/2026:06:17:20 -0600] "GET /%d8%b4%d8%ac%d8%a7%d8%b9%d8%aa-%da%af%d8%b1%db%8c%d8%b2-%d8%b1%d8%a7-%d8%af%d8%a7%d8%b4%d8%aa%d9%87-%d8%a8%d8%a7%d8%b4/ HTTP/1.1" 200 139248 "https://ariapress.org/%D8%AC%D9%86%D8%B2%D8%AF%DA%AF%DB%8C-%DB%8C%D8%A7-%D8%A8%DB%8C%D9%85%D8%A7%D8%B1%DB%8C-%D8%B1%D9%88%D8%A7%D9%86%DB%8C/" "Mozilla/5.0 (Linux; Android 10; K) AppleWebKit/537.36 (KHTML, like Gecko) Chrome/150.0.0.0 Mobile Safari/537.36"
2.147.254.170 - - [02/Aug/2026:06:17:20 -0600] "GET /%da%86%d8%b1%d8%a7-%d8%af%d8%b1-%da%a9%d8%b4%d9%88%d8%b1%db%8c-%d8%a8%d9%87-%d8%a7%d8%b3%d9%85-%d8%a7%d9%81%d8%ba%d8%a7%d9%86%d8%b3%d8%aa%d8%a7%d9%86-%d9%85%d8%af%d8%b1%d9%86%db%8c%d8%aa%d9%87/ HTTP/1.1" 200 139248 "https://ariapress.org/%D8%AC%D9%86%D8%B2%D8%AF%DA%AF%DB%8C-%DB%8C%D8%A7-%D8%A8%DB%8C%D9%85%D8%A7%D8%B1%DB%8C-%D8%B1%D9%88%D8%A7%D9%86%DB%8C/" "Mozilla/5.0 (Linux; Android 10; K) AppleWebKit/537.36 (KHTML, like Gecko) Chrome/150.0.0.0 Mobile Safari/537.36"
162.240.68.55 - - [02/Aug/2026:06:17:40 -0600] "POST /wp-cron.php?doing_wp_cron=1785673060.7221500873565673828125 HTTP/1.1" 200 - "-" "WordPress/7.0.2; https://ariapress.org"
35.86.154.181 - - [02/Aug/2026:06:17:37 -0600] "GET / HTTP/1.1" 200 204262 "-" "Mozilla/5.0 (X11; Ubuntu; Linux x86_64; rv:80.0) Gecko/20100101 Firefox/80.0"
167.114.139.231 - - [02/Aug/2026:06:17:42 -0600] "GET /sitemap.rss HTTP/1.1" 200 20998 "-" "Mozilla/5.0 (compatible; AhrefsBot/7.0; +http://ahrefs.com/robot/)"
162.240.68.55 - - [02/Aug/2026:06:18:59 -0600] "POST /wp-cron.php?doing_wp_cron=1785673139.6182980537414550781250 HTTP/1.1" 200 - "-" "WordPress/7.0.2; https://ariapress.org"
70.153.76.27 - - [02/Aug/2026:06:18:54 -0600] "GET /%D8%B0%DA%A9%D8%B1-%D8%A7%D9%81%D8%BA%D8%A7%D9%86-%D8%AF%D8%B1-%D8%A2%D8%AB%D8%A7%D8%B1-%D8%A8%D8%A7%D8%B2%D9%85%D8%A7%D9%86%D8%AF%D9%87-%D8%A7%D8%B2-%D8%AF%D8%B3%D8%AA%D8%A8%D8%B1%D8%AF/ HTTP/1.1" 200 781138 "-" "Mozilla/5.0 AppleWebKit/537.36 (KHTML, like Gecko); compatible; ChatGPT-User/1.0; +https://openai.com/bot"
162.240.68.55 - - [02/Aug/2026:06:19:44 -0600] "POST /wp-cron.php?doing_wp_cron=1785673184.0577020645141601562500 HTTP/1.1" 200 - "-" "WordPress/7.0.2; https://ariapress.org"
